mysqldump: Deprecated program name. It will be removed in a future release, use '/usr/bin/mariadb-dump' instead
--
-- Host: localhost    Database: sajsbs_sajad2
-- ------------------------------------------------------


--
-- Table structure for table `chats`
--

CREATE TABLE `chats` (
  `id` int(255) NOT NULL AUTO_INCREMENT,
  `user_id` bigint(10) NOT NULL,
  `create_date` int(255) NOT NULL,
  `title` varchar(1000) CHARACTER SET utf8mb4 COLLATE utf8mb4_bin NOT NULL,
  `category` varchar(1000) CHARACTER SET utf8mb4 COLLATE utf8mb4_bin NOT NULL,
  `state` int(5) NOT NULL,
  `rate` int(5) NOT NULL,
  PRIMARY KEY (`id`)
) ENGINE=InnoDB DEFAULT CHARSET=latin1 COLLATE=latin1_swedish_ci;

--
-- Dumping data for table `chats`
--


--
-- Table structure for table `chats_info`
--

CREATE TABLE `chats_info` (
  `id` int(255) NOT NULL AUTO_INCREMENT,
  `chat_id` int(255) NOT NULL,
  `sent_date` int(255) NOT NULL,
  `msg_type` varchar(50) DEFAULT NULL,
  `text` varchar(2000) CHARACTER SET utf8mb4 COLLATE utf8mb4_bin NOT NULL,
  PRIMARY KEY (`id`)
) ENGINE=InnoDB DEFAULT CHARSET=latin1 COLLATE=latin1_swedish_ci;

--
-- Dumping data for table `chats_info`
--


--
-- Table structure for table `discounts`
--

CREATE TABLE `discounts` (
  `id` int(255) NOT NULL AUTO_INCREMENT,
  `hash_id` varchar(100) NOT NULL,
  `type` varchar(10) NOT NULL,
  `amount` int(255) NOT NULL,
  `expire_date` int(255) NOT NULL,
  `expire_count` int(255) NOT NULL,
  `used_by` text DEFAULT NULL,
  `can_use` int(255) NOT NULL DEFAULT 1,
  PRIMARY KEY (`id`)
) ENGINE=InnoDB DEFAULT CHARSET=latin1 COLLATE=latin1_swedish_ci;

--
-- Dumping data for table `discounts`
--


--
-- Table structure for table `gift_list`
--

CREATE TABLE `gift_list` (
  `id` int(255) NOT NULL AUTO_INCREMENT,
  `server_id` int(255) NOT NULL,
  `volume` int(255) NOT NULL,
  `day` int(255) NOT NULL,
  `offset` int(255) DEFAULT 0,
  `server_offset` int(255) NOT NULL DEFAULT 0,
  PRIMARY KEY (`id`)
) ENGINE=InnoDB DEFAULT CHARSET=latin1 COLLATE=latin1_swedish_ci;

--
-- Dumping data for table `gift_list`
--


--
-- Table structure for table `increase_day`
--

CREATE TABLE `increase_day` (
  `id` int(255) NOT NULL AUTO_INCREMENT,
  `volume` float NOT NULL,
  `price` int(255) NOT NULL,
  PRIMARY KEY (`id`)
) ENGINE=InnoDB DEFAULT CHARSET=latin1 COLLATE=latin1_swedish_ci;

--
-- Dumping data for table `increase_day`
--


--
-- Table structure for table `increase_order`
--

CREATE TABLE `increase_order` (
  `id` int(255) NOT NULL AUTO_INCREMENT,
  `userid` varchar(30) NOT NULL,
  `server_id` int(255) NOT NULL,
  `inbound_id` int(255) NOT NULL,
  `remark` varchar(100) NOT NULL,
  `amount` int(255) NOT NULL,
  `date` varchar(30) NOT NULL,
  PRIMARY KEY (`id`)
) ENGINE=InnoDB DEFAULT CHARSET=latin1 COLLATE=latin1_swedish_ci;

--
-- Dumping data for table `increase_order`
--


--
-- Table structure for table `increase_plan`
--

CREATE TABLE `increase_plan` (
  `id` int(255) NOT NULL AUTO_INCREMENT,
  `volume` float NOT NULL,
  `price` int(255) NOT NULL,
  PRIMARY KEY (`id`)
) ENGINE=InnoDB DEFAULT CHARSET=latin1 COLLATE=latin1_swedish_ci;

--
-- Dumping data for table `increase_plan`
--


--
-- Table structure for table `needed_sofwares`
--

CREATE TABLE `needed_sofwares` (
  `id` int(255) NOT NULL AUTO_INCREMENT,
  `title` varchar(100) CHARACTER SET utf8mb3 COLLATE utf8mb3_persian_ci NOT NULL,
  `link` varchar(250) NOT NULL,
  `status` int(11) NOT NULL DEFAULT 1,
  PRIMARY KEY (`id`)
) ENGINE=InnoDB AUTO_INCREMENT=9 DEFAULT CHARSET=latin1 COLLATE=latin1_swedish_ci;

--
-- Dumping data for table `needed_sofwares`
--

INSERT INTO `needed_sofwares` VALUES
(1,'ios fair-vpn','https://apps.apple.com/us/app/fair-vpn/id1533873488',1),
(2,'ios napsternetv','https://apps.apple.com/us/app/napsternetv/id1629465476',1),
(3,'ios oneclick','https://apps.apple.com/us/app/id1545555197',1),
(4,'android v2rayng','https://play.google.com/store/apps/details?id=com.v2ray.ang&hl=en&gl=US',1),
(5,'android sagernet','https://play.google.com/store/apps/details?id=io.nekohasekai.sagernet&hl=de&gl=US',1),
(6,'android onclick','https://play.google.com/store/apps/details?id=earth.oneclick',1),
(7,'windows v2rayng','https://google.com',1),
(8,'mac fair','https://apps.apple.com/us/app/fair-vpn/id1533873488',1);

--
-- Table structure for table `pays`
--

CREATE TABLE `pays` (
  `id` int(255) NOT NULL AUTO_INCREMENT,
  `hash_id` varchar(1000) NOT NULL,
  `description` varchar(5000) CHARACTER SET utf8mb4 COLLATE utf8mb4_bin DEFAULT NULL,
  `payid` varchar(500) DEFAULT NULL,
  `user_id` bigint(10) NOT NULL,
  `type` varchar(100) DEFAULT NULL,
  `plan_id` int(255) DEFAULT NULL,
  `volume` int(255) DEFAULT NULL,
  `day` int(255) DEFAULT NULL,
  `price` int(255) NOT NULL,
  `request_date` int(255) NOT NULL,
  `state` varchar(255) NOT NULL,
  `agent_bought` int(1) NOT NULL DEFAULT 0,
  `agent_count` int(255) NOT NULL DEFAULT 0,
  PRIMARY KEY (`id`)
) ENGINE=InnoDB AUTO_INCREMENT=78 DEFAULT CHARSET=latin1 COLLATE=latin1_swedish_ci;

--
-- Dumping data for table `pays`
--

INSERT INTO `pays` VALUES
(24,'UdBHbIJhV',NULL,NULL,676807927,'INCREASE_WALLET',0,0,0,500000,1769853613,'approved',0,0),
(25,'sk39nCQKL','',NULL,676807927,'BUY_SUB',3,0,0,104000,1769853655,'paid_with_wallet',0,0),
(26,'I4gIbqdM5','',NULL,676807927,'BUY_SUB',1,0,0,44000,1769853741,'paid_with_wallet',0,0),
(27,'ApJCz4MiP','',NULL,676807927,'BUY_SUB',1,0,0,44000,1769854187,'paid_with_wallet',0,0),
(29,'JFUD2ds3t',NULL,NULL,586924831,'INCREASE_WALLET',0,0,0,5000000,1769854326,'pending',0,0),
(48,'GfnfRhMVb',NULL,NULL,6741341108,'INCREASE_WALLET',0,0,0,2000000,1769940977,'declined',0,0),
(49,'d5xVd21ye',NULL,NULL,676807927,'INCREASE_WALLET',0,0,0,500000,1769941214,'declined',0,0),
(50,'NTZrWFUZr',NULL,NULL,6741341108,'INCREASE_WALLET',0,0,0,5000000,1769941639,'declined',0,0),
(51,'aviLyfGWl',NULL,NULL,6741341108,'INCREASE_WALLET',0,0,0,500000,1769941778,'approved',0,0),
(52,'xPQ6fXeqj','',NULL,6741341108,'BUY_SUB',3,0,0,104000,1769941818,'paid_with_wallet',0,0),
(54,'vpGOsXbrw','',NULL,6913394608,'BUY_SUB',1,0,0,44000,1769963809,'pending',0,0),
(55,'fauPZnlZB',NULL,NULL,6812703261,'INCREASE_WALLET',0,0,0,500000,1770015844,'approved',0,0),
(56,'hXro8Tujk','',NULL,6812703261,'BUY_SUB',3,0,0,104000,1770020038,'paid_with_wallet',0,0),
(58,'iKgpc7KSG','',NULL,5096378711,'BUY_SUB',1,0,0,44000,1770038569,'pending',0,0),
(59,'o7b4B3K2z','',NULL,6741341108,'BUY_SUB',3,0,0,104000,1770045681,'paid_with_wallet',0,0),
(60,'5PCmXM6yi','',NULL,6741341108,'BUY_SUB',3,0,0,104000,1770047088,'paid_with_wallet',0,0),
(62,'VyC9A5vzz',NULL,NULL,7916362741,'INCREASE_WALLET',0,0,0,500000,1770113255,'declined',0,0),
(63,'Tp6nJwWxm','',NULL,6741341108,'BUY_SUB',3,0,0,104000,1770115227,'paid_with_wallet',0,0),
(64,'LZDvheST4',NULL,NULL,6741341108,'INCREASE_WALLET',0,0,0,500000,1770126856,'approved',0,0),
(65,'cIWQaDAuR','',NULL,6741341108,'BUY_SUB',3,0,0,104000,1770128954,'paid_with_wallet',0,0),
(66,'pohoT5IID','',NULL,5075427069,'BUY_SUB',1,0,0,44000,1770218770,'pending',0,0),
(68,'6esztsH3I',NULL,NULL,6741341108,'INCREASE_WALLET',0,0,0,500000,1770232392,'declined',0,0),
(69,'eMX8m6amj',NULL,NULL,6741341108,'INCREASE_WALLET',0,0,0,500000,1770234711,'approved',0,0),
(71,'yFh5lQoR5','',NULL,7203756398,'BUY_SUB',1,0,0,44000,1770286326,'pending',0,0),
(72,'cFTJ2ZOV1','',NULL,6812703261,'BUY_SUB',3,0,0,104000,1770405862,'paid_with_wallet',0,0),
(73,'tvMhn2fhF','',NULL,6741341108,'BUY_SUB',3,0,0,104000,1770896007,'paid_with_wallet',0,0),
(75,'xmOYj7YpN','',NULL,676807927,'BUY_SUB',1,0,0,44000,1771022259,'paid_with_wallet',0,0),
(76,'E8DqVtplu','',NULL,6741341108,'BUY_SUB',3,0,0,104000,1771058817,'pending',0,0),
(77,'PxY8K6oD9','',NULL,5566961640,'BUY_SUB',4,0,0,152000,1771085409,'pending',0,0);

--
-- Table structure for table `server_categories`
--

CREATE TABLE `server_categories` (
  `id` int(11) NOT NULL AUTO_INCREMENT,
  `server_id` varchar(20) NOT NULL,
  `title` varchar(50) NOT NULL,
  `parent` int(11) NOT NULL DEFAULT 0,
  `step` int(11) NOT NULL,
  `active` int(11) NOT NULL DEFAULT 0,
  PRIMARY KEY (`id`)
) ENGINE=MyISAM AUTO_INCREMENT=3 DEFAULT CHARSET=utf8mb4 COLLATE=utf8mb4_persian_ci;

--
-- Dumping data for table `server_categories`
--

INSERT INTO `server_categories` VALUES
(1,'0','🔷 اشتراک های یک ماهه 🔷',0,4,1);

--
-- Table structure for table `server_info`
--

CREATE TABLE `server_info` (
  `id` int(11) NOT NULL AUTO_INCREMENT,
  `title` varchar(200) CHARACTER SET utf8mb4 COLLATE utf8mb4_bin NOT NULL,
  `ucount` varchar(20) CHARACTER SET latin1 COLLATE latin1_swedish_ci NOT NULL,
  `remark` varchar(100) NOT NULL,
  `flag` varchar(100) NOT NULL,
  `active` int(11) NOT NULL DEFAULT 0,
  `state` int(255) NOT NULL DEFAULT 1,
  PRIMARY KEY (`id`)
) ENGINE=MyISAM AUTO_INCREMENT=2 DEFAULT CHARSET=utf8mb4 COLLATE=utf8mb4_persian_ci;

--
-- Dumping data for table `server_info`
--

INSERT INTO `server_info` VALUES
(1,'لوکیشن آلمان','1000','germani','🇩🇪',1,1);

--
-- Table structure for table `server_plans`
--

CREATE TABLE `server_plans` (
  `id` int(11) NOT NULL AUTO_INCREMENT,
  `fileid` varchar(250) NOT NULL,
  `catid` int(11) NOT NULL,
  `server_id` int(11) NOT NULL,
  `inbound_id` int(11) NOT NULL DEFAULT 0,
  `acount` bigint(20) NOT NULL,
  `limitip` int(11) NOT NULL DEFAULT 1,
  `title` varchar(150) NOT NULL,
  `protocol` varchar(100) NOT NULL,
  `days` float NOT NULL,
  `volume` float NOT NULL,
  `type` varchar(50) NOT NULL,
  `price` int(11) NOT NULL,
  `descr` text NOT NULL,
  `pic` varchar(100) NOT NULL,
  `active` int(11) NOT NULL DEFAULT 0,
  `step` int(11) NOT NULL,
  `date` varchar(50) NOT NULL,
  `rahgozar` int(10) DEFAULT 0,
  `dest` varchar(1000) CHARACTER SET utf8mb4 COLLATE utf8mb4_bin DEFAULT NULL,
  `serverNames` text CHARACTER SET utf8mb4 COLLATE utf8mb4_bin DEFAULT NULL,
  `spiderX` varchar(500) DEFAULT NULL,
  `flow` varchar(50) NOT NULL DEFAULT 'None',
  `custom_path` int(10) DEFAULT 1,
  `custom_port` int(255) NOT NULL DEFAULT 0,
  `custom_sni` varchar(500) DEFAULT NULL,
  PRIMARY KEY (`id`)
) ENGINE=MyISAM AUTO_INCREMENT=5 DEFAULT CHARSET=utf8mb4 COLLATE=utf8mb4_persian_ci;

--
-- Dumping data for table `server_plans`
--

INSERT INTO `server_plans` VALUES
(1,'',1,1,18,995,0,'حجم 10 گیگ','vless',30,10,'tcp',44000,'❌ در ربات همکاری، خرید فقط از طریق موجودی کیف پول امکان‌پذیر است.\nبنابراین ابتدا باید کیف پول خود را شارژ کنید.','',1,10,'1767801881',0,NULL,NULL,NULL,'None',1,0,NULL),
(2,'',1,1,18,1000,0,'حجم 20 گیگ','vless',30,20,'tcp',72000,'❌ در ربات همکاری، خرید فقط از طریق موجودی کیف پول امکان‌پذیر است.\nبنابراین ابتدا باید کیف پول خود را شارژ کنید.','',1,10,'1767802097',0,NULL,NULL,NULL,'None',1,0,NULL),
(3,'',1,1,18,991,0,'حجم 30 گیگ','vless',30,30,'tcp',104000,'❌ در ربات همکاری، خرید فقط از طریق موجودی کیف پول امکان‌پذیر است.\nبنابراین ابتدا باید کیف پول خود را شارژ کنید.','',1,10,'1767802178',0,NULL,NULL,NULL,'None',1,0,NULL),
(4,'',1,1,18,1000,0,'حجم 50 گیگ','vless',30,50,'tcp',152000,'❌ در ربات همکاری، خرید فقط از طریق موجودی کیف پول امکان‌پذیر است.\nبنابراین ابتدا باید کیف پول خود را شارژ کنید.','',1,10,'1767802228',0,NULL,NULL,NULL,'None',1,0,NULL);

--
-- Table structure for table `setting`
--

CREATE TABLE `setting` (
  `id` int(255) NOT NULL AUTO_INCREMENT,
  `type` varchar(500) CHARACTER SET utf8mb4 COLLATE utf8mb4_bin NOT NULL,
  `value` text CHARACTER SET utf8mb4 COLLATE utf8mb4_bin NOT NULL,
  PRIMARY KEY (`id`)
) ENGINE=InnoDB AUTO_INCREMENT=9 DEFAULT CHARSET=latin1 COLLATE=latin1_swedish_ci;

--
-- Dumping data for table `setting`
--

INSERT INTO `setting` VALUES
(1,'TICKETS_CATEGORY','شکایت'),
(2,'INVITE_BANNER_AMOUNT','3000'),
(3,'INVITE_BANNER_TEXT','{\"type\":\"photo\",\"caption\":\"ud83dudd30u0628u0631u062au0631u06ccu0646 u0648 u0628u0647u062au0631u06ccu0646 u0631u0628u0627u062a vpn u0628u0627 u06a9u0627u0646u06a9u0634u0646 u0647u0627u06cc u0631u0627u06ccu06afu0627u0646\nu2705 u062du062au0645u0627 u0639u0636u0648 u0631u0628u0627u062a u0628u0634u06ccu062f u0648 u0627u0632 u062au062eu0641u06ccu0641 u0647u0627u06cc u0648u06ccu0698u0647 u0644u0630u062a u0628u0628u0631u06ccu0646\n\nud83dudd17 LINK\",\"file_id\":\"AgACAgQAAxkBAAJRKWRtX3wObRa3qAR_gkJgyKDdkHZsAAKAuzEbRaBpU3QQ2kLLt7MVAQADAgADeAADLwQ\"}'),
(4,'PAYMENT_KEYS','{\"nowpayment\":\"cccc-cccc-cccc-cccc\",\"zarinpal\":\"aaaa-aaaa-aaaa-aaaa\",\"nextpay\":\"bbbb-bbbb-bbbb-bbbb\",\"bankAccount\":\"6219861995306015\",\"holderName\":\"\\u0633\\u062c\\u0627\\u062f \\u0642\\u0627\\u0636\\u06cc\"}'),
(5,'BOT_STATES','{\"requirePhone\":\"off\",\"requireIranPhone\":\"off\",\"sellState\":\"on\",\"botState\":\"on\",\"searchState\":\"on\",\"rewaredTime\":\"3\",\"cartToCartState\":\"on\",\"nextpay\":\"off\",\"zarinpal\":\"off\",\"nowPaymentWallet\":\"off\",\"nowPaymentOther\":\"off\",\"walletState\":\"on\",\"rewardChannel\":\"@wizwizdev\",\"lockChannel\":\"@wizwizch\",\"changeProtocolState\":null,\"renewAccountState\":\"on\",\"switchLocationState\":\"off\",\"increaseTimeState\":\"off\",\"increaseVolumeState\":\"off\",\"gbPrice\":\"100\",\"dayPrice\":\"100\",\"subLinkState\":\"off\",\"plandelkhahState\":\"off\",\"weSwapState\":\"off\",\"configLinkState\":\"on\"}'),
(7,'MAIN_BUTTONS🤝 شرایط همکاری...','این ربات مخصوص فروشندگان vpn طراحی شده .\n\n💸 تمامی قیمت‌ها با 40 % تخفیف همکاری ارائه می‌شوند.\n\n💼 حداقل شارژ کیف پول برای همکاری:\n500,000 تومان');

--
-- Table structure for table `users`
--

CREATE TABLE `users` (
  `id` int(11) NOT NULL AUTO_INCREMENT,
  `userid` varchar(40) NOT NULL,
  `name` varchar(100) NOT NULL,
  `username` varchar(100) NOT NULL,
  `refcode` varchar(50) NOT NULL,
  `wallet` int(11) NOT NULL DEFAULT 0,
  `date` varchar(50) NOT NULL,
  `phone` varchar(15) DEFAULT NULL,
  `refered_by` bigint(10) DEFAULT NULL,
  `step` varchar(1000) CHARACTER SET utf8mb4 COLLATE utf8mb4_general_ci NOT NULL DEFAULT 'none',
  `freetrial` varchar(10) DEFAULT NULL,
  `isAdmin` tinyint(1) NOT NULL DEFAULT 0,
  `first_start` varchar(10) DEFAULT NULL,
  `temp` text CHARACTER SET utf8mb4 COLLATE utf8mb4_bin DEFAULT NULL,
  `is_agent` int(1) NOT NULL DEFAULT 0,
  `discount_percent` varchar(1000) CHARACTER SET utf8mb4 COLLATE utf8mb4_bin DEFAULT NULL,
  `agent_date` int(255) NOT NULL DEFAULT 0,
  `spam_info` varchar(500) DEFAULT NULL,
  PRIMARY KEY (`id`)
) ENGINE=MyISAM AUTO_INCREMENT=20 DEFAULT CHARSET=utf8mb4 COLLATE=utf8mb4_persian_ci;

--
-- Dumping data for table `users`
--

INSERT INTO `users` VALUES
(1,'586924831','𝒈𝒉𝒂𝒛𝒊','sajad_ghazi','0',0,'1767800112',NULL,NULL,'none','used',0,NULL,'',0,NULL,0,NULL),
(2,'676807927','ghazi vpn','vpn_v2_ray','0',368000,'1767800600',NULL,NULL,'none',NULL,0,'sent','',0,NULL,0,'{\"count\":2,\"date\":1771063527}'),
(3,'6741341108','امیر','amireza13830','0',772000,'1769860545',NULL,NULL,'none',NULL,0,'sent','',0,NULL,0,'{\"count\":5,\"date\":1771058867}'),
(4,'8262527072','Amir','Amir1zhm','0',0,'1769878936',NULL,NULL,'none',NULL,0,'sent','',0,NULL,0,'{\"count\":1,\"date\":1769878996}'),
(5,'5948427993','Hasan','Hasan2639uu','0',0,'1769880015',NULL,NULL,'none',NULL,0,'sent','',0,NULL,0,'{\"count\":6,\"date\":1769880075}'),
(6,'7916362741','غمگین نشو','inesta_lati_7','0',0,'1769937612',NULL,NULL,'none',NULL,0,'sent','',0,NULL,0,'{\"count\":1,\"date\":1770146202}'),
(7,'6913394608','Romina','Romina_naderi','0',0,'1769963799',NULL,NULL,'increaseMyWallet',NULL,0,'sent','',0,NULL,0,'{\"count\":8,\"date\":1769963859}'),
(8,'6812703261','M_hosseinn','M_hosseinn','0',292000,'1770015297',NULL,NULL,'none',NULL,0,'sent','',0,NULL,0,'{\"count\":1,\"date\":1770660690}'),
(9,'5096378711','🌒','it_asrw','0',0,'1770038554',NULL,NULL,'none',NULL,0,'sent','',0,NULL,0,'{\"count\":7,\"date\":1770038614}'),
(10,'7641371324','𝐏𝐒𝐍 𝐊𝐢𝐧𝐠𝐝𝐨𝐦','PSNKingdom','0',0,'1770056392',NULL,NULL,'none',NULL,0,'sent','',0,NULL,0,'{\"count\":4,\"date\":1770056452}'),
(12,'7852480716','amirreza',' ندارد ','0',0,'1770199532',NULL,NULL,'none',NULL,0,'sent','',0,NULL,0,'{\"count\":3,\"date\":1770199593}'),
(11,'529894438','بهرام','B093333','0',0,'1770181876',NULL,NULL,'none',NULL,0,'sent','',0,NULL,0,'{\"count\":6,\"date\":1770181936}'),
(13,'5075427069','🇲 🇴 🇪 🇮 🇳🌬','M13990894','0',0,'1770218759',NULL,NULL,'none',NULL,0,'sent','',0,NULL,0,'{\"count\":10,\"date\":1770218819}'),
(14,'7203756398','مسعود','Shbdjnbwknnh','0',0,'1770286233',NULL,NULL,'none',NULL,0,'sent','',0,NULL,0,'{\"count\":7,\"date\":1770286368}'),
(15,'8178046463','Tadic','Afc_ajax_1390','0',0,'1770415601',NULL,NULL,'none',NULL,0,'sent','{\n    \"id\": 233,\n    \"remark\": \"Ali vatan\",\n    \"uuid\": \"10f1c263-a722-4032-b4c6-337abe8dcec2\"\n}',0,NULL,0,'{\"count\":2,\"date\":1770415725}'),
(16,'512526737','RaTeN','sha_130','0',0,'1770483058',NULL,NULL,'none',NULL,0,'sent','',0,NULL,0,'{\"count\":3,\"date\":1770483119}'),
(17,'1054044115','milad','Milad_19980','0',0,'1770887573',NULL,NULL,'none',NULL,0,'sent','',0,NULL,0,'{\"count\":9,\"date\":1770887633}'),
(18,'359603572','Ali.A',' ندارد ','0',0,'1771000256',NULL,NULL,'none',NULL,0,'sent','',0,NULL,0,'{\"count\":1,\"date\":1771004390}'),
(19,'5566961640','Haniyeh',' ندارد ','0',0,'1771085371',NULL,NULL,'none',NULL,0,'sent','',0,NULL,0,'{\"count\":2,\"date\":1771085510}');


