--
-- Host: localhost    Database: sajsbs_sajad
-- ------------------------------------------------------


--
-- Table structure for table `admins`
--

CREATE TABLE `admins` (
  `id` int(11) NOT NULL AUTO_INCREMENT,
  `username` varchar(200) NOT NULL,
  `password` varchar(200) NOT NULL,
  `backupchannel` varchar(200) CHARACTER SET utf8mb3 COLLATE utf8mb3_general_ci NOT NULL,
  `lang` varchar(10) CHARACTER SET utf8mb3 COLLATE utf8mb3_general_ci NOT NULL,
  PRIMARY KEY (`id`)
) ENGINE=InnoDB AUTO_INCREMENT=2 DEFAULT CHARSET=latin1 COLLATE=latin1_swedish_ci;

--
-- Dumping data for table `admins`
--

INSERT INTO `admins` VALUES
(1,'Sijil7070','Sajad9090','-1002545458541','en');

--
-- Table structure for table `black_list`
--

CREATE TABLE `black_list` (
  `id` int(11) NOT NULL AUTO_INCREMENT,
  `info` varchar(20) CHARACTER SET utf8mb4 COLLATE utf8mb4_bin DEFAULT NULL,
  PRIMARY KEY (`id`)
) ENGINE=InnoDB DEFAULT CHARSET=utf8mb4 COLLATE=utf8mb4_0900_ai_ci;

--
-- Dumping data for table `black_list`
--


--
-- Table structure for table `chats`
--

CREATE TABLE `chats` (
  `id` int(11) NOT NULL AUTO_INCREMENT,
  `user_id` bigint(20) NOT NULL,
  `create_date` int(11) NOT NULL,
  `title` varchar(1000) CHARACTER SET utf8mb4 COLLATE utf8mb4_bin NOT NULL,
  `category` varchar(1000) CHARACTER SET utf8mb4 COLLATE utf8mb4_bin NOT NULL,
  `state` int(11) NOT NULL,
  `rate` int(11) NOT NULL,
  PRIMARY KEY (`id`)
) ENGINE=InnoDB AUTO_INCREMENT=5 DEFAULT CHARSET=latin1 COLLATE=latin1_swedish_ci;

--
-- Dumping data for table `chats`
--

INSERT INTO `chats` VALUES
(1,676807927,1726328091,'سلام','شکایت',0,0),
(2,6298606714,1728811032,'سلام پول ارسال کردم ولی تاحالا سرویس ارسال نا کردی','شکایت',2,1),
(3,676807927,1734639178,'سلااام به ربات ویزویز خوش اومدی 🫡🌸\n    \nما اینجاییم تا شما را بدون هیچ محدویتی به شبکه جهانی متصل کنیم ❤️\n\n✅ کیفیت در ساخت انواع کانکشن ها\n📡 برقرای امنیت در ارتباط شما\n☎️ پشتیبانی تا روز آخر \n\n🚪 \\/start','شکایت',0,0),
(4,676807927,1741333103,'سلام','شکایت',0,0);

--
-- Table structure for table `chats_info`
--

CREATE TABLE `chats_info` (
  `id` int(11) NOT NULL AUTO_INCREMENT,
  `chat_id` int(11) NOT NULL,
  `sent_date` int(11) NOT NULL,
  `msg_type` varchar(50) DEFAULT NULL,
  `text` varchar(2000) CHARACTER SET utf8mb4 COLLATE utf8mb4_bin NOT NULL,
  PRIMARY KEY (`id`)
) ENGINE=InnoDB AUTO_INCREMENT=6 DEFAULT CHARSET=latin1 COLLATE=latin1_swedish_ci;

--
-- Dumping data for table `chats_info`
--

INSERT INTO `chats_info` VALUES
(1,1,1726328091,'USER','کانفیگ کن'),
(2,2,1728811032,'USER','{\"file_id\":\"AgACAgQAAxkBAAKjZ2cLgoDVbAYStrEs20Zk8qYkwyoAAyHNMRv3p1hQVChNBJ2fOGUBAAMCAAN4AAM2BA\",\"caption\":null}'),
(3,2,1728811152,'ADMIN','سلام وقت بخیر رسید رو کجا ارسال کردید'),
(4,3,1734639178,'USER','1️⃣ مرحله یک:\n\nلوکیشن مدنظرت رو برا خرید انتخاب کن: 😊'),
(5,4,1741333103,'USER','برام');

--
-- Table structure for table `discounts`
--

CREATE TABLE `discounts` (
  `id` int(11) NOT NULL AUTO_INCREMENT,
  `hash_id` varchar(100) NOT NULL,
  `type` varchar(10) NOT NULL,
  `amount` int(11) NOT NULL,
  `expire_date` int(11) NOT NULL,
  `expire_count` int(11) NOT NULL,
  `used_by` text DEFAULT NULL,
  `can_use` int(11) NOT NULL DEFAULT 1,
  PRIMARY KEY (`id`)
) ENGINE=InnoDB AUTO_INCREMENT=2 DEFAULT CHARSET=latin1 COLLATE=latin1_swedish_ci;

--
-- Dumping data for table `discounts`
--

INSERT INTO `discounts` VALUES
(1,'EU7Q6ZBPH','percent',30,0,-1,'[1068732821,1068732821,1068732821,1068732821]',10);

--
-- Table structure for table `gift_list`
--

CREATE TABLE `gift_list` (
  `id` int(11) NOT NULL AUTO_INCREMENT,
  `server_id` int(11) NOT NULL,
  `volume` int(11) NOT NULL,
  `day` int(11) NOT NULL,
  `offset` int(11) DEFAULT 0,
  `server_offset` int(11) NOT NULL DEFAULT 0,
  PRIMARY KEY (`id`)
) ENGINE=InnoDB DEFAULT CHARSET=latin1 COLLATE=latin1_swedish_ci;

--
-- Dumping data for table `gift_list`
--


--
-- Table structure for table `increase_day`
--

CREATE TABLE `increase_day` (
  `id` int(11) NOT NULL AUTO_INCREMENT,
  `volume` float NOT NULL,
  `price` int(11) NOT NULL,
  PRIMARY KEY (`id`)
) ENGINE=InnoDB DEFAULT CHARSET=latin1 COLLATE=latin1_swedish_ci;

--
-- Dumping data for table `increase_day`
--


--
-- Table structure for table `increase_order`
--

CREATE TABLE `increase_order` (
  `id` int(11) NOT NULL AUTO_INCREMENT,
  `userid` varchar(30) NOT NULL,
  `server_id` int(11) NOT NULL,
  `inbound_id` int(11) NOT NULL,
  `remark` varchar(100) NOT NULL,
  `amount` int(11) NOT NULL,
  `date` varchar(30) NOT NULL,
  PRIMARY KEY (`id`)
) ENGINE=InnoDB DEFAULT CHARSET=latin1 COLLATE=latin1_swedish_ci;

--
-- Dumping data for table `increase_order`
--


--
-- Table structure for table `increase_plan`
--

CREATE TABLE `increase_plan` (
  `id` int(11) NOT NULL AUTO_INCREMENT,
  `volume` float NOT NULL,
  `price` int(11) NOT NULL,
  PRIMARY KEY (`id`)
) ENGINE=InnoDB DEFAULT CHARSET=latin1 COLLATE=latin1_swedish_ci;

--
-- Dumping data for table `increase_plan`
--


--
-- Table structure for table `needed_sofwares`
--

CREATE TABLE `needed_sofwares` (
  `id` int(11) NOT NULL AUTO_INCREMENT,
  `title` varchar(100) CHARACTER SET utf8mb4 COLLATE utf8mb4_bin NOT NULL,
  `link` varchar(250) NOT NULL,
  `status` int(11) NOT NULL DEFAULT 1,
  PRIMARY KEY (`id`)
) ENGINE=InnoDB AUTO_INCREMENT=11 DEFAULT CHARSET=latin1 COLLATE=latin1_swedish_ci;

--
-- Dumping data for table `needed_sofwares`
--

INSERT INTO `needed_sofwares` VALUES
(1,'✅دانلــــود مستقیم v2ray برای انــــدروید✅','https://github.com/2dust/v2rayNG/releases/download/1.8.5/v2rayNG_1.8.5.apk',1),
(2,'✅دانلـــود مستقیم v2ray برای آیــفون✅','https://apps.apple.com/us/app/napsternetv/id1629465476',1),
(3,'✅دانلـــود v2ray از فـــروشگاه پلی✅','https://play.google.com/store/apps/details?id=com.v2ray.ang',1),
(4,'✅دانلود v2ray از طریق تلگرام✅','https://t.me/v2ray_ghazi_canal/148',1),
(5,'✅ســــوالات متــــداول✅','https://t.me/v2ray_ghazi_canal/93',1),
(6,'✅تـعرفه خدمـات✅','https://t.me/v2ray_ghazi_canal/204',1),
(9,'✅راهنـــــما✅','https://t.me/rahnama_ghazi_bot',1);

--
-- Table structure for table `orders_list`
--

CREATE TABLE `orders_list` (
  `id` int(11) NOT NULL AUTO_INCREMENT,
  `userid` varchar(30) NOT NULL,
  `token` varchar(1000) NOT NULL,
  `transid` varchar(150) NOT NULL,
  `fileid` int(11) NOT NULL,
  `server_id` int(11) NOT NULL,
  `inbound_id` int(11) NOT NULL DEFAULT 0,
  `remark` varchar(100) NOT NULL,
  `uuid` text DEFAULT NULL,
  `protocol` varchar(20) NOT NULL,
  `expire_date` int(11) NOT NULL,
  `link` text NOT NULL,
  `amount` int(11) NOT NULL,
  `status` int(11) NOT NULL,
  `date` varchar(50) NOT NULL,
  `notif` int(11) NOT NULL DEFAULT 0,
  `rahgozar` int(11) DEFAULT 0,
  `agent_bought` int(11) NOT NULL DEFAULT 0,
  PRIMARY KEY (`id`)
) ENGINE=MyISAM AUTO_INCREMENT=356 DEFAULT CHARSET=utf8mb4 COLLATE=utf8mb4_persian_ci;

--
-- Dumping data for table `orders_list`
--

INSERT INTO `orders_list` VALUES
(31,'6298606714','hCj8PMOp7rpEE7qUVIYXEeA96qrafd','',22,2,0,'VIP-6298606714-4950','021e32e4-73ae-4c10-8a01-66471212184c','vless',1730281383,'[\"vless:\\/\\/021e32e4-73ae-4c10-8a01-66471212184c@A.QAZI.LOL:34039?type=tcp&security=none&path=\\/&host=&headerType=http#VIP-6298606714-4950\"]',109000,1,'1727689383',0,0,0),
(2,'6642620949','18Nz58tZBvAEyjrT7olgU2QEWY4VNn','',2,1,18,'CIP-6642620949-91915','4da65e7c-cc34-4fd6-a4a6-53023873861b','vless',1728244189,'[\"vless:\\/\\/4da65e7c-cc34-4fd6-a4a6-53023873861b@a.qazi.lol:27782?type=tcp&security=none&headerType=http&path=\\/&host=#CIP-6642620949-91915\"]',35000,1,'1725652189',0,0,0),
(3,'153518275','JH5Oc1x6rcrb3hmb1uoOikOHKVrEyY','',23,2,0,'VIP-153518275-62875','4c357ca2-32d9-4715-b0ee-0a338ce061c9','vless',1728263254,'[\"vless:\\/\\/4c357ca2-32d9-4715-b0ee-0a338ce061c9@A.QAZI.LOL:34003?type=tcp&security=none&path=\\/&host=&headerType=http#VIP-153518275-62875\"]',159000,1,'1725671254',0,0,0),
(52,'6234112517','kmwtWoERsLd7aNQZYdXf7PFQ3vP8Q2','',3,1,18,'CIP-6234112517-54586','501f79b8-9464-4b42-8f3e-1cb5f8e24ff1','vless',1731394657,'[\"vless:\\/\\/501f79b8-9464-4b42-8f3e-1cb5f8e24ff1@a.qazi.lol:27782?type=tcp&security=none&headerType=http&path=\\/&host=#CIP-6234112517-54586\"]',65000,1,'1728802657',0,0,0),
(267,'7844436526','GTwVF1MAgF2Ud11x83x9o2s4QcpHWm','',43,2,18,'VIP-7844436526-62825','2eb9b579-f095-4a47-b269-06f4259212d3','vless',1754405235,'[\"vless:\\/\\/2eb9b579-f095-4a47-b269-06f4259212d3@a.qazii.shop:27782?type=tcp&security=none&headerType=http&path=\\/&host=#VIP-7844436526-62825\"]',109000,1,'1751813235',0,0,0),
(7,'40621361','AZYfxFdxO4SuArREuIl3dqlQdLX9Q1','',19,2,0,'VIP-40621361-16255','ac0f6faf-ff12-46d5-8824-a9b4217d4ae3','vless',1728686270,'[\"vless:\\/\\/ac0f6faf-ff12-46d5-8824-a9b4217d4ae3@A.QAZI.LOL:34007?type=tcp&security=none&path=\\/&host=&headerType=http#VIP-40621361-16255\"]',25000,1,'1726094270',0,0,0),
(8,'6298606714','pasvE7AmbvwH4J6VRVAyvEwzwhctd3','',21,2,0,'VIP-6298606714-84114','5ae0ed3d-81a2-45ca-b239-e7b9c885d1c2','vless',1728731820,'[\"vless:\\/\\/5ae0ed3d-81a2-45ca-b239-e7b9c885d1c2@A.QAZI.LOL:34008?type=tcp&security=none&path=\\/&host=&headerType=http#VIP-6298606714-84114\"]',79000,1,'1726139820',0,0,0),
(9,'5839789159','rB3RC1T5BRmFqPX2kwPIQaDo9ZGEFv','',2,1,18,'CIP-5839789159-4590','6666b8d1-2499-44b8-a2af-e2a1b743bb82','vless',1728764214,'[\"vless:\\/\\/6666b8d1-2499-44b8-a2af-e2a1b743bb82@a.qazi.lol:27782?type=tcp&security=none&headerType=http&path=\\/&host=#CIP-5839789159-4590\"]',35000,1,'1726172214',0,0,0),
(10,'6812703261','Kgt4IAdobKvW7OeL8FbldclXJoF4sq','',22,2,0,'VIP-6812703261-16109','653907c7-09d9-44d4-bcfd-c45531629268','vless',1728823067,'[\"vless:\\/\\/653907c7-09d9-44d4-bcfd-c45531629268@A.QAZI.LOL:34010?type=tcp&security=none&path=\\/&host=&headerType=http#VIP-6812703261-16109\"]',109000,1,'1726231067',0,0,0),
(11,'676807927','WfAtLIzQRDiBZKvbhr5SGKT7QVdO13','',19,2,0,'VIP-676807927-23776','087d41a2-7485-405b-8322-5b20cfc1f15f','vless',1728839814,'[\"vless:\\/\\/087d41a2-7485-405b-8322-5b20cfc1f15f@A.QAZI.LOL:34018?type=tcp&security=none&path=\\/&host=&headerType=http#VIP-676807927-23776\"]',25000,1,'1726247814',0,0,0),
(12,'744317523','3QfCWIFvqa49ZCLkSucGchFBCLZ7RQ','',21,2,0,'VIP-744317523-12015','f20cb90e-a7f8-4138-94f5-17396b858fd6','vless',1728839848,'[\"vless:\\/\\/f20cb90e-a7f8-4138-94f5-17396b858fd6@A.QAZI.LOL:34019?type=tcp&security=none&path=\\/&host=&headerType=http#VIP-744317523-12015\"]',79000,1,'1726247848',0,0,0),
(13,'676807927','pXvk5r6LnHjTsIvI5WxA3EDzeVVQZr','',1,1,18,'CIP-676807927-92908','a2568040-ab3b-4594-9d61-845d9e45be79','vless',1728839989,'[\"vless:\\/\\/a2568040-ab3b-4594-9d61-845d9e45be79@a.qazi.lol:27782?type=tcp&security=none&headerType=http&path=\\/&host=#CIP-676807927-92908\"]',19000,1,'1726247989',0,0,0),
(18,'676807927','S2G9wALdRjF7VmZWlFrHb9WQ8ek9wI','',1,1,18,'CIP-676807927-68857','7de743d0-a9cf-4d85-9b9a-dc699f3d6578','vless',1729045076,'[\"vless:\\/\\/7de743d0-a9cf-4d85-9b9a-dc699f3d6578@a.qazi.lol:27782?type=tcp&security=none&headerType=http&path=\\/&host=#CIP-676807927-68857\"]',19000,1,'1726453076',0,0,0),
(17,'6812703261','LkIdsSiTnkbOC9aEspIMh7SWBfX3sB','',5,1,18,'CIP-6812703261-9732','b1c57d5a-25f5-4667-8a6b-6a07fef3cc2d','vless',1729025335,'[\"vless:\\/\\/b1c57d5a-25f5-4667-8a6b-6a07fef3cc2d@a.qazi.lol:27782?type=tcp&security=none&headerType=http&path=\\/&host=#CIP-6812703261-9732\"]',129000,1,'1726433335',0,0,0),
(19,'676807927','Lggj3nio1lZwCUa5FwlWMHeGAlKiFr','',2,1,18,'CIP-676807927-48725','3222090c-bd32-40f6-9a1c-26ae7e419bd7','vless',1729045633,'[\"vless:\\/\\/3222090c-bd32-40f6-9a1c-26ae7e419bd7@a.qazi.lol:27782?type=tcp&security=none&headerType=http&path=\\/&host=#CIP-676807927-48725\"]',35000,1,'1726453633',0,0,0),
(20,'6812703261','No8WmONOllEKsKkZAvU3V3zqBF8uRw','',23,2,0,'VIP-6812703261-17773','90f9382d-f173-4c71-a260-236a23e5d36a','vless',1729190726,'[\"vless:\\/\\/90f9382d-f173-4c71-a260-236a23e5d36a@A.QAZI.LOL:34028?type=tcp&security=none&path=\\/&host=&headerType=http#VIP-6812703261-17773\"]',159000,1,'1726598726',0,0,0),
(21,'676807927','fjw3I5ysOeaTr69iXPMXmIQCYpaJ4x','',1,1,18,'CIP-676807927-23231','6612edf7-54cc-4aa0-81d5-46d8e9192690','vless',1729364881,'[\"vless:\\/\\/6612edf7-54cc-4aa0-81d5-46d8e9192690@a.qazi.lol:27782?type=tcp&security=none&headerType=http&path=\\/&host=#CIP-676807927-23231\"]',19000,1,'1726772881',0,0,0),
(22,'676807927','jaMU94hCah7lIiRgCou7G7g7WDVw9O','',19,2,0,'VIP-676807927-43373','83a2fd64-923a-4c08-88e4-402b817580cd','vless',1729364910,'[\"vless:\\/\\/83a2fd64-923a-4c08-88e4-402b817580cd@A.QAZI.LOL:34030?type=tcp&security=none&path=\\/&host=&headerType=http#VIP-676807927-43373\"]',25000,1,'1726772910',0,0,0),
(23,'6642620949','E3V8I1h7ZTMV4aOklJYbEYcykvT4wR','',2,1,18,'CIP-6642620949-47201','2c040a8a-1f06-4eca-a2ef-48c293178d2e','vless',1729441517,'[\"vless:\\/\\/2c040a8a-1f06-4eca-a2ef-48c293178d2e@a.qazi.lol:27782?type=tcp&security=none&headerType=http&path=\\/&host=#CIP-6642620949-47201\"]',35000,1,'1726849517',0,0,0),
(24,'153518275','4G1CAnzbRCOcNkRx6VjGG8qn2DecfN','',23,2,0,'VIP-153518275-27864','d618bac9-4233-4661-a9b6-8f6952c1a5f2','vless',1729441586,'[\"vless:\\/\\/d618bac9-4233-4661-a9b6-8f6952c1a5f2@A.QAZI.LOL:34032?type=tcp&security=none&path=\\/&host=&headerType=http#VIP-153518275-27864\"]',159000,1,'1726849586',0,0,0),
(275,'586924831','e9OJvRyyX71cRhoCGAPeF2rxB3gQEq','',2,1,18,'CIP-586924831-40506','4990ec00-e7c6-4353-b694-b590379ca251','vless',1752130450,'[\"vless:\\/\\/4990ec00-e7c6-4353-b694-b590379ca251@a.qazii.shop:27782?type=tcp&security=none&headerType=http&path=\\/&host=#CIP-586924831-40506\"]',65000,1,'1752044050',0,0,0),
(26,'6234112517','Tz96XiSrIoRiCbER5L7njBuE3ycQsC','',3,1,18,'CIP-6234112517-14354','61e321d7-0919-41cd-9b42-f5d59e817442','vless',1729647902,'[\"vless:\\/\\/61e321d7-0919-41cd-9b42-f5d59e817442@a.qazi.lol:27782?type=tcp&security=none&headerType=http&path=\\/&host=#CIP-6234112517-14354\"]',65000,1,'1727055902',0,0,0),
(274,'586924831','ltrmKldUiizxsLpTv4cy8geGademmc','',2,1,18,'CIP-586924831-34075','8a98ea72-7204-4f8b-a472-0d264347f61e','vless',1752130450,'[\"vless:\\/\\/8a98ea72-7204-4f8b-a472-0d264347f61e@a.qazii.shop:27782?type=tcp&security=none&headerType=http&path=\\/&host=#CIP-586924831-34075\"]',65000,1,'1752044050',0,0,0),
(28,'676807927','GfOop9bkKGzPrBJns2YQ6h93rHcQrv','',3,1,18,'CIP-676807927-70851','f94f73b9-5070-4068-90d6-56017a684163','vless',1730052189,'[\"vless:\\/\\/f94f73b9-5070-4068-90d6-56017a684163@a.qazi.lol:27782?type=tcp&security=none&headerType=http&path=\\/&host=#CIP-676807927-70851\"]',65000,1,'1727460189',0,0,0),
(29,'6812703261','ULEbVE47DHlaOZHnJHDEn4Kk25MP1Y','',23,2,0,'VIP-6812703261-62405','b28a6fe2-c141-4a96-81a5-8d003777b6cd','vless',1730058525,'[\"vless:\\/\\/b28a6fe2-c141-4a96-81a5-8d003777b6cd@A.QAZI.LOL:34037?type=tcp&security=none&path=\\/&host=&headerType=http#VIP-6812703261-62405\"]',159000,1,'1727466525',0,0,0),
(123,'6298606714','fHmxgVUqjw2Tt1Z1WZwN3WIZiwOKot','',22,2,0,'VIP-6298606714-61460','5d1a2de5-36ff-4421-82ee-3c8156bd00f8','vless',1737454329,'[\"vless:\\/\\/5d1a2de5-36ff-4421-82ee-3c8156bd00f8@A.QAZI.LOL:34029?type=tcp&security=none&path=\\/&host=&headerType=http#VIP-6298606714-61460\"]',109000,1,'1734862329',0,0,0),
(32,'153518275','KuPAZxWlbRIOVfjLa4xVa7uJYN2gI3','',23,2,0,'VIP-153518275-91257','76e93310-6124-40df-85b6-8decfd3181bb','vless',1730354417,'[\"vless:\\/\\/76e93310-6124-40df-85b6-8decfd3181bb@A.QAZI.LOL:34041?type=tcp&security=none&path=\\/&host=&headerType=http#VIP-153518275-91257\"]',159000,1,'1727762417',0,0,0),
(268,'676807927','t7zpax2AOs1U1gFNbnHBViqFxvzlB5','',2,1,18,'CIP-676807927-53638','e28b55df-9cb1-490e-952a-f03abba7ac3c','vless',1754478144,'[\"vless:\\/\\/e28b55df-9cb1-490e-952a-f03abba7ac3c@a.qazii.shop:27782?type=tcp&security=none&headerType=http&path=\\/&host=#CIP-676807927-53638\"]',65000,1,'1751886144',0,0,0),
(34,'5830501440','ezYq2WMl2GRqSIO6MjpKSTBXCjzbtI','',20,2,0,'VIP-5830501440-20389','310bf628-8f73-4219-8cf7-57b663735efe','vless',1730717175,'[\"vless:\\/\\/310bf628-8f73-4219-8cf7-57b663735efe@A.QAZI.LOL:34043?type=tcp&security=none&path=\\/&host=&headerType=http#VIP-5830501440-20389\"]',45000,1,'1728125175',0,0,0),
(35,'40621361','OTRfh9AU7bALd4Z2UnQjLQDHtJUFqK','',21,2,0,'VIP-40621361-12690','74d13f10-7e2b-4a40-a9c3-e5243fdadee7','vless',1730830782,'[\"vless:\\/\\/74d13f10-7e2b-4a40-a9c3-e5243fdadee7@A.QAZI.LOL:34044?type=tcp&security=none&path=\\/&host=&headerType=http#VIP-40621361-12690\"]',79000,1,'1728238782',0,0,0),
(140,'153518275','riB87dAPRNZgBQYt9Tj3IQtRzFje7G','',22,2,0,'VIP-153518275-28319','0cb68687-d0c0-4f11-97a2-5fa9c9d86476','vless',1740080503,'[\"vless:\\/\\/0cb68687-d0c0-4f11-97a2-5fa9c9d86476@A.QAZI.LOL:34007?type=tcp&security=none&path=\\/&host=&headerType=http#VIP-153518275-28319\"]',109000,1,'1737488503',0,0,0),
(38,'40621361','KO6nBGcZsocxfjuihRJnn7OTJZpbri','',21,2,0,'VIP-40621361-16822','b112a085-26ad-4e97-b03f-ef5307345f92','vless',1730891932,'[\"vless:\\/\\/b112a085-26ad-4e97-b03f-ef5307345f92@A.QAZI.LOL:34059?type=tcp&security=none&path=\\/&host=&headerType=http#VIP-40621361-16822\"]',79000,1,'1728299932',0,0,0),
(273,'586924831','z5kSUqvTG2CgNeJMrruoY9RTewpMXa','',2,1,18,'CIP-586924831-23994','7e8c5b98-30d0-4f82-8b01-136fc7077dcd','vless',1752130450,'[\"vless:\\/\\/7e8c5b98-30d0-4f82-8b01-136fc7077dcd@a.qazii.shop:27782?type=tcp&security=none&headerType=http&path=\\/&host=#CIP-586924831-23994\"]',65000,1,'1752044050',0,0,0),
(40,'6929877096','k1xZPeoZ2aRuczEgp9DYgR5qaEG6Di','',20,2,0,'VIP-6929877096-5833','1a096dda-8ad1-4d80-9ad2-6428ad5ed8b5','vless',1731064568,'[\"vless:\\/\\/1a096dda-8ad1-4d80-9ad2-6428ad5ed8b5@A.QAZI.LOL:34067?type=tcp&security=none&path=\\/&host=&headerType=http#VIP-6929877096-5833\"]',45000,1,'1728472568',0,0,0),
(42,'676807927','cy2WW1cGNtSFZe8MdauEWpedS24xfa','',2,1,18,'CIP-676807927-50051','8bee3bf5-037a-43df-8e0f-c5c47b7b3efc','vless',1731066106,'[\"vless:\\/\\/8bee3bf5-037a-43df-8e0f-c5c47b7b3efc@a.qazi.lol:27782?type=tcp&security=none&headerType=http&path=\\/&host=#CIP-676807927-50051\"]',35000,1,'1728474106',0,0,0),
(43,'6812703261','E9muewA1BgitSRz7CS5xDubBXLJNxb','',22,2,0,'VIP-6812703261-47782','2735a1db-3a5b-413e-a0af-5f7072d6e859','vless',1731088378,'[\"vless:\\/\\/2735a1db-3a5b-413e-a0af-5f7072d6e859@A.QAZI.LOL:34004?type=tcp&security=none&path=\\/&host=&headerType=http#VIP-6812703261-47782\"]',109000,1,'1728496378',0,0,0),
(44,'676807927','iSgxYE44O1xG5PfLxWaLdbzX2U1SHI','',8,1,18,'CIP-676807927-12152','f78fc516-bb8c-4a23-b646-0c0917e8e93c','vless',1733697295,'[\"vless:\\/\\/f78fc516-bb8c-4a23-b646-0c0917e8e93c@a.qazi.lol:27782?type=tcp&security=none&headerType=http&path=\\/&host=#CIP-676807927-12152\"]',169000,1,'1728513295',0,0,0),
(45,'676807927','KSh1Va5SLaDyLM73MayIbQojnX6zPS','',8,1,18,'CIP-676807927-62223','b38f1122-3e23-4845-ba6c-bd7162f0a9ef','vless',1733697303,'[\"vless:\\/\\/b38f1122-3e23-4845-ba6c-bd7162f0a9ef@a.qazi.lol:27782?type=tcp&security=none&headerType=http&path=\\/&host=#CIP-676807927-62223\"]',169000,1,'1728513303',0,0,0),
(46,'676807927','SqEzSQNk1WuerQ7pCirKfLt9FUGBae','',12,1,18,'CIP-676807927-33922','5635a6f7-1fd2-49b1-bac6-5376f061f920','vless',1736289368,'[\"vless:\\/\\/5635a6f7-1fd2-49b1-bac6-5376f061f920@a.qazi.lol:27782?type=tcp&security=none&headerType=http&path=\\/&host=#CIP-676807927-33922\"]',319000,1,'1728513368',0,0,0),
(47,'676807927','gnai9pb1BXMbX9bs1TJoxq3EhTZsLU','',2,1,18,'CIP-676807927-18419','0206b0ad-c1aa-44ea-bb69-6770751799fb','vless',1731105487,'[\"vless:\\/\\/0206b0ad-c1aa-44ea-bb69-6770751799fb@a.qazi.lol:27782?type=tcp&security=none&headerType=http&path=\\/&host=#CIP-676807927-18419\"]',35000,1,'1728513487',0,0,0),
(48,'676807927','n9JZ2swqXLvIuKi4DVmyDAqZ8NqVLI','',2,1,18,'CIP-676807927-7310','7f833598-a3c0-4555-aa88-73048efa82b0','vless',1731105496,'[\"vless:\\/\\/7f833598-a3c0-4555-aa88-73048efa82b0@a.qazi.lol:27782?type=tcp&security=none&headerType=http&path=\\/&host=#CIP-676807927-7310\"]',35000,1,'1728513496',0,0,0),
(50,'6812703261','NzFeTQgdNw3hZgr3cAuMJcITvOku2B','',20,2,0,'VIP-6812703261-30951','2808f98f-961b-44c5-b28b-975c31a38ada','vless',1731146448,'[\"vless:\\/\\/2808f98f-961b-44c5-b28b-975c31a38ada@A.QAZI.LOL:34011?type=tcp&security=none&path=\\/&host=&headerType=http#VIP-6812703261-30951\"]',45000,1,'1728554448',0,0,0),
(53,'6298606714','aUfHewQK4d5TEm2R8oeg1cagUlgU3v','',22,2,0,'VIP-6298606714-17875','1864b2c5-8cbe-4415-940a-a05b2a545813','vless',1731403074,'[\"vless:\\/\\/1864b2c5-8cbe-4415-940a-a05b2a545813@A.QAZI.LOL:34014?type=tcp&security=none&path=\\/&host=&headerType=http#VIP-6298606714-17875\"]',109000,1,'1728811074',0,0,0),
(54,'744317523','1f1xtLoGwAhcs6FTWOLpMsy4e33MDz','',21,2,0,'VIP-744317523-73320','5b82268e-8a99-4320-b699-10877edaf873','vless',1731416147,'[\"vless:\\/\\/5b82268e-8a99-4320-b699-10877edaf873@A.QAZI.LOL:34015?type=tcp&security=none&path=\\/&host=&headerType=http#VIP-744317523-73320\"]',79000,1,'1728824147',0,0,0),
(55,'6812703261','fG9LirTOgFyqaVvXluq1S7UxjLiOo1','',12,1,18,'CIP-6812703261-1829','d1789c5c-e3ce-4eb3-8deb-a8c518419aa2','vless',1736675615,'[\"vless:\\/\\/d1789c5c-e3ce-4eb3-8deb-a8c518419aa2@a.qazi.lol:27782?type=tcp&security=none&headerType=http&path=\\/&host=#CIP-6812703261-1829\"]',319000,1,'1728899615',0,0,0),
(56,'6491127620','94SPeEnCK8U3SgI5CdeezoDFdwIgjo','',2,1,18,'CIP-6491127620-50530','413ed537-2051-415c-be1e-0976f04874e9','vless',1731494061,'[\"vless:\\/\\/413ed537-2051-415c-be1e-0976f04874e9@a.qazi.lol:27782?type=tcp&security=none&headerType=http&path=\\/&host=#CIP-6491127620-50530\"]',35000,1,'1728902061',0,0,0),
(58,'153518275','lLcoqGb3PkXJ4IPq3aSpdaVHY19Dvf','',23,2,0,'VIP-153518275-11008','cbf4eede-f342-4a45-97b0-2ee65e4c5047','vless',1731859136,'[\"vless:\\/\\/cbf4eede-f342-4a45-97b0-2ee65e4c5047@A.QAZI.LOL:34019?type=tcp&security=none&path=\\/&host=&headerType=http#VIP-153518275-11008\"]',159000,1,'1729267136',0,0,0),
(77,'6642620949','Em8xuwol4PUdFvWYAwhsVWSn6MbzSy','',2,1,18,'CIP-6642620949-26645','804847f8-5d7d-4390-91e6-7142924b0dd3','vless',1733163282,'[\"vless:\\/\\/804847f8-5d7d-4390-91e6-7142924b0dd3@a.qazi.lol:27782?type=tcp&security=none&headerType=http&path=\\/&host=#CIP-6642620949-26645\"]',35000,1,'1730571282',0,0,0),
(60,'6812703261','gkREAK3zTfbx5s5ZYR5gpPrBhOHupW','',23,2,0,'VIP-6812703261-53044','81918373-fbbe-46fa-ab0a-66d7618f73cd','vless',1731919943,'[\"vless:\\/\\/81918373-fbbe-46fa-ab0a-66d7618f73cd@A.QAZI.LOL:34021?type=tcp&security=none&path=\\/&host=&headerType=http#VIP-6812703261-53044\"]',159000,1,'1729327943',0,0,0),
(61,'676807927','Aqh2iuPbtjbbvciUt5SIAWV61cNX41','',2,1,18,'CIP-676807927-52414','f11ea754-0bf5-4f27-a383-184a94b5183e','vless',1731940101,'[\"vless:\\/\\/f11ea754-0bf5-4f27-a383-184a94b5183e@a.qazi.lol:27782?type=tcp&security=none&headerType=http&path=\\/&host=#CIP-676807927-52414\"]',35000,1,'1729348101',0,0,0),
(62,'676807927','Hx4gZ6FU6esvd6MRsossnmoAx4iWYW','',20,2,0,'VIP-676807927-48177','ecd11ed1-5281-49c8-80bb-ec04e6d0f32e','vless',1731940131,'[\"vless:\\/\\/ecd11ed1-5281-49c8-80bb-ec04e6d0f32e@A.QAZI.LOL:34002?type=tcp&security=none&path=\\/&host=&headerType=http#VIP-676807927-48177\"]',45000,1,'1729348131',0,0,0),
(63,'6833620748','cNlVOXu9W5hsZjtRxrB1cAojsnV94v','',21,2,0,'VIP-6833620748-28772','40cac5fd-2d11-48f6-9461-d7f3705583af','vless',1731949011,'[\"vless:\\/\\/40cac5fd-2d11-48f6-9461-d7f3705583af@A.QAZI.LOL:34003?type=tcp&security=none&path=\\/&host=&headerType=http#VIP-6833620748-28772\"]',79000,1,'1729357011',0,0,0),
(272,'586924831','ZaJZv7IZYyXiHaf75CxCcny839qKN8','',2,1,18,'CIP-586924831-26536','daed84ca-d24c-47d3-8090-3d1af3ce74ab','vless',1752130450,'[\"vless:\\/\\/daed84ca-d24c-47d3-8090-3d1af3ce74ab@a.qazii.shop:27782?type=tcp&security=none&headerType=http&path=\\/&host=#CIP-586924831-26536\"]',65000,1,'1752044050',0,0,0),
(65,'40621361','pJ1yXwgZNLds9k9grq1uZiIJr7ZFM2','',21,2,0,'VIP-40621361-21461','6497c5b7-fa69-46c0-86a3-8c525080924b','vless',1732250079,'[\"vless:\\/\\/6497c5b7-fa69-46c0-86a3-8c525080924b@A.QAZI.LOL:34005?type=tcp&security=none&path=\\/&host=&headerType=http#VIP-40621361-21461\"]',79000,1,'1729658079',0,0,0),
(66,'6642620949','kApGj3Vx8f6XQs4k18YkuHnbXtBcSQ','',2,1,18,'CIP-6642620949-8618','a94e98ed-7abb-4f74-8f67-6e9840492613','vless',1732271877,'[\"vless:\\/\\/a94e98ed-7abb-4f74-8f67-6e9840492613@a.qazi.lol:27782?type=tcp&security=none&headerType=http&path=\\/&host=#CIP-6642620949-8618\"]',35000,1,'1729679877',0,0,0),
(67,'6234112517','QyfwubpN2aVILyB5eXvSbz4LdFhjcn','',4,1,18,'CIP-6234112517-36008','8eba7d63-ab63-4bb5-b7db-f88739d617cb','vless',1732468298,'[\"vless:\\/\\/8eba7d63-ab63-4bb5-b7db-f88739d617cb@a.qazi.lol:27782?type=tcp&security=none&headerType=http&path=\\/&host=#CIP-6234112517-36008\"]',84000,1,'1729876298',0,0,0),
(68,'676807927','w9gF16RiZYjc8uvCy1fTrRQ6vUtNLL','',2,1,18,'CIP-676807927-19594','6db7ec9b-fa70-455e-920f-542a0fb7beeb','vless',1732776760,'[\"vless:\\/\\/6db7ec9b-fa70-455e-920f-542a0fb7beeb@a.qazi.lol:27782?type=tcp&security=none&headerType=http&path=\\/&host=#CIP-676807927-19594\"]',35000,1,'1730184760',0,0,0),
(69,'676807927','uOb1fDNlDHwfyE8pveXQio73Da57L6','',20,2,0,'VIP-676807927-10544','82f1c726-8358-4537-bfe9-6e704240b6a8','vless',1732776811,'[\"vless:\\/\\/82f1c726-8358-4537-bfe9-6e704240b6a8@A.QAZI.LOL:34002?type=tcp&security=none&path=\\/&host=&headerType=http#VIP-676807927-10544\"]',45000,1,'1730184811',0,0,0),
(70,'676807927','cuR4A2OyTDVmWFGkqRrkRNkBVVYxBm','',2,1,18,'CIP-676807927-56104','a788aa76-09a4-4782-a65b-824f83bf0678','vless',1732956281,'[\"vless:\\/\\/a788aa76-09a4-4782-a65b-824f83bf0678@a.qazi.lol:27782?type=tcp&security=none&headerType=http&path=\\/&host=#CIP-676807927-56104\"]',35000,1,'1730364281',0,0,0),
(71,'676807927','oQmHW1vRHTpJiklqta6AJ326WyK5xT','',21,2,0,'VIP-676807927-15201','1ee4dc09-8eb3-429c-bec1-246e6e306383','vless',1732956327,'[\"vless:\\/\\/1ee4dc09-8eb3-429c-bec1-246e6e306383@A.QAZI.LOL:34006?type=tcp&security=none&path=\\/&host=&headerType=http#VIP-676807927-15201\"]',79000,1,'1730364327',0,0,0),
(72,'6298606714','uZ8rcjHaC7Wdnpe6GFq4eAW6PCAihQ','',22,2,0,'VIP-6298606714-49737','e47dfcbf-3a9b-463e-a6c1-a2f5702d6dd2','vless',1732956403,'[\"vless:\\/\\/e47dfcbf-3a9b-463e-a6c1-a2f5702d6dd2@A.QAZI.LOL:34007?type=tcp&security=none&path=\\/&host=&headerType=http#VIP-6298606714-49737\"]',109000,1,'1730364403',0,0,0),
(73,'153518275','K4PFM7W1Ek4PFzCFI5R4Naa9v3EIS7','',23,2,0,'VIP-153518275-88833','9ca3056d-ee2a-4604-b453-6281a8babc6d','vless',1733079386,'[\"vless:\\/\\/9ca3056d-ee2a-4604-b453-6281a8babc6d@A.QAZI.LOL:34008?type=tcp&security=none&path=\\/&host=&headerType=http#VIP-153518275-88833\"]',159000,1,'1730487386',0,0,0),
(74,'6812703261','ccNZOdSU7vjVPTumScIqPlUSK334qY','',26,2,0,'VIP-6812703261-98181','849e04e0-8533-4094-89ff-e8d00bca55e3','vless',1735731359,'[\"vless:\\/\\/849e04e0-8533-4094-89ff-e8d00bca55e3@A.QAZI.LOL:34009?type=tcp&security=none&path=\\/&host=&headerType=http#VIP-6812703261-98181\"]',199000,1,'1730547359',0,0,0),
(271,'586924831','gGyc4JZzb7P1o4nhGjC6bJ7q5AUKXR','',2,1,18,'CIP-586924831-53926','f5ca964d-67d5-46a0-a507-1bbdae36bbac','vless',1752130450,'[\"vless:\\/\\/f5ca964d-67d5-46a0-a507-1bbdae36bbac@a.qazii.shop:27782?type=tcp&security=none&headerType=http&path=\\/&host=#CIP-586924831-53926\"]',65000,1,'1752044050',0,0,0),
(79,'744317523','UXJEHoqMpkmaWGnehjcGndAjA6ddPe','',21,2,0,'VIP-744317523-70097','91879026-b9ea-4a29-9945-bd7ac9d8c703','vless',1733230207,'[null]',79000,1,'1730638207',0,0,0),
(109,'6929877096','VdLWOpxefC8xSzcKGZQufKHFWWSjxA','',21,2,0,'VIP-6929877096-29601','c01854c1-79dc-447d-a17e-b6b9f67afefc','vless',1736201139,'[null]',79000,1,'1733609139',0,0,0),
(133,'6929877096','5iUSkCxayZqwMhzTZFmhDkONlm4aaj','',20,2,0,'VIP-6929877096-25405','cf8fbced-2124-4d36-91a1-ae4d99561d93','vless',1738863849,'[\"vless:\\/\\/cf8fbced-2124-4d36-91a1-ae4d99561d93@A.QAZI.LOL:34010?type=tcp&security=none&path=\\/&host=&headerType=http#VIP-6929877096-25405\"]',45000,1,'1736271849',0,0,0),
(80,'6298606714','s4LG2YRoX1dx4FUlHqWpVtAG6mFywS','',22,2,0,'VIP-6298606714-45514','85ed1814-84a1-47c1-9704-bab149facd92','vless',1733245551,'[\"vless:\\/\\/85ed1814-84a1-47c1-9704-bab149facd92@A.QAZI.LOL:34017?type=tcp&security=none&path=\\/&host=&headerType=http#VIP-6298606714-45514\"]',109000,1,'1730653551',0,0,0),
(81,'676807927','4pZtly18MoMDLTVY2V1SGfeXkEdkTv','',3,1,18,'CIP-676807927-71768','e7f63694-c5fb-4d5a-8d85-498481a892de','vless',1733329834,'[\"vless:\\/\\/e7f63694-c5fb-4d5a-8d85-498481a892de@a.qazi.lol:27782?type=tcp&security=none&headerType=http&path=\\/&host=#CIP-676807927-71768\"]',65000,1,'1730737834',0,0,0),
(82,'676807927','G5fBksmQZJytU6SlbrrGzmYGNmHKMK','',21,2,0,'VIP-676807927-50458','036d549e-040b-476f-94cc-3c72c015c3bd','vless',1733329889,'[\"vless:\\/\\/036d549e-040b-476f-94cc-3c72c015c3bd@A.QAZI.LOL:34019?type=tcp&security=none&path=\\/&host=&headerType=http#VIP-676807927-50458\"]',79000,1,'1730737889',0,0,0),
(84,'1700532725','iorDPpAX5jmjCxltslstVa1Il1Nvlp','',2,1,18,'CIP-1700532725-16656','7454aad8-d158-4232-91b0-f47de529c3ad','vless',1733401267,'[\"vless:\\/\\/7454aad8-d158-4232-91b0-f47de529c3ad@a.qazi.lol:27782?type=tcp&security=none&headerType=http&path=\\/&host=#CIP-1700532725-16656\"]',35000,1,'1730809267',0,0,0),
(85,'6812703261','XGCvOkFIoQsH68Zif3E3aCwmcfVJL5','',4,1,18,'CIP-6812703261-52529','018f01fa-7226-431f-b6d8-ab5e80d557f1','vless',1733591028,'[\"vless:\\/\\/018f01fa-7226-431f-b6d8-ab5e80d557f1@a.qazi.lol:27782?type=tcp&security=none&headerType=http&path=\\/&host=#CIP-6812703261-52529\"]',84000,1,'1730999028',0,0,0),
(86,'6929877096','HSggK5HEGvzlmaB8Q7hSlGoTdDLqML','',20,2,0,'VIP-6929877096-67855','3158f35b-e62e-4a3b-abf3-d642ffdf933d','vless',1733599166,'[\"vless:\\/\\/3158f35b-e62e-4a3b-abf3-d642ffdf933d@A.QAZI.LOL:34023?type=tcp&security=none&path=\\/&host=&headerType=http#VIP-6929877096-67855\"]',45000,1,'1731007166',0,0,0),
(87,'6812703261','vxOo19ZIkurbkEyRnQqZplQkQ7WbZt','',4,1,18,'CIP-6812703261-32276','c50d95c6-783f-41c9-8980-925816ea8b78','vless',1733661863,'[\"vless:\\/\\/c50d95c6-783f-41c9-8980-925816ea8b78@a.qazi.lol:27782?type=tcp&security=none&headerType=http&path=\\/&host=#CIP-6812703261-32276\"]',84000,1,'1731069863',0,0,0),
(90,'6812703261','BQNHI6MTOpVwOV9uZ6HIcYiwHo9BWp','',4,1,18,'CIP-6812703261-14306','de423655-6713-4e37-a980-43699da98795','vless',1733945500,'[\"vless:\\/\\/de423655-6713-4e37-a980-43699da98795@a.qazi.lol:27782?type=tcp&security=none&headerType=http&path=\\/&host=#CIP-6812703261-14306\"]',84000,1,'1731353500',0,0,0),
(91,'676807927','3ocPrX7HEXSRVbvyJdey4Ni16Shz4Z','',2,1,18,'CIP-676807927-26102','11cde2e3-ab0b-4f26-bbf2-a1a0febd3dbd','vless',1734066106,'[\"vless:\\/\\/11cde2e3-ab0b-4f26-bbf2-a1a0febd3dbd@a.qazi.lol:27782?type=tcp&security=none&headerType=http&path=\\/&host=#CIP-676807927-26102\"]',35000,1,'1731474106',0,0,0),
(92,'676807927','i8GTUbqxfweti84wUqtILizheKbHVD','',20,2,0,'VIP-676807927-73172','2a6ce064-d1bf-4c68-a933-fcc34bdbc732','vless',1734066163,'[\"vless:\\/\\/2a6ce064-d1bf-4c68-a933-fcc34bdbc732@A.QAZI.LOL:34031?type=tcp&security=none&path=\\/&host=&headerType=http#VIP-676807927-73172\"]',45000,1,'1731474163',0,0,0),
(93,'676807927','MR7Q6EZyZPWeDldskaPYy7Q4VDvJBP','',2,1,18,'CIP-676807927-49601','5c9a27ad-6e80-4b65-b92b-6b94020a4885','vless',1734066394,'[\"vless:\\/\\/5c9a27ad-6e80-4b65-b92b-6b94020a4885@a.qazi.lol:27782?type=tcp&security=none&headerType=http&path=\\/&host=#CIP-676807927-49601\"]',35000,1,'1731474394',0,0,0),
(94,'153518275','4HHvJ6gDnloPIzxaSvSrEk6fcRkK21','',23,2,0,'VIP-153518275-55128','cb8f693f-d690-4cb5-a3fe-71128566d9cb','vless',1734161302,'[\"vless:\\/\\/cb8f693f-d690-4cb5-a3fe-71128566d9cb@A.QAZI.LOL:34033?type=tcp&security=none&path=\\/&host=&headerType=http#VIP-153518275-55128\"]',159000,1,'1731569302',0,0,0),
(95,'40621361','a5ArNvqOC3BK8UHaIM6pWGIjwpv6Pe','',22,2,0,'VIP-40621361-29137','ec65c90e-6ef2-44de-a5e6-a620a9da0a99','vless',1734255561,'[\"vless:\\/\\/ec65c90e-6ef2-44de-a5e6-a620a9da0a99@A.QAZI.LOL:34034?type=tcp&security=none&path=\\/&host=&headerType=http#VIP-40621361-29137\"]',109000,1,'1731663561',0,0,0),
(96,'6812703261','9LKeC8SXr2lcScavzxJJvwOQX3bVNJ','',3,1,18,'CIP-6812703261-7137','0620ae53-2fa0-4fa4-9747-f7c2f1c93658','vless',1734266610,'[\"vless:\\/\\/0620ae53-2fa0-4fa4-9747-f7c2f1c93658@a.qazi.lol:27782?type=tcp&security=none&headerType=http&path=\\/&host=#CIP-6812703261-7137\"]',65000,1,'1731674610',0,0,0),
(162,'7844436526','TWVcFu3XBMGUdZvOhbmudcZRFgR94N','',26,2,0,'VIP-7844436526-76265','913e6117-d03d-4b2a-9bbe-d9771ccf65d8','vless',1745696046,'[\"vless:\\/\\/913e6117-d03d-4b2a-9bbe-d9771ccf65d8@A.QAZI.LOL:27499?type=tcp&security=&path=\\/&host=&headerType=http#VIP-7844436526-76265\"]',199000,1,'1740512046',0,0,0),
(98,'676807927','K74llSUpqxcjglWh2lcSBwws1g5B6F','',2,1,18,'CIP-676807927-26949','f5a28397-460c-4541-8a22-1451cbcde6ff','vless',1734710135,'[\"vless:\\/\\/f5a28397-460c-4541-8a22-1451cbcde6ff@a.qazi.lol:27782?type=tcp&security=none&headerType=http&path=\\/&host=#CIP-676807927-26949\"]',35000,1,'1732118135',0,0,0),
(99,'676807927','A6uTlLqRwSFcTDJdA3XSLY1q42EoNH','',3,1,18,'CIP-676807927-34544','69b48efe-6aff-49c8-ba14-d3b067234057','vless',1734710176,'[\"vless:\\/\\/69b48efe-6aff-49c8-ba14-d3b067234057@a.qazi.lol:27782?type=tcp&security=none&headerType=http&path=\\/&host=#CIP-676807927-34544\"]',65000,1,'1732118176',0,0,0),
(142,'618015121','lnRABEuCrkFEarEaxTzSaCbMFOiVR2','',20,2,0,'VIP-618015121-97300','feed6f13-dc01-4fc8-b1de-a12964d01606','vless',1740412959,'[\"vless:\\/\\/feed6f13-dc01-4fc8-b1de-a12964d01606@A.QAZI.LOL:34009?type=tcp&security=none&path=\\/&host=&headerType=http#VIP-618015121-97300\"]',45000,1,'1737820959',0,0,0),
(101,'103923897','MsxnIsbPQPHizIPU69srhkzl341UYT','',15,1,18,'CIP-103923897-29713','580c0338-6329-4c42-b849-0eae000d5960','vless',1732999270,'[\"vless:\\/\\/580c0338-6329-4c42-b849-0eae000d5960@a.qazi.lol:27782?type=tcp&security=none&headerType=http&path=\\/&host=#CIP-103923897-29713\"]',99000,1,'1732135270',0,0,0),
(270,'586924831','3baQJWZvcgM7xYP4FxalHSCwFdZJE8','',2,1,18,'CIP-586924831-59421','3d75eb3d-a4df-41d9-a173-cd51fd1e860a','vless',1752130450,'[\"vless:\\/\\/3d75eb3d-a4df-41d9-a173-cd51fd1e860a@a.qazii.shop:27782?type=tcp&security=none&headerType=http&path=\\/&host=#CIP-586924831-59421\"]',65000,1,'1752044050',0,0,0),
(103,'744317523','Q1PbahMen927SNLDTSf1eLFyqLT5in','',21,2,0,'VIP-744317523-21688','c5b0fc6b-019a-47b5-9c43-03a8333a8a35','vless',1734949438,'[\"vless:\\/\\/c5b0fc6b-019a-47b5-9c43-03a8333a8a35@A.QAZI.LOL:34008?type=tcp&security=none&path=\\/&host=&headerType=http#VIP-744317523-21688\"]',79000,1,'1732357438',0,0,0),
(104,'153518275','xWL4SmhhAh6iTJBPnEQGfbBdXLigcZ','',23,2,0,'VIP-153518275-92328','7420809d-d778-41c2-b439-4a16548e4c4d','vless',1735241245,'[\"vless:\\/\\/7420809d-d778-41c2-b439-4a16548e4c4d@A.QAZI.LOL:34010?type=tcp&security=none&path=\\/&host=&headerType=http#VIP-153518275-92328\"]',159000,1,'1732649245',0,0,0),
(105,'676807927','qyk6LSe4GT9CNBeWBrxuWieK3EWehU','',2,1,18,'CIP-676807927-90801','4707d573-2f16-496d-8347-c55c6bf526e1','vless',1735492869,'[\"vless:\\/\\/4707d573-2f16-496d-8347-c55c6bf526e1@a.qazi.lol:27782?type=tcp&security=none&headerType=http&path=\\/&host=#CIP-676807927-90801\"]',35000,1,'1732900869',0,0,0),
(106,'1700532725','fVDVLaAAL2mfToopdlrW7GJ72xxPqO','',2,1,18,'CIP-1700532725-69921','f4ff559a-fa82-4246-a1af-dd3580e3aa4f','vless',1735492937,'[\"vless:\\/\\/f4ff559a-fa82-4246-a1af-dd3580e3aa4f@a.qazi.lol:27782?type=tcp&security=none&headerType=http&path=\\/&host=#CIP-1700532725-69921\"]',35000,1,'1732900937',0,0,0),
(107,'103923897','mlsDx9YBBpuF6wXUn6RUlkYMBzbwNM','',15,1,18,'CIP-103923897-50904','11095e17-dd4c-4f52-8b0e-980cea236dfa','vless',1734022726,'[\"vless:\\/\\/11095e17-dd4c-4f52-8b0e-980cea236dfa@a.qazi.lol:27782?type=tcp&security=none&headerType=http&path=\\/&host=#CIP-103923897-50904\"]',99000,1,'1733158726',0,0,0),
(111,'6812703261','FP7ygJNSkTqUVI8oQCO1ry8POAhP5k','',4,1,18,'CIP-6812703261-10058','d827d912-dcd2-4d16-a024-d6427e34b97e','vless',1736503379,'[\"vless:\\/\\/d827d912-dcd2-4d16-a024-d6427e34b97e@a.qazi.lol:27782?type=tcp&security=none&headerType=http&path=\\/&host=#CIP-6812703261-10058\"]',84000,1,'1733911379',0,0,0),
(269,'7916611868','uZkUL1gIkOapeqefM5Z2gxCdbSgdN4','',42,2,18,'VIP-7916611868-78547','2c662c64-97c5-485d-9ceb-a62a71258346','vless',1754481042,'[\"vless:\\/\\/2c662c64-97c5-485d-9ceb-a62a71258346@A.QAZII.SHOP:27782?type=tcp&security=none&headerType=http&path=\\/&host=#VIP-7916611868-78547\"]',69000,1,'1751889042',0,0,0),
(113,'6812703261','SPCDC6of34fFMi1vYTVWeP9KpzCXBR','',4,1,18,'CIP-6812703261-41261','53fea2f8-c238-456f-b152-228dd280a867','vless',1736621900,'[\"vless:\\/\\/53fea2f8-c238-456f-b152-228dd280a867@a.qazi.lol:27782?type=tcp&security=none&headerType=http&path=\\/&host=#CIP-6812703261-41261\"]',84000,1,'1734029900',0,0,0),
(114,'6812703261','PGJtiNTyxvbrOPG5PrO1AZmSCOkGVF','',4,1,18,'CIP-6812703261-78599','469b7c17-0d01-41dc-aac9-165c09e5c16b','vless',1736621924,'[\"vless:\\/\\/469b7c17-0d01-41dc-aac9-165c09e5c16b@a.qazi.lol:27782?type=tcp&security=none&headerType=http&path=\\/&host=#CIP-6812703261-78599\"]',84000,1,'1734029924',0,0,0),
(138,'5839789159','u4CXPAtElnLUqft7mbGJxdxzvhoZen','',2,1,18,'CIP-5839789159-59442','004e7ac8-6439-43ae-a6a3-0f586f4218fd','vless',1739817029,'[\"vless:\\/\\/004e7ac8-6439-43ae-a6a3-0f586f4218fd@a.qazi.lol:27782?type=tcp&security=none&headerType=http&path=\\/&host=#CIP-5839789159-59442\"]',35000,1,'1737225029',0,0,0),
(116,'153518275','gA6BNaXEzcJeNyJRvWeksQkNuoGY7O','',23,2,0,'VIP-153518275-91041','a4940c82-9ce0-4025-8059-820218fcc686','vless',1736802987,'[\"vless:\\/\\/a4940c82-9ce0-4025-8059-820218fcc686@A.QAZI.LOL:34022?type=tcp&security=none&path=\\/&host=&headerType=http#VIP-153518275-91041\"]',159000,1,'1734210987',0,0,0),
(117,'40621361','hLP41l9rBABcTO3lYMTPYjwee6tvXB','',4,1,18,'CIP-40621361-84882','e1838dc4-d285-49db-bfc4-a2d9daa0d661','vless',1736851444,'[\"vless:\\/\\/e1838dc4-d285-49db-bfc4-a2d9daa0d661@a.qazi.lol:34023?type=tcp&security=&headerType=http&path=\\/&host=#CIP-40621361-84882\"]',84000,1,'1734259444',0,0,0),
(118,'40621361','4dcCvE9RKHzrBxoIv1IvPcek3AJ56V','',4,1,18,'CIP-40621361-44594','1aabb78f-2d36-42fe-b13c-74a103aeb495','vless',1736863618,'[\"vless:\\/\\/1aabb78f-2d36-42fe-b13c-74a103aeb495@a.qazi.lol:27782?type=tcp&security=none&headerType=http&path=\\/&host=#CIP-40621361-44594\"]',84000,1,'1734271618',0,0,0),
(119,'744317523','uwqsu9cM2DsaOgv5xAZimX7EByrOyp','',21,2,0,'VIP-744317523-5916','f1e270da-ac3a-4878-92fe-d4892454459d','vless',1736935855,'[\"vless:\\/\\/f1e270da-ac3a-4878-92fe-d4892454459d@A.QAZI.LOL:34025?type=tcp&security=none&path=\\/&host=&headerType=http#VIP-744317523-5916\"]',79000,1,'1734343855',0,0,0),
(120,'1700532725','h8MwhrKSXXhcKgAlZiupmn2fwhUtbD','',2,1,18,'CIP-1700532725-8070','078a7291-9e4d-48e6-897b-5e0f7340f784','vless',1737135900,'[\"vless:\\/\\/078a7291-9e4d-48e6-897b-5e0f7340f784@a.qazi.lol:27782?type=tcp&security=none&headerType=http&path=\\/&host=#CIP-1700532725-8070\"]',35000,1,'1734543900',0,0,0),
(124,'676807927','gUg2RgpkNZdolHZyaf8OIlQIGpctJz','',2,1,18,'CIP-676807927-74852','1637ffa7-8bd8-4a07-b58e-067ce98a2582','vless',1737847503,'[\"vless:\\/\\/1637ffa7-8bd8-4a07-b58e-067ce98a2582@a.qazi.lol:27782?type=tcp&security=none&headerType=http&path=\\/&host=#CIP-676807927-74852\"]',35000,1,'1735255503',0,0,0),
(126,'153518275','Q5blKZkHGyl3quEIoAx7ci4NHx7adx','',23,2,0,'VIP-153518275-3698','3ea16728-1d21-45ba-864c-89cbd6734783','vless',1738274734,'[\"vless:\\/\\/3ea16728-1d21-45ba-864c-89cbd6734783@A.QAZI.LOL:34003?type=tcp&security=none&path=\\/&host=&headerType=http#VIP-153518275-3698\"]',159000,1,'1735682734',0,0,0),
(127,'6812703261','lz5RZ8gGIgcSiVZwVjKtlWTUb7Qpa6','',26,2,0,'VIP-6812703261-57833','4b21f2bd-5e9b-41f7-a8da-4a4254f93025','vless',1740916700,'[\"vless:\\/\\/4b21f2bd-5e9b-41f7-a8da-4a4254f93025@A.QAZI.LOL:34004?type=tcp&security=none&path=\\/&host=&headerType=http#VIP-6812703261-57833\"]',199000,1,'1735732700',0,0,0),
(129,'1700532725','G5P7SkDatdoj79uMCK7PcMtV36lveR','',2,1,18,'CIP-1700532725-70202','560c1783-0c9d-4f2c-b659-d1e89d457d17','vless',1738573339,'[\"vless:\\/\\/560c1783-0c9d-4f2c-b659-d1e89d457d17@a.qazi.lol:27782?type=tcp&security=none&headerType=http&path=\\/&host=#CIP-1700532725-70202\"]',35000,1,'1735981339',0,0,0),
(131,'6911451893','8s6q934zxdbxvd1R1XAMoXHv3d97hh','',20,2,0,'VIP-6911451893-45817','864be966-e50f-4954-b966-e62cdfa75b32','vless',1738824363,'[\"vless:\\/\\/864be966-e50f-4954-b966-e62cdfa75b32@A.QAZI.LOL:34008?type=tcp&security=none&path=\\/&host=&headerType=http#VIP-6911451893-45817\"]',45000,1,'1736232363',0,0,0),
(266,'8181325239','yPfQBEgU3EBwx4X9UYxhF6qKpcqbEv','',45,2,18,'VIP-8181325239-86507','14fd3b33-89dd-4f9a-8dfd-128709e1c0a3','vless',1754328561,'[\"vless:\\/\\/14fd3b33-89dd-4f9a-8dfd-128709e1c0a3@a.qazii.shop:27782?type=tcp&security=none&headerType=http&path=\\/&host=#VIP-8181325239-86507\"]',199000,1,'1751736561',0,0,0),
(134,'6812703261','K8esVtUVgufcZ6MuKNlbGeDR9R6Opc','',8,1,18,'CIP-6812703261-27657','4231ecae-9217-42f0-98b8-47687156660a','vless',1741878894,'[\"vless:\\/\\/4231ecae-9217-42f0-98b8-47687156660a@a.qazi.lol:27782?type=tcp&security=none&headerType=http&path=\\/&host=#CIP-6812703261-27657\"]',169000,1,'1736694894',0,0,0),
(265,'8181325239','9r2PJ5Rmif8bofZPYT1bvdXu25PR1Y','',3,1,18,'CIP-8181325239-24428','e2384e94-3e19-44c4-8209-2d29b5676c4f','vless',1754203671,'[\"vless:\\/\\/e2384e94-3e19-44c4-8209-2d29b5676c4f@a.qazi.lol:27782?type=tcp&security=none&headerType=http&path=\\/&host=#CIP-8181325239-24428\"]',99000,1,'1751611671',0,0,0),
(191,'6812703261','vdWpIcpvi4gE2OYtCl5mvaOuiuprcT','',3,1,18,'CIP-6812703261-51531','29758711-bd6e-445b-b850-5bc428737d6b','vless',1744237254,'[\"vless:\\/\\/29758711-bd6e-445b-b850-5bc428737d6b@a.qazi.lol:27782?type=tcp&security=none&headerType=http&path=\\/&host=#CIP-6812703261-51531\"]',65000,1,'1741645254',0,0,0),
(279,'5982018241','msCs2F5ygLmpmsdVaO56sXAUwL9sjf','',2,1,18,'CIP-5982018241-86158','7cc36250-066e-4528-9985-574712be775b','vless',1754886997,'[\"vless:\\/\\/7cc36250-066e-4528-9985-574712be775b@a.qazii.shop:27782?type=tcp&security=none&headerType=http&path=\\/&host=#CIP-5982018241-86158\"]',65000,1,'1752294997',0,0,0),
(144,'1700532725','3OAjLGFPyegLgAwaaeczzfHxRiZyNX','',2,1,18,'CIP-1700532725-44251','dc19b78d-bccb-493f-9e24-c77a0c93c2b0','vless',1740742863,'[\"vless:\\/\\/dc19b78d-bccb-493f-9e24-c77a0c93c2b0@a.qazi.lol:27782?type=tcp&security=none&headerType=http&path=\\/&host=#CIP-1700532725-44251\"]',35000,1,'1738150863',0,0,0),
(145,'676807927','1WyiuOKPt9fp7Eg765VExQIQ5WxHae','',2,1,18,'CIP-676807927-38937','ce682d7a-543c-4eba-a7f3-44d7dd2b22d5','vless',1741330778,'[\"vless:\\/\\/ce682d7a-543c-4eba-a7f3-44d7dd2b22d5@a.qazi.lol:27782?type=tcp&security=none&headerType=http&path=\\/&host=#CIP-676807927-38937\"]',35000,1,'1738738778',0,0,0),
(153,'7992404590','amepb7RSvXjxb5Onqp9ixyN3YP9bpT','',20,2,0,'VIP-7992404590-8327','11c75591-4ea4-4c2d-be53-7c7b54681978','vless',1741537814,'[\"vless:\\/\\/11c75591-4ea4-4c2d-be53-7c7b54681978@A.QAZI.LOL:34011?type=tcp&security=none&path=\\/&host=&headerType=http#VIP-7992404590-8327\"]',45000,1,'1738945814',0,0,0),
(146,'676807927','32x8Qe5pd5BUgpAnELWMfowG74AqQd','',20,2,0,'VIP-676807927-58987','c500701d-e20b-42cd-b911-74739483f3e1','vless',1741330825,'[\"vless:\\/\\/c500701d-e20b-42cd-b911-74739483f3e1@A.QAZI.LOL:34003?type=tcp&security=none&path=\\/&host=&headerType=http#VIP-676807927-58987\"]',45000,1,'1738738825',0,0,0),
(155,'153518275','tWc2zk4PWrSi4SDAY3xwWr4tiXC87K','',23,2,0,'VIP-153518275-54957','3ff4148a-3bbd-4c9b-8c6f-49b32254579e','vless',1741772806,'[\"vless:\\/\\/3ff4148a-3bbd-4c9b-8c6f-49b32254579e@A.QAZI.LOL:34013?type=tcp&security=none&path=\\/&host=&headerType=http#VIP-153518275-54957\"]',159000,1,'1739180806',0,0,0),
(147,'6929877096','HN3A5iHwwyDz9hG95WqUMgSxFwh4cc','',20,2,0,'VIP-6929877096-99155','5c036115-d352-447e-bcfd-1c735303554f','vless',1741379588,'[\"vless:\\/\\/5c036115-d352-447e-bcfd-1c735303554f@A.QAZI.LOL:8123?type=tcp&security=none&path=\\/&host=&headerType=http#VIP-6929877096-99155\"]',45000,1,'1738787588',0,0,0),
(148,'7992404590','ZqQcN5NPnX7gXkBWK78gmAx75JIKbH','',2,1,18,'CIP-7992404590-91245','7a6566df-ad6c-4c60-8fde-40beef91e984','vless',1741432563,'[\"vless:\\/\\/7a6566df-ad6c-4c60-8fde-40beef91e984@a.qazi.lol:27782?type=tcp&security=none&headerType=http&path=\\/&host=#CIP-7992404590-91245\"]',35000,1,'1738840563',0,0,0),
(149,'676807927','LPlvpK9kaeUMCBO9VRU6qPrt7EVJ4h','',2,1,18,'CIP-676807927-67375','5e2bfa9b-1b3d-4f63-ba01-126dadf995fa','vless',1741432730,'[\"vless:\\/\\/5e2bfa9b-1b3d-4f63-ba01-126dadf995fa@a.qazi.lol:27782?type=tcp&security=none&headerType=http&path=\\/&host=#CIP-676807927-67375\"]',35000,1,'1738840730',0,0,0),
(150,'676807927','BVs8xRlN5sBbXXw6AmZP16Lrf6IOP2','',26,2,0,'VIP-676807927-77470','4bbaad64-2524-47c6-9d41-ef342720b05d','vless',1744024812,'[\"vless:\\/\\/4bbaad64-2524-47c6-9d41-ef342720b05d@A.QAZI.LOL:42162?type=tcp&security=none&path=\\/&host=&headerType=http#VIP-676807927-77470\"]',199000,1,'1738840812',0,0,0),
(260,'7844436526','KL3fwfZTeOCGrerRYYLlngkJMAYpLT','',47,2,18,'VIP-7844436526-89562','e6df6a46-31fe-42b1-8b75-5529e332f06b','vless',1756707539,'[\"vless:\\/\\/e6df6a46-31fe-42b1-8b75-5529e332f06b@A.QAZI.LOL:27782?type=tcp&security=none&headerType=http&path=\\/&host=#VIP-7844436526-89562\"]',239000,1,'1751523539',0,0,0),
(242,'6812703261','NEe1sogyd1fJyNVYtYve1I7UgFQDz5','',3,1,18,'CIP-6812703261-37027','37ab496b-1e17-4c4e-8b65-c6e9db538be4','vless',1752527898,'[\"vless:\\/\\/37ab496b-1e17-4c4e-8b65-c6e9db538be4@a.qazi.lol:27782?type=tcp&security=none&headerType=http&path=\\/&host=#CIP-6812703261-37027\"]',95000,1,'1749935898',0,0,0),
(325,'6234112517','fce7WVC1hJCf7QwJMGTZWwgm8hBnqJ','',4,1,18,'CIP-6234112517-58200','4de6f1b4-cdcf-43c5-8e23-27b0f5212f37','vless',1761496198,'[\"vless:\\/\\/4de6f1b4-cdcf-43c5-8e23-27b0f5212f37@a.qazii.shop:27782?type=tcp&security=none&headerType=http&path=\\/&host=#CIP-6234112517-58200\"]',139000,1,'1758904198',0,0,0),
(152,'676807927','t5Kwy7IGZ79qhwiue6pzbmQpgZDkFc','',2,1,18,'CIP-676807927-83639','203d8c04-ef2a-49e5-af64-c23e110cbaed','vless',1741478429,'[\"vless:\\/\\/203d8c04-ef2a-49e5-af64-c23e110cbaed@a.qazi.lol:27782?type=tcp&security=none&headerType=http&path=\\/&host=#CIP-676807927-83639\"]',35000,1,'1738886429',0,0,0),
(158,'6525992237','FUX5E2nC4eKv3Vtiuvgt7ppZ5Ffdt3','',3,1,18,'CIP-6525992237-30171','b9186cf1-9ec5-4904-9f32-e888647ca855','vless',1742218867,'[\"vless:\\/\\/b9186cf1-9ec5-4904-9f32-e888647ca855@a.qazi.lol:27782?type=tcp&security=none&headerType=http&path=\\/&host=#CIP-6525992237-30171\"]',65000,1,'1739626867',0,0,0),
(348,'6234112517','sCQRCQDd86fhegNti1RCfdElqQog79','',4,1,18,'CIP-6234112517-12340','2ead5bf3-08f8-4ebc-87df-e5a3cad0b7d4','vless',1764961531,'[\"vless:\\/\\/2ead5bf3-08f8-4ebc-87df-e5a3cad0b7d4@a.qazii.shop:27782?type=tcp&security=none&headerType=http&path=\\/&host=#CIP-6234112517-12340\"]',139000,1,'1762369531',0,0,0),
(164,'40621361','DZJ6rhqDS1qAwzpXZWsXzYtkYBgUxj','',4,1,18,'CIP-40621361-89641','e945bdb7-6f3a-4190-af2d-c07956d14464','vless',1743388348,'[\"vless:\\/\\/e945bdb7-6f3a-4190-af2d-c07956d14464@a.qazi.lol:27782?type=tcp&security=none&headerType=http&path=\\/&host=#CIP-40621361-89641\"]',84000,1,'1740796348',0,0,0),
(192,'6812703261','xZjTupWGBGr29an1UVsOg3ZahqXrNi','',3,1,18,'CIP-6812703261-62274','77b6d7b9-1021-43c9-93a3-c910078a2c66','vless',1744237322,'[\"vless:\\/\\/77b6d7b9-1021-43c9-93a3-c910078a2c66@a.qazi.lol:27782?type=tcp&security=none&headerType=http&path=\\/&host=#CIP-6812703261-62274\"]',65000,1,'1741645322',0,0,0),
(167,'5604147265','H5reUz46Kt5MI6L2zMzRFivccTuIZH','',4,1,18,'CIP-5604147265-74876','003e8430-8dea-4479-87ad-7bbee3cfa702','vless',1743717104,'[\"vless:\\/\\/003e8430-8dea-4479-87ad-7bbee3cfa702@a.qazi.lol:27782?type=tcp&security=none&headerType=http&path=\\/&host=#CIP-5604147265-74876\"]',84000,1,'1741125104',0,0,0),
(165,'7844436526','BsWjh2lROE8iHBT8BfyI399uVCIzSm','',26,2,0,'VIP-7844436526-77150','9836e9f2-70bf-4de2-97f5-d17f8426b5d4','vless',1746120398,'[\"vless:\\/\\/9836e9f2-70bf-4de2-97f5-d17f8426b5d4@A.QAZI.LOL:34007?type=tcp&security=none&path=\\/&host=&headerType=http#VIP-7844436526-77150\"]',199000,1,'1740936398',0,0,0),
(166,'6812703261','hAzk92QNAc2tucYMmHFK2AQgcZWKaQ','',26,2,0,'VIP-6812703261-30393','a253563d-337b-4e36-9e61-c1d10273d796','vless',1746196167,'[\"vless:\\/\\/a253563d-337b-4e36-9e61-c1d10273d796@A.QAZI.LOL:34008?type=tcp&security=none&path=\\/&host=&headerType=http#VIP-6812703261-30393\"]',199000,1,'1741012167',0,0,0),
(168,'676807927','IJFc3dCQBwRXFmwO6dLcmZ2Y1KnghM','',4,1,18,'CIP-676807927-95653','cb7af25e-ae42-4cbf-b6c3-f47925fad909','vless',1743717478,'[\"vless:\\/\\/cb7af25e-ae42-4cbf-b6c3-f47925fad909@a.qazi.lol:27782?type=tcp&security=none&headerType=http&path=\\/&host=#CIP-676807927-95653\"]',84000,1,'1741125478',0,0,0),
(264,'6099007393','psUFsTjnpJ2BQPfKXkaoIGoLaTOwwB','',3,1,18,'CIP-6099007393-79051','227a4d1e-9303-47c1-9e7a-59ea4a053de4','vless',1754168119,'[null]',99000,1,'1751576119',0,0,0),
(170,'6491127620','mMFfkGfL8N9LPO9uCVONZ2YwV7tpIo','',2,1,18,'CIP-6491127620-97699','636c7436-2c47-42dd-b934-2fe80dfa049d','vless',1743859598,'[\"vless:\\/\\/636c7436-2c47-42dd-b934-2fe80dfa049d@a.qazi.lol:27782?type=tcp&security=none&headerType=http&path=\\/&host=#CIP-6491127620-97699\"]',35000,1,'1741267598',0,0,0),
(171,'676807927','BsozDV3lix6asOHDIRqLq2aGGeuUEE','',2,1,18,'CIP-676807927-75805','b8b028b8-7f86-44f0-8af9-842337b16485','vless',1743860114,'[\"vless:\\/\\/b8b028b8-7f86-44f0-8af9-842337b16485@a.qazi.lol:27782?type=tcp&security=none&headerType=http&path=\\/&host=#CIP-676807927-75805\"]',35000,1,'1741268114',0,0,0),
(172,'676807927','KE7mrbPduDpHENjB5JWYYx3VBIuz8x','',2,1,18,'CIP-676807927-81493','2cefd7e3-d55a-4c3b-9f8c-58d101108f5e','vless',1743860781,'[\"vless:\\/\\/2cefd7e3-d55a-4c3b-9f8c-58d101108f5e@a.qazi.lol:27782?type=tcp&security=none&headerType=http&path=\\/&host=#CIP-676807927-81493\"]',35000,1,'1741268781',0,0,0),
(173,'676807927','KnQPXcvpdcIp9ZpPD938o1m1PILj1p','',20,2,0,'VIP-676807927-68997','b60ce32d-f519-4155-802d-197e7cc8626a','vless',1743860814,'[\"vless:\\/\\/b60ce32d-f519-4155-802d-197e7cc8626a@A.QAZI.LOL:34002?type=tcp&security=none&path=\\/&host=&headerType=http#VIP-676807927-68997\"]',45000,1,'1741268814',0,0,0),
(174,'676807927','aaHs6vi7uzVwMLpHojeK9F7oF7fH6N','',2,1,18,'CIP-676807927-70953','ab382b44-1978-4f72-a6c3-691b6b9cf33f','vless',1743861356,'[\"vless:\\/\\/ab382b44-1978-4f72-a6c3-691b6b9cf33f@a.qazi.lol:27782?type=tcp&security=none&headerType=http&path=\\/&host=#CIP-676807927-70953\"]',35000,1,'1741269356',0,0,0),
(175,'676807927','amYDX3FgfGaF7uNkPhWRDtzpLpoIKx','',20,2,0,'VIP-676807927-63489','8ecaa5d0-75cb-4fc8-a2de-f3db18649549','vless',1743924890,'[\"vless:\\/\\/8ecaa5d0-75cb-4fc8-a2de-f3db18649549@A.QAZI.LOL:34004?type=tcp&security=none&path=\\/&host=&headerType=http#VIP-676807927-63489\"]',45000,1,'1741332890',0,0,0),
(176,'676807927','aZ68rcNnI6SiSuyNTBf69cQ6WxGMyA','',2,1,18,'CIP-676807927-28622','40f804c9-6bf6-4658-a881-fe33e7c6c20e','vless',1743924934,'[\"vless:\\/\\/40f804c9-6bf6-4658-a881-fe33e7c6c20e@a.qazi.lol:27782?type=tcp&security=none&headerType=http&path=\\/&host=#CIP-676807927-28622\"]',35000,1,'1741332934',0,0,0),
(238,'6812703261','abX5CkelIPJruEI9GcHR6LNVO4DQBF','',47,2,18,'VIP-6812703261-17879','d05fb314-0451-4fc7-9798-6b3d8d183e29','vless',1754864931,'[\"vless:\\/\\/d05fb314-0451-4fc7-9798-6b3d8d183e29@A.QAZI.LOL:27782?type=tcp&security=none&headerType=http&path=\\/&host=#VIP-6812703261-17879\"]',239000,1,'1749680931',0,0,0),
(178,'676807927','qaGJgq6mXbkRddVUPv6P7s319GY5Nm','',2,1,18,'CIP-676807927-92491','68dad9fa-e6d0-4f3a-a560-3f548a4ed87b','vless',1743935808,'[\"vless:\\/\\/68dad9fa-e6d0-4f3a-a560-3f548a4ed87b@a.qazi.lol:27782?type=tcp&security=none&headerType=http&path=\\/&host=#CIP-676807927-92491\"]',35000,1,'1741343808',0,0,0),
(179,'676807927','xa2QdOCxGbiUKSwGIQ6XrGtcztUcQT','',2,1,18,'CIP-676807927-23622','73ada2d5-3b1f-419b-ad27-1083e92ed80e','vless',1743935903,'[\"vless:\\/\\/73ada2d5-3b1f-419b-ad27-1083e92ed80e@a.qazi.lol:27782?type=tcp&security=none&headerType=http&path=\\/&host=#CIP-676807927-23622\"]',35000,1,'1741343903',0,0,0),
(180,'676807927','9b3xlHeMSJOGg7FGywBj3p5N6dt7Yu','',20,2,0,'VIP-676807927-25890','2d942aa6-5fe5-4bf2-b5e1-f1249e5cbd60','vless',1743935936,'[\"vless:\\/\\/2d942aa6-5fe5-4bf2-b5e1-f1249e5cbd60@A.QAZI.LOL:34009?type=tcp&security=none&path=\\/&host=&headerType=http#VIP-676807927-25890\"]',45000,1,'1741343936',0,0,0),
(181,'7844436526','3Absbvguia2GQTOm9rrJvfXYVoKc4K','',21,2,0,'VIP-7844436526-3267','4d0354e4-1b99-4a45-a4c6-51e45b7fdc8f','vless',1744051304,'[\"vless:\\/\\/4d0354e4-1b99-4a45-a4c6-51e45b7fdc8f@A.QAZI.LOL:34010?type=tcp&security=none&path=\\/&host=&headerType=http#VIP-7844436526-3267\"]',79000,1,'1741459304',0,0,0),
(182,'676807927','ZX7vsu9u38SOVQNIcJvo3g6GoBmyNH','',21,2,0,'VIP-676807927-44450','dd035661-6473-428a-a56f-ff1fcff590c1','vless',1744054465,'[\"vless:\\/\\/dd035661-6473-428a-a56f-ff1fcff590c1@A.QAZI.LOL:27911?type=tcp&security=none&path=\\/&host=&headerType=http#VIP-676807927-44450\"]',79000,1,'1741462465',0,0,0),
(183,'1700532725','Eju2uQO1i1TnZSIe8icleR9O5kSLMH','',2,1,18,'CIP-1700532725-68468','3237286b-21b2-4986-804c-7762d4b9fe72','vless',1744061035,'[\"vless:\\/\\/3237286b-21b2-4986-804c-7762d4b9fe72@a.qazi.lol:27782?type=tcp&security=none&headerType=http&path=\\/&host=#CIP-1700532725-68468\"]',35000,1,'1741469035',0,0,0),
(184,'6929877096','zKM6thT6ygKuDkxVTCGJsiF5rkao56','',20,2,0,'VIP-6929877096-20899','f7c29e6c-9b8c-4853-898c-3d4cdf58d769','vless',1744061038,'[\"vless:\\/\\/f7c29e6c-9b8c-4853-898c-3d4cdf58d769@A.QAZI.LOL:60195?type=tcp&security=none&path=\\/&host=&headerType=http#VIP-6929877096-20899\"]',45000,1,'1741469038',0,0,0),
(185,'676807927','YAx5bJesiMHtOl2J3KinqsVTSLM9pZ','',20,2,0,'VIP-676807927-41201','a2a3526f-3948-4d3a-8894-663b473731eb','vless',1744080798,'[\"vless:\\/\\/a2a3526f-3948-4d3a-8894-663b473731eb@A.QAZI.LOL:34014?type=tcp&security=none&path=\\/&host=&headerType=http#VIP-676807927-41201\"]',45000,1,'1741488798',0,0,0),
(186,'676807927','AUEmycvE4VuvsHkqCCQidsyP6NgbuM','',2,1,18,'CIP-676807927-89134','9038df96-ef10-4ea0-9120-28ab98296d28','vless',1744080832,'[\"vless:\\/\\/9038df96-ef10-4ea0-9120-28ab98296d28@a.qazi.lol:27782?type=tcp&security=none&headerType=http&path=\\/&host=#CIP-676807927-89134\"]',35000,1,'1741488832',0,0,0),
(187,'676807927','GveLuQ7TM1vecQjcOoRaXJKsphiIpt','',21,2,0,'VIP-676807927-23126','4a7f8d61-e581-4246-aa9c-eb2b6c474583','vless',1744227127,'[\"vless:\\/\\/4a7f8d61-e581-4246-aa9c-eb2b6c474583@A.QAZI.LOL:34016?type=tcp&security=none&path=\\/&host=&headerType=http#VIP-676807927-23126\"]',79000,1,'1741635127',0,0,0),
(188,'676807927','FyB66D51WrqcSU9UoeSdLfUwZjlceH','',3,1,18,'CIP-676807927-22399','5156f36f-7563-480c-b164-3b70d62260e1','vless',1744227168,'[\"vless:\\/\\/5156f36f-7563-480c-b164-3b70d62260e1@a.qazi.lol:27782?type=tcp&security=none&headerType=http&path=\\/&host=#CIP-676807927-22399\"]',65000,1,'1741635168',0,0,0),
(194,'676807927','MlOKEF5uvfqIp5uyHJbBxT2iTcXLby','',42,2,18,'VIP-676807927-89107','96de5467-65a2-47d5-b874-134bfa7fffca','vless',1745010499,'[\"vless:\\/\\/96de5467-65a2-47d5-b874-134bfa7fffca@A.QAZI.LOL:27782?type=tcp&security=none&headerType=http&path=\\/&host=#VIP-676807927-89107\"]',59000,1,'1742418499',0,0,0),
(195,'676807927','smbSqL7oWFSSHsMrjQOw48ouyQPKfU','',44,2,18,'VIP-676807927-38683','a05c3d81-b73a-4a71-a6dd-3f373ff7f8cf','vless',1745010538,'[\"vless:\\/\\/a05c3d81-b73a-4a71-a6dd-3f373ff7f8cf@A.QAZI.LOL:27782?type=tcp&security=none&headerType=http&path=\\/&host=#VIP-676807927-38683\"]',130000,1,'1742418538',0,0,0),
(198,'676807927','QbnMJVgJJgAO1P95ZIvzzEjPCymp2f','',42,2,18,'VIP-676807927-95025','45b2f406-4120-4379-b5d7-58734a8589e2','vless',1745306963,'[\"vless:\\/\\/45b2f406-4120-4379-b5d7-58734a8589e2@A.QAZI.LOL:27782?type=tcp&security=none&headerType=http&path=\\/&host=#VIP-676807927-95025\"]',59000,1,'1742714963',0,0,0),
(200,'676807927','QG4HFRZTwjWcmAQeefMB6lu21v6zmX','',2,1,18,'CIP-676807927-11107','1a555151-0d18-4749-a02f-b611b45c9390','vless',1745523156,'[\"vless:\\/\\/1a555151-0d18-4749-a02f-b611b45c9390@a.qazi.lol:27782?type=tcp&security=none&headerType=http&path=\\/&host=#CIP-676807927-11107\"]',55000,1,'1742931156',0,0,0),
(202,'676807927','VuJul7PxXACYSNwbkbrAjsa48NRD6d','',44,2,18,'VIP-676807927-85037','db9ab981-c5d1-46a8-ba2a-d475d73f6d7e','vless',1745675613,'[\"vless:\\/\\/db9ab981-c5d1-46a8-ba2a-d475d73f6d7e@A.QAZI.LOL:27782?type=tcp&security=none&headerType=http&path=\\/&host=#VIP-676807927-85037\"]',130000,1,'1743083613',0,0,0),
(213,'8181325239','Zh6d6FUKKkRZuTmcNalgad6RVuwNtO','',8,1,18,'CIP-8181325239-37313','74dd74ac-a576-4338-bb13-1a2b7bd2644c','vless',1750435304,'[\"vless:\\/\\/74dd74ac-a576-4338-bb13-1a2b7bd2644c@a.qazi.lol:27782?type=tcp&security=none&headerType=http&path=\\/&host=#CIP-8181325239-37313\"]',209000,1,'1745251304',-1,0,0),
(220,'6812703261','DpNo7djl5bWKbnEmcaGyXloYnp9SMC','',47,2,18,'VIP-6812703261-24784','fdd9fde1-5d7e-445b-b0ef-5219f065411a','vless',1751382442,'[\"vless:\\/\\/fdd9fde1-5d7e-445b-b0ef-5219f065411a@A.QAZI.LOL:27782?type=tcp&security=none&headerType=http&path=\\/&host=#VIP-6812703261-24784\"]',239000,1,'1746198442',0,0,0),
(235,'6929877096','kLMJAkUAKb3s5c5S4mQMmVM8IwY5ZN','',42,2,18,'VIP-6929877096-20044','8efa182f-c038-476d-a26a-d891fb8d061b','vless',1751924285,'[\"vless:\\/\\/8efa182f-c038-476d-a26a-d891fb8d061b@A.QAZI.LOL:27782?type=tcp&security=none&headerType=http&path=\\/&host=#VIP-6929877096-20044\"]',65000,1,'1749332285',0,0,0),
(237,'8181325239','Tggln8uYSNjAUxxuKEnGM8jZNMQTkS','',3,1,18,'CIP-8181325239-36279','075b628e-259a-4eb5-9387-bf1d91dc1f64','vless',1752239305,'[\"vless:\\/\\/075b628e-259a-4eb5-9387-bf1d91dc1f64@a.qazi.lol:27782?type=tcp&security=none&headerType=http&path=\\/&host=#CIP-8181325239-36279\"]',95000,1,'1749647305',0,0,0),
(278,'6551472576','y1cOOmF7oN3NWaXK9ngRm86s3rDXjp','',2,1,18,'CIP-6551472576-39736','30245139-febd-41d8-ba37-dca01a166e91','vless',1754865998,'[\"vless:\\/\\/30245139-febd-41d8-ba37-dca01a166e91@a.qazii.shop:27782?type=tcp&security=none&headerType=http&path=\\/&host=#CIP-6551472576-39736\"]',65000,1,'1752273998',0,0,0),
(227,'6234112517','7RGnAhvZT185G9V7NaOiPvBTWXNPxI','',4,1,18,'CIP-6234112517-97723','c72d1ab7-555a-4aa1-8ad6-018a813e6abe','vless',1750445408,'[\"vless:\\/\\/c72d1ab7-555a-4aa1-8ad6-018a813e6abe@a.qazi.lol:27782?type=tcp&security=none&headerType=http&path=\\/&host=#CIP-6234112517-97723\"]',119000,1,'1747853408',0,0,0),
(224,'6812703261','m7a9ac32pMyAl6Zr7nRisphlzluRvU','',8,1,18,'CIP-6812703261-4064','8bca50aa-bc1b-4a4c-9032-92e779d0c2bb','vless',1752262333,'[\"vless:\\/\\/8bca50aa-bc1b-4a4c-9032-92e779d0c2bb@a.qazi.lol:27782?type=tcp&security=none&headerType=http&path=\\/&host=#CIP-6812703261-4064\"]',219000,1,'1747078333',0,0,0),
(239,'8181325239','xvdItOQnvWBIqzOjULKsFLnD6WkRYl','',4,1,18,'CIP-8181325239-76257','d09b3e9d-765c-43b1-877a-3f81e1dff1d0','vless',1752384972,'[\"vless:\\/\\/d09b3e9d-765c-43b1-877a-3f81e1dff1d0@a.qazi.lol:27782?type=tcp&security=none&headerType=http&path=\\/&host=#CIP-8181325239-76257\"]',125000,1,'1749792972',0,0,0),
(214,'1700532725','jC7M9TrGD1ldbwbp4YgDXz1pNvsciY','',2,1,18,'CIP-1700532725-65745','479cdfe3-aae4-43b3-81eb-8444cb8ffe19','vless',1747983167,'[\"vless:\\/\\/479cdfe3-aae4-43b3-81eb-8444cb8ffe19@a.qazi.lol:27782?type=tcp&security=none&headerType=http&path=\\/&host=#CIP-1700532725-65745\"]',55000,1,'1745391167',0,0,0),
(215,'8181325239','uUThJhELtDet1p2ucNl47vK6Qg5akG','',3,1,18,'CIP-8181325239-2147','f58b7070-0090-4e8b-b5d6-2538df3ecdf2','vless',1748028205,'[\"vless:\\/\\/f58b7070-0090-4e8b-b5d6-2538df3ecdf2@a.qazi.lol:27782?type=tcp&security=none&headerType=http&path=\\/&host=#CIP-8181325239-2147\"]',81000,1,'1745436205',0,0,0),
(234,'7844436526','jRRiEBKt1cdPRemPa7GUaNIAammveq','',47,2,18,'VIP-7844436526-58766','b214ae20-48ac-4ce8-a364-a5aa087aa85c','vless',1754484769,'[\"vless:\\/\\/b214ae20-48ac-4ce8-a364-a5aa087aa85c@A.QAZI.LOL:27782?type=tcp&security=none&headerType=http&path=\\/&host=#VIP-7844436526-58766\"]',239000,1,'1749300769',0,0,0),
(228,'7844436526','XPNpoZxIsT3FGAWgQnnIX2H2OYDo3L','',47,2,18,'VIP-7844436526-98056','287d5d81-4fff-4040-bc6d-8bf092db5996','vless',1753042611,'[\"vless:\\/\\/287d5d81-4fff-4040-bc6d-8bf092db5996@A.QAZI.LOL:27782?type=tcp&security=none&headerType=http&path=\\/&host=#VIP-7844436526-98056\"]',239000,1,'1747858611',0,0,0),
(261,'744317523','FhLCmvbj6HvicHYJ97svqBxmX26Ckg','',42,2,18,'VIP-744317523-54063','ae1cc3c1-f996-483d-aee0-d3df030ea86b','vless',1754129101,'[\"vless:\\/\\/ae1cc3c1-f996-483d-aee0-d3df030ea86b@A.QAZI.LOL:27782?type=tcp&security=none&headerType=http&path=\\/&host=#VIP-744317523-54063\"]',69000,1,'1751537101',0,0,0),
(324,'5839789159','RWhDVnAMJUs2Y3f2jJBkWQboM1tdpX','',3,1,18,'CIP-5839789159-49209','4b052a54-c962-4d14-91f3-4e7745909cff','vless',1761308440,'[\"vless:\\/\\/4b052a54-c962-4d14-91f3-4e7745909cff@a.qazii.shop:27782?type=tcp&security=none&headerType=http&path=\\/&host=#CIP-5839789159-49209\"]',115000,1,'1758716440',0,0,0),
(233,'8181325239','cXTAvo86pBrjVFZ5UPnVvFDAz2Q268','',3,1,18,'CIP-8181325239-73888','d1fc2d26-6305-4c90-b23f-8a4cd44d3bd7','vless',1751564215,'[\"vless:\\/\\/d1fc2d26-6305-4c90-b23f-8a4cd44d3bd7@a.qazi.lol:27782?type=tcp&security=none&headerType=http&path=\\/&host=#CIP-8181325239-73888\"]',95000,1,'1748972215',-1,0,0),
(243,'1700532725','5AGT3oBsbgSXykTv5zdpKVRNQh8Q8v','',2,1,18,'CIP-1700532725-82882','a6529d15-93da-4b9f-af32-839a9893ac9d','vless',1752572038,'[\"vless:\\/\\/a6529d15-93da-4b9f-af32-839a9893ac9d@a.qazi.lol:27782?type=tcp&security=none&headerType=http&path=\\/&host=#CIP-1700532725-82882\"]',55000,1,'1749980038',0,0,0),
(244,'6298606714','R5lMwlqxuQP7j94U4OZpCziAWrzvDA','',43,2,18,'VIP-6298606714-46652','e3f55b1b-1902-4903-8cca-5051f8e058f8','vless',1752573264,'[\"vless:\\/\\/e3f55b1b-1902-4903-8cca-5051f8e058f8@A.QAZI.LOL:27782?type=tcp&security=none&headerType=http&path=\\/&host=#VIP-6298606714-46652\"]',109000,1,'1749981264',0,0,0),
(245,'676807927','S2czXeWtzjcpeXy6A9IM7dTrvtfR7l','',2,1,18,'CIP-676807927-19738','21551c7e-2ed6-4f8a-a3dc-8564c0e62147','vless',1752705738,'[\"vless:\\/\\/21551c7e-2ed6-4f8a-a3dc-8564c0e62147@a.qazi.lol:27782?type=tcp&security=none&headerType=http&path=\\/&host=#CIP-676807927-19738\"]',55000,1,'1750113738',0,0,0),
(246,'586924831','2vNIRlTb1BMa4j2zYfFkGnyrhlcNME','',42,2,18,'VIP-586924831-14286','77f53edb-7bda-4986-8bd9-a3fa83aea184','vless',1752728263,'[\"vless:\\/\\/77f53edb-7bda-4986-8bd9-a3fa83aea184@A.QAZI.LOL:27782?type=tcp&security=none&headerType=http&path=\\/&host=#VIP-586924831-14286\"]',65000,1,'1750136263',0,0,0),
(247,'586924831','8UdfuVNyzONAB3JjDcIrwR89ywFJst','',2,1,18,'CIP-586924831-37140','d1fe4cd6-5ba4-47d0-a612-4e960c34ac52','vless',1752728632,'[\"vless:\\/\\/d1fe4cd6-5ba4-47d0-a612-4e960c34ac52@a.qazi.lol:27782?type=tcp&security=none&headerType=http&path=\\/&host=#CIP-586924831-37140\"]',55000,1,'1750136632',0,0,0),
(248,'586924831','w5E4UqI6zXK7HLGEuEzssMZk5TJwWi','',52,1,18,'CIP-586924831-31805','eb15a2c3-ee20-43bf-86c6-2ec1f112ab1f','vless',1752994238,'[\"vless:\\/\\/eb15a2c3-ee20-43bf-86c6-2ec1f112ab1f@a.qazi.lol:27782?type=tcp&security=none&headerType=http&path=\\/&host=#CIP-586924831-31805\"]',30000,1,'1750143038',0,0,0),
(249,'586924831','oWqOYiofEBhIWYF8jvDiZSB9MY6TtL','',53,8,18,'cg-586924831-6312','a69d2873-4576-4adf-838f-063e5b6d75f8','vless',1807685612,'[\"vless:\\/\\/a69d2873-4576-4adf-838f-063e5b6d75f8@a.qazi.lol:27782?type=tcp&security=none&headerType=http&path=\\/&host=#cg-586924831-6312\"]',600000,1,'1750143212',0,0,0),
(250,'676807927','d6l4DNFRoLIoy25vjzH5YhajANxP7D','',2,1,18,'CIP-676807927-49575','e8fc3129-1d79-450b-b85b-2c44f88a32ff','vless',1752735334,'[\"vless:\\/\\/e8fc3129-1d79-450b-b85b-2c44f88a32ff@a.qazi.lol:27782?type=tcp&security=none&headerType=http&path=\\/&host=#CIP-676807927-49575\"]',55000,1,'1750143334',0,0,0),
(251,'586924831','I1FANRM4TfoUyU8lgtUoWIMfeGsdSN','',2,1,18,'CIP-586924831-19187','26e3199f-9fbf-4805-937b-32081d6bfffe','vless',1752739946,'[\"vless:\\/\\/26e3199f-9fbf-4805-937b-32081d6bfffe@a.qazi.lol:27782?type=tcp&security=none&headerType=http&path=\\/&host=#CIP-586924831-19187\"]',55000,1,'1750147946',0,0,0),
(252,'744317523','9WeSNNzddqKlxeXq39wftv4eagveZT','',42,2,18,'VIP-744317523-96414','9e9c980b-b2d4-4e0e-9606-cde16b8a18ee','vless',1752747976,'[\"vless:\\/\\/9e9c980b-b2d4-4e0e-9606-cde16b8a18ee@A.QAZI.LOL:27782?type=tcp&security=none&headerType=http&path=\\/&host=#VIP-744317523-96414\"]',65000,1,'1750155976',0,0,0),
(253,'744317523','tMbA7cshVtD563xbYqhvtykgLtDSAZ','',42,2,18,'VIP-744317523-7482','a3beec8f-7641-499c-ab53-7030ace54ecd','vless',1752763229,'[\"vless:\\/\\/a3beec8f-7641-499c-ab53-7030ace54ecd@A.QAZI.LOL:27782?type=tcp&security=none&headerType=http&path=\\/&host=#VIP-744317523-7482\"]',65000,1,'1750171229',0,0,0),
(254,'744317523','yUG3kDkDx3IlyQpEh7Bt7mvqdT2uiR','',42,2,18,'VIP-744317523-9524','82ded063-a213-4f86-90ba-cd87b541284e','vless',1752765612,'[\"vless:\\/\\/82ded063-a213-4f86-90ba-cd87b541284e@A.QAZII.SHOP:27782?type=tcp&security=none&headerType=http&path=\\/&host=#VIP-744317523-9524\"]',65000,1,'1750173612',0,0,0),
(255,'1700532725','y5pkgmFNyerVBnhINBQBFY2d8G6GBN','',2,1,18,'CIP-1700532725-71523','aaa003a3-619e-4501-902f-770992137a92','vless',1752772280,'[\"vless:\\/\\/aaa003a3-619e-4501-902f-770992137a92@a.qazi.lol:27782?type=tcp&security=none&headerType=http&path=\\/&host=#CIP-1700532725-71523\"]',55000,1,'1750180280',0,0,0),
(301,'6812703261','1s1eQ1lBKQC3N3EPDAeVCfuRtilckJ','',4,1,18,'CIP-6812703261-90896','88f8ec05-2b3b-4a69-a953-57045102f2f3','vless',1757940953,'[\"vless:\\/\\/88f8ec05-2b3b-4a69-a953-57045102f2f3@a.qazii.shop:27782?type=tcp&security=none&headerType=http&path=\\/&host=#CIP-6812703261-90896\"]',129000,1,'1755348953',0,0,0),
(257,'6298606714','hr8A2LdhFb8qHP2nsfLV2Fk5BxMS51','',43,2,18,'VIP-6298606714-62253','dbe00854-45c3-4e2c-a827-efde3f55f40d','vless',1752781005,'[\"vless:\\/\\/dbe00854-45c3-4e2c-a827-efde3f55f40d@A.QAZI.LOL:27782?type=tcp&security=none&headerType=http&path=\\/&host=#VIP-6298606714-62253\"]',109000,1,'1750189005',0,0,0),
(258,'6234112517','f3wB4sDVmMXZ2Ix5JI8n7hDuUgZSNg','',4,1,18,'CIP-6234112517-54723','5412ba0c-b12f-4201-a2c0-5a92590f4186','vless',1752789783,'[\"vless:\\/\\/5412ba0c-b12f-4201-a2c0-5a92590f4186@a.qazi.lol:27782?type=tcp&security=none&headerType=http&path=\\/&host=#CIP-6234112517-54723\"]',119000,1,'1750197783',0,0,0),
(259,'1325890941','FktXi2CEr7z4J5iiGE4nIQSQvMbdfY','',42,2,18,'VIP-1325890941-72290','a5649ece-dc0f-49b6-8e7c-9151c891a698','vless',1752831543,'[\"vless:\\/\\/a5649ece-dc0f-49b6-8e7c-9151c891a698@A.QAZI.LOL:27782?type=tcp&security=none&headerType=http&path=\\/&host=#VIP-1325890941-72290\"]',65000,1,'1750239543',0,0,0),
(276,'744317523','fcelaxQnnYJloNTq788ZsNjPrdoYAT','',42,2,18,'VIP-744317523-77312','c5457ac8-4244-44ef-b15b-99f8764a4abe','vless',1754648140,'[\"vless:\\/\\/c5457ac8-4244-44ef-b15b-99f8764a4abe@a.qazii.shop:27782?type=tcp&security=none&headerType=http&path=\\/&host=#VIP-744317523-77312\"]',69000,1,'1752056140',0,0,0),
(277,'6929877096','WXcjngpQuFmD65P5WkO3xXRhPmr9jp','',42,2,18,'VIP-6929877096-34516','8e9cde20-468d-439e-8172-77ab06c0e9d4','vless',1754655418,'[\"vless:\\/\\/8e9cde20-468d-439e-8172-77ab06c0e9d4@A.QAZII.SHOP:27782?type=tcp&security=none&headerType=http&path=\\/&host=#VIP-6929877096-34516\"]',69000,1,'1752063418',0,0,0),
(280,'586924831','pxCNia3RrtLJine7ua6JMKVmxKGYLB','',2,1,18,'CIP-586924831-28303','41d96b45-6960-4b62-8036-49fcf2ffb0eb','vless',1755154408,'[\"vless:\\/\\/41d96b45-6960-4b62-8036-49fcf2ffb0eb@a.qazii.shop:27782?type=tcp&security=none&headerType=http&path=\\/&host=#CIP-586924831-28303\"]',65000,1,'1752562408',0,0,0),
(281,'586924831','hJPTfX6GKsqex3WsYxFrZQYaCEck3N','',45,2,18,'VIP-586924831-10796','a1f667ca-e633-43ae-8734-45761d806219','vless',1755154567,'[\"vless:\\/\\/a1f667ca-e633-43ae-8734-45761d806219@a.qazii.shop:27782?type=tcp&security=none&headerType=http&path=\\/&host=#VIP-586924831-10796\"]',199000,1,'1752562567',0,0,0),
(282,'676807927','SVFcshN5ZIsC83mMJplY1OyBhxpK4T','',2,1,18,'CIP-676807927-77149','387184ef-56ad-49c9-9072-3b5ac4e89369','vless',1755154699,'[\"vless:\\/\\/387184ef-56ad-49c9-9072-3b5ac4e89369@a.qazii.shop:27782?type=tcp&security=none&headerType=http&path=\\/&host=#CIP-676807927-77149\"]',65000,1,'1752562699',0,0,0),
(283,'676807927','17frsMYbb6kH4AqoGDYYPLwY1FGIQk','',47,2,18,'VIP-676807927-56113','f26e39df-fc84-4a0d-9b2c-303ae25a838b','vless',1757746752,'[\"vless:\\/\\/f26e39df-fc84-4a0d-9b2c-303ae25a838b@a.qazii.shop:27782?type=tcp&security=none&headerType=http&path=\\/&host=#VIP-676807927-56113\"]',239000,1,'1752562752',0,0,0),
(284,'6812703261','N6e8GrRESlnzokLA9nI2lHcGivATWy','',4,1,18,'CIP-6812703261-34138','78f7a7c7-7b4b-43ae-aa27-4a056c9b372e','vless',1755268630,'[\"vless:\\/\\/78f7a7c7-7b4b-43ae-aa27-4a056c9b372e@a.qazii.shop:27782?type=tcp&security=none&headerType=http&path=\\/&host=#CIP-6812703261-34138\"]',129000,1,'1752676630',0,0,0),
(332,'5566961640','7eEswHo8GALbnntGvqPZRTEgh5V7Rt','',2,1,18,'CIP-5566961640-46727','8f90fd5e-928f-4b01-804c-c877aa408215','vless',1763143930,'[\"vless:\\/\\/8f90fd5e-928f-4b01-804c-c877aa408215@a.qazii.shop:27782?type=tcp&security=none&headerType=http&path=\\/&host=#CIP-5566961640-46727\"]',65000,1,'1760551930',0,0,0),
(287,'6812703261','VUSnDPQWh2AdmEkH9lGP49uIQWOf8V','',47,2,18,'VIP-6812703261-79974','6fd08c16-3bb6-4b92-a3ca-27e396a93dc2','vless',1758475846,'[\"vless:\\/\\/6fd08c16-3bb6-4b92-a3ca-27e396a93dc2@A.QAZII.SHOP:27782?type=tcp&security=none&headerType=http&path=\\/&host=#VIP-6812703261-79974\"]',239000,1,'1753291846',0,0,0),
(288,'7369066002','MdwQnz1svYAXWdj71evxvtFXGMGPTM','',3,1,18,'CIP-7369066002-98629','0e74b17f-ac41-4c97-bf11-47c2d15fbf23','vless',1755975999,'[\"vless:\\/\\/0e74b17f-ac41-4c97-bf11-47c2d15fbf23@a.qazii.shop:27782?type=tcp&security=none&headerType=http&path=\\/&host=#CIP-7369066002-98629\"]',99000,1,'1753383999',0,0,0),
(289,'7369066002','DGah1ONYstd9SVD4vYiUxEQcj196EL','',3,1,18,'CIP-7369066002-21749','b3cdd44f-f213-43b3-9d0d-bb434ddfa020','vless',1756142080,'[\"vless:\\/\\/b3cdd44f-f213-43b3-9d0d-bb434ddfa020@a.qazii.shop:27782?type=tcp&security=none&headerType=http&path=\\/&host=#CIP-7369066002-21749\"]',99000,1,'1753550080',0,0,0),
(290,'6812703261','RLneEcnsY3dOFK93HOLUtW2iupp9gy','',42,2,18,'VIP-6812703261-7809','72da0049-5b6e-463c-96fa-3197c28eb7d4','vless',1756149085,'[\"vless:\\/\\/72da0049-5b6e-463c-96fa-3197c28eb7d4@A.QAZII.SHOP:27782?type=tcp&security=none&headerType=http&path=\\/&host=#VIP-6812703261-7809\"]',69000,1,'1753557085',0,0,0),
(291,'744317523','i8o8KdIyVW8qMYFeOf1ziEm9iLhK9A','',43,2,18,'VIP-744317523-54026','219d2a20-0fcc-45ee-9401-6fc88a6dfde5','vless',1756286529,'[\"vless:\\/\\/219d2a20-0fcc-45ee-9401-6fc88a6dfde5@A.QAZII.SHOP:27782?type=tcp&security=none&headerType=http&path=\\/&host=#VIP-744317523-54026\"]',109000,1,'1753694529',0,0,0),
(303,'8324916439','6439exm5YJzVW3SkF3kccVeiGpXOWn','',2,1,18,'CIP-8324916439-50226','55d70075-fcf7-456b-a55b-771be2a3d643','vless',1758373168,'[\"vless:\\/\\/55d70075-fcf7-456b-a55b-771be2a3d643@a.qazii.shop:27782?type=tcp&security=none&headerType=http&path=\\/&host=#CIP-8324916439-50226\"]',65000,1,'1755781168',0,0,0),
(293,'6234112517','Ji8aRMKY672C8E27Ic9fkXzn9v5Msc','',4,1,18,'CIP-6234112517-35943','5e81577e-0d16-4d7e-9bd2-55a03cc47dc9','vless',1756475007,'[\"vless:\\/\\/5e81577e-0d16-4d7e-9bd2-55a03cc47dc9@a.qazii.shop:27782?type=tcp&security=none&headerType=http&path=\\/&host=#CIP-6234112517-35943\"]',129000,1,'1753883007',0,0,0),
(294,'676807927','uFj5ThK68RJNqKPyUfPLAJvdcjjdwu','',2,1,18,'CIP-676807927-50419','492d5298-8240-4374-806f-38cc169b5f0f','vless',1756475090,'[\"vless:\\/\\/492d5298-8240-4374-806f-38cc169b5f0f@a.qazii.shop:27782?type=tcp&security=none&headerType=http&path=\\/&host=#CIP-676807927-50419\"]',65000,1,'1753883090',0,0,0),
(296,'744317523','fkHn1ShOPmDriSMTmMG2MW3XU5WJQE','',43,2,18,'VIP-744317523-35134','ca706a1f-df7a-43de-95b7-14edbc0e6f58','vless',1757195083,'[\"vless:\\/\\/ca706a1f-df7a-43de-95b7-14edbc0e6f58@A.QAZII.SHOP:27782?type=tcp&security=none&headerType=http&path=\\/&host=#VIP-744317523-35134\"]',109000,1,'1754603083',0,0,0),
(298,'7844436526','C88pGmyqewqu9bV5Tfm9i6mCfDRN8z','',44,2,18,'VIP-7844436526-62515','686ea017-b0f2-4107-bcb7-8de57993e14b','vless',1757500798,'[\"vless:\\/\\/686ea017-b0f2-4107-bcb7-8de57993e14b@A.QAZII.SHOP:27782?type=tcp&security=none&headerType=http&path=\\/&host=#VIP-7844436526-62515\"]',139000,1,'1754908798',0,0,0),
(305,'6812703261','fyz3rfPwJKhU5AWnuXCsYZemUnfKYo','',8,1,18,'CIP-6812703261-81448','803713d5-899a-4f3b-9c1b-056597a01382','vless',1761238859,'[\"vless:\\/\\/803713d5-899a-4f3b-9c1b-056597a01382@a.qazii.shop:27782?type=tcp&security=none&headerType=http&path=\\/&host=#CIP-6812703261-81448\"]',219000,1,'1756054859',0,0,0),
(306,'676807927','IpKpWD7puWzZgSCIVzq7gLYCVmc2mr','',2,1,18,'CIP-676807927-1762','1090933a-f0fc-4ae9-a5f0-52c32cd64946','vless',1758706836,'[\"vless:\\/\\/1090933a-f0fc-4ae9-a5f0-52c32cd64946@a.qazii.shop:27782?type=tcp&security=none&headerType=http&path=\\/&host=#CIP-676807927-1762\"]',65000,1,'1756114836',0,0,0),
(307,'6812703261','CW4ce5gPqMwMYJuQ3FBPFuJiGfgNJk','',47,2,18,'VIP-6812703261-95954','37f76d52-2567-42dd-a638-0b412cc82e43','vless',1761322141,'[\"vless:\\/\\/37f76d52-2567-42dd-a638-0b412cc82e43@A.QAZII.SHOP:27782?type=tcp&security=none&headerType=http&path=\\/&host=#VIP-6812703261-95954\"]',249000,1,'1756138141',0,0,0),
(308,'8324916439','b3KroqIEA2vIYMT6hUCWnUso4NAgnO','',2,1,18,'CIP-8324916439-29515','616c5a24-b2c0-416b-9a11-c304cf5aba87','vless',1758733041,'[\"vless:\\/\\/616c5a24-b2c0-416b-9a11-c304cf5aba87@a.qazii.shop:27782?type=tcp&security=none&headerType=http&path=\\/&host=#CIP-8324916439-29515\"]',65000,1,'1756141041',0,0,0),
(321,'6929877096','iREqpfCtfpqUiOq1Y8xIEmzVgwz8tq','',42,2,18,'VIP-6929877096-10432','e62344ac-6a6e-4155-a1c8-d55689e7a6b8','vless',1761000780,'[\"vless:\\/\\/e62344ac-6a6e-4155-a1c8-d55689e7a6b8@A.QAZII.SHOP:27782?type=tcp&security=none&headerType=http&path=\\/&host=#VIP-6929877096-10432\"]',75000,1,'1758408780',0,0,0),
(314,'512526737','NaDQFah9gKTMWzuuRy1F6mZMVmtMHt','',2,1,18,'CIP-512526737-25732','2e95942b-a356-44fe-9d4e-8a82e66d5121','vless',1759954389,'[\"vless:\\/\\/2e95942b-a356-44fe-9d4e-8a82e66d5121@a.qazii.shop:27782?type=tcp&security=none&headerType=http&path=\\/&host=#CIP-512526737-25732\"]',65000,1,'1757362389',1760127362,0,0),
(312,'676807927','fDKsFSnbOA6RgW1heiXEQDG1IRbhGc','',2,1,18,'CIP-676807927-62370','a4b23df3-de95-4e3c-a3d2-6ea848512b2d','vless',1759690681,'[\"vless:\\/\\/a4b23df3-de95-4e3c-a3d2-6ea848512b2d@a.qazii.shop:27782?type=tcp&security=none&headerType=http&path=\\/&host=#CIP-676807927-62370\"]',65000,1,'1757098681',0,0,0),
(313,'7844436526','vFi8NImrIHOsTctluxoTk8Q4B9jp1a','',47,2,18,'VIP-7844436526-66600','0c5ec866-0b9c-4153-95db-a971c6b8e7da','vless',1762423941,'[\"vless:\\/\\/0c5ec866-0b9c-4153-95db-a971c6b8e7da@A.QAZII.SHOP:27782?type=tcp&security=none&headerType=http&path=\\/&host=#VIP-7844436526-66600\"]',269000,1,'1757239941',-1,0,0),
(317,'6812703261','ZkaikswVo1s8uYAU3L2y1PRkaSzcmI','',4,1,18,'CIP-6812703261-51609','ef21826d-87cb-4be0-ad8d-984a2aeddf3f','vless',1760642227,'[\"vless:\\/\\/ef21826d-87cb-4be0-ad8d-984a2aeddf3f@a.qazii.shop:27782?type=tcp&security=none&headerType=http&path=\\/&host=#CIP-6812703261-51609\"]',139000,1,'1758050227',0,0,0),
(315,'6234112517','gCyigf1OmwepEIxawWjj18cTDKvRcY','',4,1,18,'CIP-6234112517-1140','8abcdbe3-6ae7-4afe-84cb-9b4cce60d60d','vless',1760047150,'[\"vless:\\/\\/8abcdbe3-6ae7-4afe-84cb-9b4cce60d60d@a.qazii.shop:27782?type=tcp&security=none&headerType=http&path=\\/&host=#CIP-6234112517-1140\"]',139000,1,'1757455150',0,0,0),
(342,'1374725698','zMiqZ79Npb7nzzJkj3WopPCnxKpoCR','',56,2,18,'VIP-1374725698-91054','c78ba6ab-f9b9-466a-892a-c88b0f055bfa','vless',1762423067,'[\"vless:\\/\\/c78ba6ab-f9b9-466a-892a-c88b0f055bfa@A.QAZII.SHOP:27782?type=tcp&security=none&headerType=http&path=\\/&host=#VIP-1374725698-91054\"]',19900,1,'1761818267',0,0,0),
(319,'5839789159','XnFeiRkdLN7N2tZWNki35EZNj3mSjv','',2,1,18,'CIP-5839789159-66332','e92d12b3-b25d-4972-b85a-fdc8ed065c70','vless',1760764001,'[\"vless:\\/\\/e92d12b3-b25d-4972-b85a-fdc8ed065c70@a.qazii.shop:27782?type=tcp&security=none&headerType=http&path=\\/&host=#CIP-5839789159-66332\"]',65000,1,'1758172001',0,0,0),
(326,'676807927','6pAvHTCPZXy1AD2w1L16BKT8sgekdj','',56,2,18,'VIP-676807927-87087','b5ce6c19-e225-4db7-87d2-a1d20d44b887','vless',1760065068,'[\"vless:\\/\\/b5ce6c19-e225-4db7-87d2-a1d20d44b887@A.QAZII.SHOP:27782?type=tcp&security=none&headerType=http&path=\\/&host=#VIP-676807927-87087\"]',19900,1,'1759460268',0,0,0),
(327,'512526737','yLPPRpyRMYUpkdZlDbGp7l5HsOuAS2','',4,1,18,'CIP-512526737-77151','25acce5c-3fa9-401b-969e-19971c55a0da','vless',1762061485,'[\"vless:\\/\\/25acce5c-3fa9-401b-969e-19971c55a0da@a.qazii.shop:27782?type=tcp&security=none&headerType=http&path=\\/&host=#CIP-512526737-77151\"]',139000,1,'1759469485',-1,0,0),
(329,'6812703261','sXw5I58UgqM6qo256X12FFSAQsm8gT','',47,2,18,'VIP-6812703261-34358','b56ab156-c572-4fc6-882b-e2cbfc214150','vless',1765059849,'[\"vless:\\/\\/b56ab156-c572-4fc6-882b-e2cbfc214150@A.QAZII.SHOP:27782?type=tcp&security=none&headerType=http&path=\\/&host=#VIP-6812703261-34358\"]',269000,1,'1759875849',0,0,0),
(330,'512526737','19Fzw4yuokvsKqnkAWUTHshKsjfKG5','',4,1,18,'CIP-512526737-24043','ded22e9c-27be-428a-b2ae-c308f02aa204','vless',1762490753,'[\"vless:\\/\\/ded22e9c-27be-428a-b2ae-c308f02aa204@a.qazii.shop:27782?type=tcp&security=none&headerType=http&path=\\/&host=#CIP-512526737-24043\"]',139000,1,'1759898753',0,0,0),
(331,'586924831','OA9DSSX7LHpyBTT5aU7lmGzvRvNQIH','',2,1,18,'CIP-586924831-84392','96bb3c5b-e1aa-4439-845c-95ca0dbfec13','vless',1762877076,'[\"vless:\\/\\/96bb3c5b-e1aa-4439-845c-95ca0dbfec13@a.qazii.shop:27782?type=tcp&security=none&headerType=http&path=\\/&host=#CIP-586924831-84392\"]',65000,1,'1760285076',0,0,0),
(333,'7901515361','wkdcebHWCucPKYXSHmNSXiTcKcrrgQ','',2,1,18,'CIP-7901515361-33020','e36fd801-62cd-41f6-9a1a-dfc11d1faade','vless',1763149295,'[\"vless:\\/\\/e36fd801-62cd-41f6-9a1a-dfc11d1faade@a.qazii.shop:27782?type=tcp&security=none&headerType=http&path=\\/&host=#CIP-7901515361-33020\"]',65000,1,'1760557295',0,0,0),
(334,'5839789159','VjkHkzpADKh53qs7QH2rItwOmbenNm','',2,1,18,'CIP-5839789159-14460','f2906e11-2f49-40c5-8f79-4ed4a2269099','vless',1763212895,'[\"vless:\\/\\/f2906e11-2f49-40c5-8f79-4ed4a2269099@a.qazii.shop:27782?type=tcp&security=none&headerType=http&path=\\/&host=#CIP-5839789159-14460\"]',65000,1,'1760620895',0,0,0),
(335,'6812703261','9BpyZujAvdCjhOBk3zldINPCT9lqg3','',3,1,18,'CIP-6812703261-76861','2b084c3b-3f86-468a-9e31-c6a4521e0f38','vless',1763317054,'[\"vless:\\/\\/2b084c3b-3f86-468a-9e31-c6a4521e0f38@a.qazii.shop:27782?type=tcp&security=none&headerType=http&path=\\/&host=#CIP-6812703261-76861\"]',115000,1,'1760725054',0,0,0),
(337,'6929877096','JI3lTQIrKx7qhnpoLoqHaBAX1Abe5F','',42,2,18,'VIP-6929877096-75714','ddf10949-ab9f-4c6a-9ad1-55f95366f685','vless',1763587327,'[\"vless:\\/\\/ddf10949-ab9f-4c6a-9ad1-55f95366f685@A.QAZII.SHOP:27782?type=tcp&security=none&headerType=http&path=\\/&host=#VIP-6929877096-75714\"]',75000,1,'1760995327',0,0,0),
(338,'1790691070','8OKsUpXOX62trhXsE1Cf2YmfADr3LV','',5,1,18,'CIP-1790691070-91303','22e2ebf3-a8f0-4430-bae1-07f41674c383','vless',1763657960,'[\"vless:\\/\\/22e2ebf3-a8f0-4430-bae1-07f41674c383@a.qazii.shop:27782?type=tcp&security=none&headerType=http&path=\\/&host=#CIP-1790691070-91303\"]',189000,1,'1761065960',0,0,0),
(339,'512526737','CI2XqWiEWZXUHfUHm5PMSoLKy6WbUP','',4,1,18,'CIP-512526737-33495','287d8627-4be2-4b85-80ea-e065f9ac5426','vless',1763707449,'[\"vless:\\/\\/287d8627-4be2-4b85-80ea-e065f9ac5426@a.qazii.shop:27782?type=tcp&security=none&headerType=http&path=\\/&host=#CIP-512526737-33495\"]',139000,1,'1761115449',0,0,0),
(340,'586924831','I5LtrDTULHyrZgBdwOcZpBBed9VkIK','',2,1,18,'CIP-586924831-80503','06e060c9-68a9-456e-adb8-94ff203ce898','vless',1763755130,'[\"vless:\\/\\/06e060c9-68a9-456e-adb8-94ff203ce898@a.qazii.shop:27782?type=tcp&security=none&headerType=http&path=\\/&host=#CIP-586924831-80503\"]',65000,1,'1761163130',0,0,0),
(341,'6234112517','JYS6dNLzhqckeXM1ITTL8mNqYmhXjm','',4,1,18,'CIP-6234112517-6367','11760d3e-3103-4e4c-a1c6-c0057833b66e','vless',1763819824,'[\"vless:\\/\\/11760d3e-3103-4e4c-a1c6-c0057833b66e@a.qazii.shop:27782?type=tcp&security=none&headerType=http&path=\\/&host=#CIP-6234112517-6367\"]',139000,1,'1761227824',0,0,0),
(343,'6812703261','KbDNdxo9xxoXi24sslcvlcVs7kSXJc','',8,1,18,'CIP-6812703261-63730','82a29be5-0218-442e-a04d-c3f5382ee4fc','vless',1767002936,'[\"vless:\\/\\/82a29be5-0218-442e-a04d-c3f5382ee4fc@a.qazii.shop:27782?type=tcp&security=none&headerType=http&path=\\/&host=#CIP-6812703261-63730\"]',249000,1,'1761818936',0,0,0),
(344,'121094883','Kb4GBCuhKLNncvFJuhUxSuu2NfHT71','',2,1,18,'CIP-121094883-76858','dbd21d35-0a4d-496b-a5be-4a4112f90388','vless',1764443031,'[\"vless:\\/\\/dbd21d35-0a4d-496b-a5be-4a4112f90388@a.qazii.shop:27782?type=tcp&security=none&headerType=http&path=\\/&host=#CIP-121094883-76858\"]',65000,1,'1761851031',0,0,0),
(345,'5983519504','9gGoXukbT3ANmuwAPAlwWXPdgZ4z4t','',3,1,18,'CIP-5983519504-17838','ab8530ad-8825-46f3-b2c7-be0c08727406','vless',1764757438,'[\"vless:\\/\\/ab8530ad-8825-46f3-b2c7-be0c08727406@a.qazii.shop:27782?type=tcp&security=none&headerType=http&path=\\/&host=#CIP-5983519504-17838\"]',115000,1,'1762165438',0,0,0),
(346,'1068732821','bOParqBMkgAcuUrksxjAf26mrYJYUy','',3,1,18,'CIP-1068732821-29194','2affcde8-4430-4f2d-9894-5da51568b4c6','vless',1764758409,'[\"vless:\\/\\/2affcde8-4430-4f2d-9894-5da51568b4c6@a.qazii.shop:27782?type=tcp&security=none&headerType=http&path=\\/&host=#CIP-1068732821-29194\"]',80500,1,'1762166409',0,0,0),
(347,'5566961640','PprCGxqA79bSPYPgC5kdPbqVBGoqXl','',2,1,18,'CIP-5566961640-22759','e5b6bf4b-07c0-4d31-9a69-feb5c2062036','vless',1764787926,'[\"vless:\\/\\/e5b6bf4b-07c0-4d31-9a69-feb5c2062036@a.qazii.shop:27782?type=tcp&security=none&headerType=http&path=\\/&host=#CIP-5566961640-22759\"]',65000,1,'1762195926',0,0,0),
(349,'5566961640','DM1S41vP4RqWlEgAm8oxC4Lvz6PWuw','',2,1,18,'CIP-5566961640-65624','634c0039-b02d-43d6-8eb9-136d7df76e45','vless',1764971062,'[\"vless:\\/\\/634c0039-b02d-43d6-8eb9-136d7df76e45@a.qazii.shop:27782?type=tcp&security=none&headerType=http&path=\\/&host=#CIP-5566961640-65624\"]',65000,1,'1762379062',0,0,0),
(350,'512526737','9JIaP78INyaDZgySeA5cFhoXnuc9ox','',4,1,18,'CIP-512526737-14532','f621ac2c-1e27-4cc2-b995-e0878ebf6f07','vless',1765012693,'[\"vless:\\/\\/f621ac2c-1e27-4cc2-b995-e0878ebf6f07@a.qazii.shop:27782?type=tcp&security=none&headerType=http&path=\\/&host=#CIP-512526737-14532\"]',139000,1,'1762420693',0,0,0),
(351,'7844436526','LbJmcECZGq9Q2YNKoRW7tVTHgrto9H','',45,2,18,'VIP-7844436526-91711','65f866d1-6a00-4412-b4b0-7766e9546ebc','vless',1765138902,'[\"vless:\\/\\/65f866d1-6a00-4412-b4b0-7766e9546ebc@A.QAZII.SHOP:27782?type=tcp&security=none&headerType=http&path=\\/&host=#VIP-7844436526-91711\"]',229000,1,'1762546902',0,0,0),
(352,'7129955051','DurHrUUJjAaoNo5vRhC43Mije8F4vk','',43,2,18,'VIP-7129955051-27177','de6d170a-b4c7-4ddf-9008-26105e047701','vless',1765192883,'[\"vless:\\/\\/de6d170a-b4c7-4ddf-9008-26105e047701@A.QAZII.SHOP:27782?type=tcp&security=none&headerType=http&path=\\/&host=#VIP-7129955051-27177\"]',135000,1,'1762600883',0,0,0),
(353,'1374725698','BakBsyVbIKrLYDdALbnH1QNodaCC9y','',58,2,18,'VIP-1374725698-90910','e4fc55eb-dff7-4989-8d9c-49d879572cab','vless',1763226164,'[\"vless:\\/\\/e4fc55eb-dff7-4989-8d9c-49d879572cab@A.QAZII.SHOP:27782?type=tcp&security=none&headerType=http&path=\\/&host=#VIP-1374725698-90910\"]',19900,1,'1762621364',0,0,0),
(354,'5566961640','ARqDyHTzfPGkkZJTYHbfxPs5GH5bE2','',2,1,18,'CIP-5566961640-59603','5e475f20-c2ce-4cbc-a237-8c588947154b','vless',1765305609,'[\"vless:\\/\\/5e475f20-c2ce-4cbc-a237-8c588947154b@a.qazii.shop:27782?type=tcp&security=none&headerType=http&path=\\/&host=#CIP-5566961640-59603\"]',65000,1,'1762713609',0,0,0),
(355,'742761532','G49age4ZYEzCXVbQsS93mIHcZUaKF9','',3,1,18,'CIP-742761532-49666','0af90b9b-1e96-4a82-83b3-4197d4279739','vless',1765554652,'[\"vless:\\/\\/0af90b9b-1e96-4a82-83b3-4197d4279739@a.qazii.shop:27782?type=tcp&security=none&headerType=http&path=\\/&host=#CIP-742761532-49666\"]',115000,1,'1762962652',0,0,0);

--
-- Table structure for table `pays`
--

CREATE TABLE `pays` (
  `id` int(11) NOT NULL AUTO_INCREMENT,
  `hash_id` varchar(1000) NOT NULL,
  `description` varchar(5000) CHARACTER SET utf8mb4 COLLATE utf8mb4_bin DEFAULT NULL,
  `payid` varchar(500) DEFAULT NULL,
  `user_id` bigint(20) NOT NULL,
  `type` varchar(100) DEFAULT NULL,
  `plan_id` int(11) DEFAULT NULL,
  `volume` int(11) DEFAULT NULL,
  `day` int(11) DEFAULT NULL,
  `price` int(11) NOT NULL,
  `tron_price` double(255,2) NOT NULL DEFAULT 0.00,
  `request_date` int(11) NOT NULL,
  `state` varchar(255) NOT NULL,
  `agent_bought` int(11) NOT NULL DEFAULT 0,
  `agent_count` int(11) NOT NULL DEFAULT 0,
  `message_id` int(11) DEFAULT NULL,
  `chat_id` varchar(500) DEFAULT NULL,
  PRIMARY KEY (`id`)
) ENGINE=InnoDB AUTO_INCREMENT=618 DEFAULT CHARSET=latin1 COLLATE=latin1_swedish_ci;

--
-- Dumping data for table `pays`
--

INSERT INTO `pays` VALUES
(2,'KXEtc8Jiw','',NULL,6642620949,'BUY_SUB',2,0,0,35000,0.00,1725652017,'approved',0,0,NULL,NULL),
(3,'33NDe3RAN','',NULL,153518275,'BUY_SUB',23,0,0,159000,0.00,1725665095,'approved',0,0,NULL,NULL),
(6,'zQYXNFdb6','',NULL,1790691070,'BUY_SUB',4,0,0,84000,0.00,1725732270,'approved',0,0,NULL,NULL),
(7,'6qgMmoHtD','n555',NULL,586924831,'BUY_SUB',1,3,7,15300,0.00,1725892787,'approved',0,0,NULL,NULL),
(9,'neSuOrhmG','',NULL,1790691070,'BUY_SUB',3,0,0,65000,0.00,1726031752,'approved',0,0,NULL,NULL),
(10,'pDQexlOJj','',NULL,40621361,'BUY_SUB',19,0,0,25000,0.00,1726094126,'approved',0,0,NULL,NULL),
(11,'BPa2siSr3','',NULL,6298606714,'BUY_SUB',21,0,0,79000,0.00,1726139566,'approved',0,0,NULL,NULL),
(13,'I9hI5IcVw','',NULL,5839789159,'BUY_SUB',2,0,0,35000,0.00,1726171876,'approved',0,0,NULL,NULL),
(14,'z4Bj67n5m','',NULL,6812703261,'BUY_SUB',22,0,0,109000,0.00,1726230820,'approved',0,0,NULL,NULL),
(15,'7DaGb6A6J','',NULL,744317523,'BUY_SUB',21,0,0,79000,0.00,1726245927,'approved',0,0,NULL,NULL),
(16,'rZASUVwO1','',NULL,676807927,'BUY_SUB',21,0,0,79000,0.00,1726246549,'approved',0,0,NULL,NULL),
(17,'VeRoNq5u3','',NULL,676807927,'BUY_SUB',19,0,0,25000,0.00,1726247751,'approved',0,0,NULL,NULL),
(18,'LAs1QJDRV','',NULL,676807927,'BUY_SUB',1,0,0,19000,0.00,1726247946,'approved',0,0,NULL,NULL),
(19,'1nt6xNHSy','',NULL,676807927,'BUY_SUB',19,0,0,25000,0.00,1726278704,'approved',0,0,NULL,NULL),
(20,'n57IDXUMY','',NULL,676807927,'BUY_SUB',1,0,0,19000,0.00,1726278973,'approved',0,0,NULL,NULL),
(21,'qoaoFetjJ','',NULL,6812703261,'BUY_SUB',5,0,0,129000,0.00,1726433269,'approved',0,0,NULL,NULL),
(22,'rqk3uyA4l','',NULL,676807927,'BUY_SUB',1,0,0,19000,0.00,1726453058,'approved',0,0,NULL,NULL),
(23,'8yiWVCABc','',NULL,676807927,'BUY_SUB',2,0,0,35000,0.00,1726453618,'approved',0,0,NULL,NULL),
(26,'IQUON626a','',NULL,6812703261,'BUY_SUB',23,0,0,159000,0.00,1726598601,'approved',0,0,NULL,NULL),
(27,'TwpcybM6G','',NULL,676807927,'BUY_SUB',1,0,0,19000,0.00,1726772865,'approved',0,0,NULL,NULL),
(28,'DbMZsewev','',NULL,676807927,'BUY_SUB',19,0,0,25000,0.00,1726772894,'approved',0,0,NULL,NULL),
(30,'VyfUE7jfi','',NULL,6642620949,'BUY_SUB',2,0,0,35000,0.00,1726847792,'approved',0,0,NULL,NULL),
(31,'VCfiStlDU','',NULL,153518275,'BUY_SUB',23,0,0,159000,0.00,1726849346,'approved',0,0,NULL,NULL),
(33,'cIc619StP','',NULL,5566961640,'BUY_SUB',2,0,0,35000,0.00,1726865778,'approved',0,0,NULL,NULL),
(34,'EjGQHaby6','',NULL,6234112517,'BUY_SUB',3,0,0,65000,0.00,1727048549,'approved',0,0,NULL,NULL),
(36,'p8m7lYRpB','',NULL,5566961640,'BUY_SUB',3,0,0,65000,0.00,1727446621,'approved',0,0,NULL,NULL),
(37,'7PEhnx3tI','',NULL,676807927,'BUY_SUB',3,0,0,65000,0.00,1727460164,'approved',0,0,NULL,NULL),
(38,'FdUNTj7Bo','',NULL,6812703261,'BUY_SUB',23,0,0,159000,0.00,1727466400,'approved',0,0,NULL,NULL),
(39,'ksqYx2KvG','',NULL,1790691070,'BUY_SUB',4,0,0,84000,0.00,1727584258,'approved',0,0,NULL,NULL),
(40,'u5u86sH75','',NULL,6298606714,'BUY_SUB',22,0,0,109000,0.00,1727689244,'approved',0,0,NULL,NULL),
(41,'7jUVCEP3z','',NULL,153518275,'BUY_SUB',23,0,0,159000,0.00,1727762209,'approved',0,0,NULL,NULL),
(42,'IeUdTbgpl','',NULL,1790691070,'BUY_SUB',3,0,0,65000,0.00,1727890334,'approved',0,0,NULL,NULL),
(43,'E8bY8KraC','',NULL,5830501440,'BUY_SUB',20,0,0,45000,0.00,1728124714,'approved',0,0,NULL,NULL),
(45,'RELmtGyIH','',NULL,40621361,'BUY_SUB',21,0,0,79000,0.00,1728238154,'approved',0,0,NULL,NULL),
(47,'wVFUt1IyV','',NULL,676807927,'BUY_SUB',31,0,0,169000,0.00,1728276667,'approved',0,0,NULL,NULL),
(48,'MOa8z8aIz','gcg33',NULL,586924831,'BUY_SUB',8,25,5,57500,0.00,1728277004,'approved',0,0,NULL,NULL),
(49,'ekIkHjARm','',NULL,676807927,'BUY_SUB',2,0,0,35000,0.00,1728277070,'approved',0,0,NULL,NULL),
(50,'tgtPiKxsS','',NULL,676807927,'BUY_SUB',8,0,0,169000,0.00,1728277164,'approved',0,0,NULL,NULL),
(51,'r77G9P4Ar','',NULL,676807927,'BUY_SUB',2,0,0,35000,0.00,1728277229,'approved',0,0,NULL,NULL),
(52,'7iUOjSDIX','',NULL,40621361,'BUY_SUB',21,0,0,79000,0.00,1728299927,'paid_with_wallet',0,0,NULL,NULL),
(53,'7UIMaYCco','',NULL,6929877096,'BUY_SUB',20,0,0,45000,0.00,1728332983,'sent',0,0,NULL,NULL),
(54,'4egvDUEMp',NULL,NULL,6929877096,'INCREASE_WALLET',0,0,0,45000,0.00,1728333255,'pending',0,0,NULL,NULL),
(55,'4E3RcknGH','',NULL,676807927,'BUY_SUB',2,0,0,35000,0.00,1728368841,'approved',0,0,NULL,NULL),
(56,'bzuRjdLfv','',NULL,676807927,'BUY_SUB',2,0,0,35000,0.00,1728368959,'paid_with_wallet',0,0,NULL,NULL),
(57,'ilDtMWfVH','',NULL,676807927,'BUY_SUB',37,0,0,35000,0.00,1728373362,'approved',0,0,NULL,NULL),
(58,'uQsGDfbiV','',NULL,676807927,'BUY_SUB',37,0,0,35000,0.00,1728373506,'approved',0,0,NULL,NULL),
(59,'SXktybllX','',NULL,5566961640,'BUY_SUB',20,0,0,45000,0.00,1728417242,'approved',0,0,NULL,NULL),
(60,'1nccnMPPJ','',NULL,6929877096,'BUY_SUB',20,0,0,45000,0.00,1728472562,'paid_with_wallet',0,0,NULL,NULL),
(61,'1LcjEMMk9','',NULL,676807927,'BUY_SUB',2,0,0,35000,0.00,1728474085,'approved',0,0,NULL,NULL),
(63,'CCMHRVMYI',NULL,NULL,6812703261,'INCREASE_WALLET',0,0,0,159000,0.00,1728496155,'approved',0,0,NULL,NULL),
(64,'PCtfRZSE2','',NULL,6812703261,'BUY_SUB',22,0,0,109000,0.00,1728496364,'paid_with_wallet',0,0,NULL,NULL),
(65,'KXIpmmCp6','',NULL,676807927,'BUY_SUB',8,0,0,169000,0.00,1728513292,'paid_with_wallet',0,0,NULL,NULL),
(66,'71tU3s6Zs','',NULL,676807927,'BUY_SUB',12,0,0,319000,0.00,1728513363,'paid_with_wallet',0,0,NULL,NULL),
(67,'sLR2VWsH2','',NULL,676807927,'BUY_SUB',2,0,0,35000,0.00,1728513484,'paid_with_wallet',0,0,NULL,NULL),
(68,'UbOfbc8hv','',NULL,676807927,'BUY_SUB',2,0,0,35000,0.00,1728533680,'approved',0,0,NULL,NULL),
(69,'axbWNkfAQ','',NULL,6812703261,'BUY_SUB',20,0,0,45000,0.00,1728554298,'approved',0,0,NULL,NULL),
(70,'BT15rZRtc','',NULL,1790691070,'BUY_SUB',3,0,0,65000,0.00,1728720357,'approved',0,0,NULL,NULL),
(72,'JyGtcNLd7','',NULL,6234112517,'BUY_SUB',3,0,0,65000,0.00,1728802021,'approved',0,0,NULL,NULL),
(73,'a5HSvyezk','Mohammad3371',NULL,6236309032,'BUY_SUB',2,25000,30,50045000,0.00,1728807103,'pending',0,0,NULL,NULL),
(77,'DhEnR9M1o','',NULL,6298606714,'BUY_SUB',22,0,0,109000,0.00,1728811059,'approved',0,0,NULL,NULL),
(78,'8OaJL3wlp','',NULL,744317523,'BUY_SUB',21,0,0,79000,0.00,1728819575,'approved',0,0,NULL,NULL),
(79,'oDgRLYwvi','',NULL,6491127620,'BUY_SUB',2,0,0,35000,0.00,1728897919,'approved',0,0,NULL,NULL),
(80,'T7h3xIazE','',NULL,6812703261,'BUY_SUB',12,0,0,319000,0.00,1728899252,'approved',0,0,NULL,NULL),
(81,'svqYzrGPr','',NULL,6614376221,'BUY_SUB',22,0,0,109000,0.00,1729177892,'pending',0,0,NULL,NULL),
(82,'U6iOFoLOg','',NULL,5566961640,'BUY_SUB',3,0,0,65000,0.00,1729257847,'approved',0,0,NULL,NULL),
(83,'IZCya4lbb','',NULL,153518275,'BUY_SUB',23,0,0,159000,0.00,1729266932,'approved',0,0,NULL,NULL),
(87,'llSIXqKLL','',NULL,1790691070,'BUY_SUB',4,0,0,84000,0.00,1729269461,'approved',0,0,NULL,NULL),
(88,'U6jmEj12z',NULL,NULL,6812703261,'INCREASE_WALLET',0,0,0,229000,0.00,1729327745,'approved',0,0,NULL,NULL),
(89,'wVyQlJ4Oy','',NULL,6812703261,'BUY_SUB',23,0,0,159000,0.00,1729327933,'paid_with_wallet',0,0,NULL,NULL),
(90,'BbTw5FOZe','',NULL,676807927,'BUY_SUB',2,0,0,35000,0.00,1729348073,'approved',0,0,NULL,NULL),
(91,'KTQXYNuj7','',NULL,676807927,'BUY_SUB',20,0,0,45000,0.00,1729348119,'approved',0,0,NULL,NULL),
(93,'2fKzGYTHm','',NULL,6833620748,'BUY_SUB',21,0,0,79000,0.00,1729356805,'approved',0,0,NULL,NULL),
(94,'uxqSpamDg','',NULL,6048775454,'BUY_SUB',24,0,0,289000,0.00,1729449888,'sent',0,0,NULL,NULL),
(95,'sNpzT1ZeJ','',NULL,676807927,'BUY_SUB',2,0,0,35000,0.00,1729455120,'sent',0,0,NULL,NULL),
(96,'2CPTIxVNI','',NULL,5566961640,'BUY_SUB',3,0,0,65000,0.00,1729599140,'approved',0,0,NULL,NULL),
(97,'EkKqpnvXA','',NULL,40621361,'BUY_SUB',21,0,0,79000,0.00,1729657885,'approved',0,0,NULL,NULL),
(98,'HQuxgpY1Z','',NULL,6642620949,'BUY_SUB',2,0,0,35000,0.00,1729679770,'approved',0,0,NULL,NULL),
(99,'RdneoWE7p','',NULL,6234112517,'BUY_SUB',4,0,0,84000,0.00,1729876029,'approved',0,0,NULL,NULL),
(101,'o7kzHxJZS','',NULL,676807927,'BUY_SUB',2,0,0,35000,0.00,1730184748,'approved',0,0,NULL,NULL),
(102,'Hk5mOBO9x','',NULL,676807927,'BUY_SUB',20,0,0,45000,0.00,1730184787,'approved',0,0,NULL,NULL),
(104,'bTNXaSiZB','',NULL,6298606714,'BUY_SUB',22,0,0,109000,0.00,1730364105,'approved',0,0,NULL,NULL),
(105,'mqCiTzgOh','',NULL,676807927,'BUY_SUB',2,0,0,35000,0.00,1730364258,'approved',0,0,NULL,NULL),
(106,'pn7bxwhXp','',NULL,676807927,'BUY_SUB',21,0,0,79000,0.00,1730364301,'approved',0,0,NULL,NULL),
(107,'qYVPFxmgM','',NULL,153518275,'BUY_SUB',23,0,0,159000,0.00,1730487245,'approved',0,0,NULL,NULL),
(109,'Ke4pHyj3B',NULL,NULL,6812703261,'INCREASE_WALLET',0,0,0,80000,0.00,1730502843,'approved',0,0,NULL,NULL),
(110,'tXY1mGo9A','',NULL,6812703261,'BUY_SUB',26,0,0,199000,0.00,1730547354,'paid_with_wallet',0,0,NULL,NULL),
(115,'jnfHMXaov','',NULL,1790691070,'BUY_SUB',3,0,0,65000,0.00,1730559703,'approved',0,0,NULL,NULL),
(116,'tDL5dKmf9','',NULL,1790691070,'BUY_SUB',3,0,0,65000,0.00,1730563276,'approved',0,0,NULL,NULL),
(117,'D4LrkfFWm','',NULL,6642620949,'BUY_SUB',2,0,0,35000,0.00,1730571134,'approved',0,0,NULL,NULL),
(118,'MZcEeHusW','',NULL,5566961640,'BUY_SUB',2,0,0,35000,0.00,1730582597,'approved',0,0,NULL,NULL),
(119,'17NIdhnwr','',NULL,744317523,'BUY_SUB',21,0,0,79000,0.00,1730625846,'approved',0,0,NULL,NULL),
(120,'QyWcCvTFg','',NULL,6298606714,'BUY_SUB',22,0,0,109000,0.00,1730653326,'approved',0,0,NULL,NULL),
(121,'T3uG59aNs','',NULL,676807927,'BUY_SUB',2,0,0,35000,0.00,1730662693,'sent',0,0,NULL,NULL),
(122,'pQuQkoeub','',NULL,676807927,'BUY_SUB',2,0,0,35000,0.00,1730662779,'sent',0,0,NULL,NULL),
(124,'GlWo6xM2l','',NULL,676807927,'BUY_SUB',3,0,0,65000,0.00,1730737815,'approved',0,0,NULL,NULL),
(125,'jRpjq9o6Q','',NULL,676807927,'BUY_SUB',21,0,0,79000,0.00,1730737868,'approved',0,0,NULL,NULL),
(126,'vzDoVkkL5',NULL,NULL,586924831,'INCREASE_WALLET',0,0,0,15000,0.00,1730758662,'approved',0,0,NULL,NULL),
(127,'MfBacRZgx',NULL,NULL,676807927,'INCREASE_WALLET',0,0,0,5000,0.00,1730758695,'approved',0,0,NULL,NULL),
(128,'ACzoOLdxq',NULL,NULL,676807927,'INCREASE_WALLET',0,0,0,5000,0.00,1730758853,'approved',0,0,NULL,NULL),
(129,'fJ8ig5sR7',NULL,NULL,586924831,'INCREASE_WALLET',0,0,0,5000,0.00,1730758971,'approved',0,0,NULL,NULL),
(130,'IQplBGPO1','',NULL,1700532725,'BUY_SUB',2,0,0,35000,0.00,1730809138,'approved',0,0,NULL,NULL),
(131,'Vb67ZEdyl',NULL,NULL,6812703261,'INCREASE_WALLET',0,0,0,200000,0.00,1730998564,'approved',0,0,NULL,NULL),
(133,'8siRjohaG','',NULL,6812703261,'BUY_SUB',4,0,0,84000,0.00,1730999024,'paid_with_wallet',0,0,NULL,NULL),
(134,'Hkn9gFMwW','',NULL,6929877096,'BUY_SUB',20,0,0,45000,0.00,1731007027,'approved',0,0,NULL,NULL),
(135,'AnBhiZXZn',NULL,NULL,6812703261,'INCREASE_WALLET',0,0,0,200000,0.00,1731069682,'approved',0,0,NULL,NULL),
(136,'2EoA6iFUx','',NULL,6812703261,'BUY_SUB',4,0,0,84000,0.00,1731069859,'paid_with_wallet',0,0,NULL,NULL),
(137,'P3CkSDs5w','',NULL,676807927,'BUY_SUB',2,0,0,35000,0.00,1731092103,'approved',0,0,NULL,NULL),
(138,'9h64PGcrL','',NULL,5566961640,'BUY_SUB',2,0,0,35000,0.00,1731279871,'approved',0,0,NULL,NULL),
(139,'MQLDWvt5t','',NULL,6812703261,'BUY_SUB',4,0,0,84000,0.00,1731348586,'approved',0,0,NULL,NULL),
(140,'TND8FeGd4','',NULL,676807927,'BUY_SUB',2,0,0,35000,0.00,1731401719,'approved',0,0,NULL,NULL),
(141,'zUErwssJ1','',NULL,676807927,'BUY_SUB',2,0,0,35000,0.00,1731474087,'approved',0,0,NULL,NULL),
(143,'DFX9Sx6Ud','',NULL,676807927,'BUY_SUB',20,0,0,45000,0.00,1731474161,'paid_with_wallet',0,0,NULL,NULL),
(144,'ypKCBc5Mm','',NULL,676807927,'BUY_SUB',2,0,0,35000,0.00,1731474379,'approved',0,0,NULL,NULL),
(145,'fR7RjuzKq','',NULL,153518275,'BUY_SUB',23,0,0,159000,0.00,1731569056,'approved',0,0,NULL,NULL),
(146,'FkYKosOOx','',NULL,40621361,'BUY_SUB',22,0,0,109000,0.00,1731662639,'approved',0,0,NULL,NULL),
(147,'hd3HLIRPK','',NULL,6812703261,'BUY_SUB',3,0,0,65000,0.00,1731674605,'paid_with_wallet',0,0,NULL,NULL),
(148,'tv3SY8i3U','',NULL,676807927,'BUY_SUB',2,0,0,35000,0.00,1731769270,'approved',0,0,NULL,NULL),
(149,'KjlqsjoQn','',NULL,6833620748,'BUY_SUB',21,0,0,79000,0.00,1731773110,'approved',0,0,NULL,NULL),
(150,'1Ei9MVZsw','',NULL,676807927,'BUY_SUB',2,0,0,35000,0.00,1732118132,'paid_with_wallet',0,0,NULL,NULL),
(151,'VyqmsiPHe','',NULL,676807927,'BUY_SUB',3,0,0,65000,0.00,1732118155,'approved',0,0,NULL,NULL),
(153,'QJkfCxaow','',NULL,103923897,'BUY_SUB',15,0,0,99000,0.00,1732135055,'approved',0,0,NULL,NULL),
(154,'zfc2CbaXA','',NULL,5566961640,'BUY_SUB',3,0,0,65000,0.00,1732322784,'approved',0,0,NULL,NULL),
(155,'cLcc45yYJ','',NULL,744317523,'BUY_SUB',21,0,0,79000,0.00,1732357261,'approved',0,0,NULL,NULL),
(156,'AKYzRtBdD','',NULL,708472595,'BUY_SUB',21,0,0,79000,0.00,1732471218,'pending',0,0,NULL,NULL),
(157,'53zuPVKwg','',NULL,153518275,'BUY_SUB',23,0,0,159000,0.00,1732648874,'approved',0,0,NULL,NULL),
(160,'AqU23b161','',NULL,676807927,'BUY_SUB',2,0,0,35000,0.00,1732900845,'approved',0,0,NULL,NULL),
(161,'cG1AnN1Jk','',NULL,1700532725,'BUY_SUB',2,0,0,35000,0.00,1732900917,'approved',0,0,NULL,NULL),
(162,'mVfcwEtOq','',NULL,7884477941,'BUY_SUB',30,0,0,430000,0.00,1733076567,'pending',0,0,NULL,NULL),
(165,'L1bdZHFP4','',NULL,103923897,'BUY_SUB',15,0,0,99000,0.00,1733158095,'approved',0,0,NULL,NULL),
(166,'TvMCsRNwN','',NULL,676807927,'BUY_SUB',2,0,0,35000,0.00,1733266694,'sent',0,0,NULL,NULL),
(167,'wuY9ZXSls','',NULL,1790691070,'BUY_SUB',3,0,0,65000,0.00,1733333378,'approved',0,0,NULL,NULL),
(168,'irvcqUt4c','',NULL,6929877096,'BUY_SUB',21,0,0,79000,0.00,1733608920,'approved',0,0,NULL,NULL),
(169,'K2htycf3k','',NULL,1790691070,'BUY_SUB',3,0,0,65000,0.00,1733672941,'approved',0,0,NULL,NULL),
(171,'5qC9gaiY5','',NULL,6812703261,'BUY_SUB',4,0,0,84000,0.00,1733911375,'paid_with_wallet',0,0,NULL,NULL),
(173,'iN6I876lk',NULL,NULL,6812703261,'INCREASE_WALLET',0,0,0,200000,0.00,1733912780,'approved',0,0,NULL,NULL),
(174,'XTyPbKsZk','',NULL,5566961640,'BUY_SUB',3,0,0,65000,0.00,1733921786,'approved',0,0,NULL,NULL),
(177,'w6CFLB1e7',NULL,NULL,6812703261,'INCREASE_WALLET',0,0,0,200000,0.00,1734029743,'approved',0,0,NULL,NULL),
(178,'Awl4uZC6f','',NULL,6812703261,'BUY_SUB',4,0,0,84000,0.00,1734029895,'paid_with_wallet',0,0,NULL,NULL),
(179,'Ab3kcFmV2','',NULL,1790691070,'BUY_SUB',3,0,0,65000,0.00,1734086068,'approved',0,0,NULL,NULL),
(180,'XpKCol9cL','',NULL,153518275,'BUY_SUB',23,0,0,159000,0.00,1734210573,'approved',0,0,NULL,NULL),
(181,'jxkUz8XWt',NULL,NULL,6226414650,'INCREASE_WALLET',0,0,0,5000,0.00,1734229506,'pending',0,0,NULL,NULL),
(182,'bK5Wbg4HH','',NULL,40621361,'BUY_SUB',4,0,0,84000,0.00,1734259241,'approved',0,0,NULL,NULL),
(183,'YmrvGabnV','',NULL,40621361,'BUY_SUB',4,0,0,84000,0.00,1734271612,'paid_with_wallet',0,0,NULL,NULL),
(185,'f71CAxNWX','',NULL,744317523,'BUY_SUB',21,0,0,79000,0.00,1734343833,'approved',0,0,NULL,NULL),
(187,'gW7TdYdOb','hamed77',NULL,1389818935,'BUY_SUB',28,2000,2000,7000000,0.00,1734461371,'pending',0,0,NULL,NULL),
(189,'4UZJJ6i1M',NULL,NULL,6981546377,'INCREASE_WALLET',0,0,0,5000,0.00,1734531301,'declined',0,0,NULL,NULL),
(190,'sApIVAgDo','',NULL,1700532725,'BUY_SUB',2,0,0,35000,0.00,1734543606,'approved',0,0,NULL,NULL),
(197,'Nho2UtMsm','',NULL,5566961640,'BUY_SUB',3,0,0,65000,0.00,1734648346,'approved',0,0,NULL,NULL),
(199,'Dfe74CHfq','',NULL,5566961640,'BUY_SUB',3,0,0,65000,0.00,1734652921,'approved',0,0,NULL,NULL),
(204,'s6qIX5fK3','',NULL,6298606714,'BUY_SUB',22,0,0,109000,0.00,1734862209,'approved',0,0,NULL,NULL),
(205,'7FK5lCxiA','',NULL,676807927,'BUY_SUB',2,0,0,35000,0.00,1735255482,'approved',0,0,NULL,NULL),
(206,'dPikrblVC','',NULL,1790691070,'BUY_SUB',3,0,0,65000,0.00,1735282006,'approved',0,0,NULL,NULL),
(207,'Us1u8yQDB','',NULL,153518275,'BUY_SUB',23,0,0,159000,0.00,1735682565,'approved',0,0,NULL,NULL),
(208,'AAxdnq9ty',NULL,NULL,6812703261,'INCREASE_WALLET',0,0,0,160000,0.00,1735732491,'approved',0,0,NULL,NULL),
(209,'5gZMMF3le','',NULL,6812703261,'BUY_SUB',26,0,0,199000,0.00,1735732696,'paid_with_wallet',0,0,NULL,NULL),
(211,'CceBxPFfI','',NULL,1790691070,'BUY_SUB',3,0,0,65000,0.00,1735978871,'approved',0,0,NULL,NULL),
(212,'ZfIqmqoIC','',NULL,1700532725,'BUY_SUB',2,0,0,35000,0.00,1735980549,'approved',0,0,NULL,NULL),
(213,'V4Sk7uRbz','',NULL,6812703261,'BUY_SUB',2,0,0,35000,0.00,1736117661,'approved',0,0,NULL,NULL),
(215,'jvXU7zGHj','',NULL,6911451893,'BUY_SUB',20,0,0,45000,0.00,1736232070,'approved',0,0,NULL,NULL),
(216,'xDrigo6oB','',NULL,5566961640,'BUY_SUB',3,0,0,65000,0.00,1736264058,'approved',0,0,NULL,NULL),
(218,'la7iLoxUS','',NULL,6929877096,'BUY_SUB',20,0,0,45000,0.00,1736271503,'approved',0,0,NULL,NULL),
(219,'VFztHgqQO','',NULL,676807927,'BUY_SUB',2,0,0,35000,0.00,1736277479,'sent',0,0,NULL,NULL),
(220,'zsa77mabI','',NULL,676807927,'BUY_SUB',8,0,0,169000,0.00,1736277505,'sent',0,0,NULL,NULL),
(222,'4Mh8VcLKg','',NULL,1790691070,'BUY_SUB',3,0,0,65000,0.00,1736685851,'approved',0,0,NULL,NULL),
(224,'Wv9UNRezc',NULL,NULL,6812703261,'INCREASE_WALLET',0,0,0,250000,0.00,1736694738,'approved',0,0,NULL,NULL),
(225,'aShO9sxZm','',NULL,6812703261,'BUY_SUB',8,0,0,169000,0.00,1736694886,'paid_with_wallet',0,0,NULL,NULL),
(227,'ZyzAeJrL5','',NULL,5805063980,'BUY_SUB',17,0,0,269000,0.00,1736797289,'pending',0,0,NULL,NULL),
(228,'tp15gcpZ4','',NULL,6525992237,'BUY_SUB',5,0,0,129000,0.00,1737021517,'approved',0,0,NULL,NULL),
(229,'Jd4WsDbsU','',NULL,5839789159,'BUY_SUB',2,0,0,35000,0.00,1737223787,'approved',0,0,NULL,NULL),
(231,'uaDZS5D1R','',NULL,1790691070,'BUY_SUB',4,0,0,84000,0.00,1737399169,'approved',0,0,NULL,NULL),
(232,'yPe1OEtke','',NULL,153518275,'BUY_SUB',22,0,0,109000,0.00,1737488132,'approved',0,0,NULL,NULL),
(233,'4SjVbtWD5','',NULL,6491127620,'BUY_SUB',2,0,0,35000,0.00,1737624159,'approved',0,0,NULL,NULL),
(235,'hX3rnnA5U','',NULL,618015121,'BUY_SUB',20,0,0,45000,0.00,1737820857,'approved',0,0,NULL,NULL),
(236,'kCbFSWWde','',NULL,6525992237,'BUY_SUB',3,0,0,65000,0.00,1737995745,'approved',0,0,NULL,NULL),
(237,'IuzHpo1IY','',NULL,1700532725,'BUY_SUB',2,0,0,35000,0.00,1738150633,'approved',0,0,NULL,NULL),
(239,'zvgHoegOg','',NULL,676807927,'BUY_SUB',2,0,0,35000,0.00,1738738687,'approved',0,0,NULL,NULL),
(240,'U3Ao1rc2o','',NULL,676807927,'BUY_SUB',2,0,0,35000,0.00,1738738768,'approved',0,0,NULL,NULL),
(241,'5Vu86hLis','',NULL,676807927,'BUY_SUB',20,0,0,45000,0.00,1738738814,'approved',0,0,NULL,NULL),
(244,'qVdqLVEEs','',NULL,6929877096,'BUY_SUB',20,0,0,45000,0.00,1738787344,'approved',0,0,NULL,NULL),
(245,'BXZitVh5f','',NULL,7992404590,'BUY_SUB',2,0,0,35000,0.00,1738840439,'approved',0,0,NULL,NULL),
(246,'T2c5iEKgz','',NULL,676807927,'BUY_SUB',2,0,0,35000,0.00,1738840710,'approved',0,0,NULL,NULL),
(248,'Vp4l4SiaC','',NULL,676807927,'BUY_SUB',26,0,0,199000,0.00,1738840794,'approved',0,0,NULL,NULL),
(249,'wbrgI6sS1','',NULL,676807927,'BUY_SUB',2,0,0,35000,0.00,1738885103,'paid_with_wallet',0,0,NULL,NULL),
(250,'eOKC77gDj','',NULL,676807927,'BUY_SUB',2,0,0,35000,0.00,1738886426,'paid_with_wallet',0,0,NULL,NULL),
(252,'Ji92HZs11','',NULL,7992404590,'BUY_SUB',20,0,0,45000,0.00,1738945411,'approved',0,0,NULL,NULL),
(253,'4XRwcg7IE','',NULL,6812703261,'BUY_SUB',2,0,0,35000,0.00,1739016330,'paid_with_wallet',0,0,NULL,NULL),
(254,'BSr9ea6oL','',NULL,6898883126,'BUY_SUB',13,0,0,379000,0.00,1739056836,'pending',0,0,NULL,NULL),
(255,'nVCLvrbYW','',NULL,153518275,'BUY_SUB',23,0,0,159000,0.00,1739180569,'approved',0,0,NULL,NULL),
(257,'JVI6bcKkL','',NULL,1790691070,'BUY_SUB',21,0,0,79000,0.00,1739370556,'approved',0,0,NULL,NULL),
(258,'CoKRyUHYm','',NULL,5566961640,'BUY_SUB',3,0,0,65000,0.00,1739474358,'approved',0,0,NULL,NULL),
(260,'CZURJ2BAD','',NULL,6525992237,'BUY_SUB',3,0,0,65000,0.00,1739620313,'approved',0,0,NULL,NULL),
(261,'yAELnHZpH','',NULL,1700532725,'BUY_SUB',2,0,0,35000,0.00,1739991630,'approved',0,0,NULL,NULL),
(262,'AmJ7RPrtQ','',NULL,5566961640,'BUY_SUB',3,0,0,65000,0.00,1740073653,'approved',0,0,NULL,NULL),
(263,'yAdCdNiSU','',NULL,5495201244,'BUY_SUB',22,0,0,109000,0.00,1740084947,'pending',0,0,NULL,NULL),
(264,'fsiP6J2WF','',NULL,1790691070,'BUY_SUB',20,0,0,45000,0.00,1740147908,'approved',0,0,NULL,NULL),
(265,'exAGANuKs','',NULL,7844436526,'BUY_SUB',26,0,0,199000,0.00,1740511855,'approved',0,0,NULL,NULL),
(266,'k1zRlpr5B','',NULL,1790691070,'BUY_SUB',21,0,0,79000,0.00,1740568515,'approved',0,0,NULL,NULL),
(267,'tGhnOWiZf','',NULL,40621361,'BUY_SUB',4,0,0,84000,0.00,1740789476,'approved',0,0,NULL,NULL),
(268,'h59jwIx1C','',NULL,6720508226,'BUY_SUB',20,0,0,45000,0.00,1740901096,'pending',0,0,NULL,NULL),
(269,'gEwiBSDAB','',NULL,7844436526,'BUY_SUB',26,0,0,199000,0.00,1740935856,'approved',0,0,NULL,NULL),
(270,'mmrQnhL3t','',NULL,6812703261,'BUY_SUB',26,0,0,199000,0.00,1741012066,'approved',0,0,NULL,NULL),
(271,'eR84F9TsV','',NULL,5604147265,'BUY_SUB',4,0,0,84000,0.00,1741124703,'approved',0,0,NULL,NULL),
(272,'PqrPfzcrl','',NULL,676807927,'BUY_SUB',4,0,0,84000,0.00,1741125470,'approved',0,0,NULL,NULL),
(273,'xpSoxj9SW','',NULL,5566961640,'BUY_SUB',21,0,0,79000,0.00,1741203508,'approved',0,0,NULL,NULL),
(274,'3clqIm91S','',NULL,6491127620,'BUY_SUB',2,0,0,35000,0.00,1741266284,'approved',0,0,NULL,NULL),
(275,'r1fkRUk2X','',NULL,676807927,'BUY_SUB',2,0,0,35000,0.00,1741268100,'approved',0,0,NULL,NULL),
(276,'v2mqKJAbh','',NULL,676807927,'BUY_SUB',2,0,0,35000,0.00,1741268767,'approved',0,0,NULL,NULL),
(277,'lwqqbyu2Q','',NULL,676807927,'BUY_SUB',20,0,0,45000,0.00,1741268798,'approved',0,0,NULL,NULL),
(278,'SiXEq8FcI','',NULL,676807927,'BUY_SUB',2,0,0,35000,0.00,1741269339,'approved',0,0,NULL,NULL),
(279,'8O9sCxf31','',NULL,676807927,'BUY_SUB',20,0,0,45000,0.00,1741332869,'approved',0,0,NULL,NULL),
(280,'geoMCJmDg','',NULL,676807927,'BUY_SUB',2,0,0,35000,0.00,1741332920,'approved',0,0,NULL,NULL),
(281,'Gwbxjcgwi','',NULL,676807927,'BUY_SUB',2,0,0,35000,0.00,1741343806,'paid_with_wallet',0,0,NULL,NULL),
(282,'W4K6YBiTO','',NULL,676807927,'BUY_SUB',2,0,0,35000,0.00,1741343885,'approved',0,0,NULL,NULL),
(283,'ZLBbtMiYG','',NULL,676807927,'BUY_SUB',20,0,0,45000,0.00,1741343920,'approved',0,0,NULL,NULL),
(284,'YIi3MTe3Z','',NULL,6350676547,'BUY_SUB',20,0,0,45000,0.00,1741422908,'pending',0,0,NULL,NULL),
(285,'Z8PJ8UJMy','',NULL,7844436526,'BUY_SUB',21,0,0,79000,0.00,1741459139,'approved',0,0,NULL,NULL),
(286,'X2LPSte7e','',NULL,676807927,'BUY_SUB',21,0,0,79000,0.00,1741462448,'approved',0,0,NULL,NULL),
(287,'GsANzmF55','',NULL,6929877096,'BUY_SUB',20,0,0,45000,0.00,1741463806,'approved',0,0,NULL,NULL),
(288,'oYCq9glWd','',NULL,1700532725,'BUY_SUB',2,0,0,35000,0.00,1741467577,'approved',0,0,NULL,NULL),
(289,'aCeS34AF7','',NULL,676807927,'BUY_SUB',20,0,0,45000,0.00,1741488777,'approved',0,0,NULL,NULL),
(291,'VXDDp1PN9','',NULL,676807927,'BUY_SUB',2,0,0,35000,0.00,1741488821,'approved',0,0,NULL,NULL),
(294,'SrhkS1aiW','',NULL,1790691070,'BUY_SUB',21,0,0,79000,0.00,1741634623,'approved',0,0,NULL,NULL),
(295,'OCVPixqK7','',NULL,676807927,'BUY_SUB',21,0,0,79000,0.00,1741635109,'approved',0,0,NULL,NULL),
(296,'8A2VX5fCd','',NULL,676807927,'BUY_SUB',3,0,0,65000,0.00,1741635147,'approved',0,0,NULL,NULL),
(297,'UyhRqcgod','',NULL,1790691070,'BUY_SUB',21,0,0,79000,0.00,1741635712,'approved',0,0,NULL,NULL),
(298,'GK7LpA9xZ','',NULL,1790691070,'BUY_SUB',21,0,0,79000,0.00,1741636179,'approved',0,0,NULL,NULL),
(299,'3GezacdeP',NULL,NULL,6812703261,'INCREASE_WALLET',0,0,0,85000,0.00,1741645100,'approved',0,0,NULL,NULL),
(300,'C21vYBdzR','',NULL,6812703261,'BUY_SUB',3,0,0,65000,0.00,1741645250,'paid_with_wallet',0,0,NULL,NULL),
(301,'ZfobtNW3o','',NULL,6812703261,'BUY_SUB',3,0,0,65000,0.00,1741645317,'paid_with_wallet',0,0,NULL,NULL),
(302,'kTvqa2FbN',NULL,NULL,6812703261,'INCREASE_WALLET',0,0,0,240000,0.00,1741882987,'approved',0,0,NULL,NULL),
(303,'hvhibv5do','',NULL,6812703261,'BUY_SUB',8,0,0,169000,0.00,1741883124,'paid_with_wallet',0,0,NULL,NULL),
(304,'8BO4H7GEC','',NULL,676807927,'BUY_SUB',42,0,0,59000,0.00,1742418497,'paid_with_wallet',0,0,NULL,NULL),
(305,'rFSNlKVIP','',NULL,676807927,'BUY_SUB',44,0,0,130000,0.00,1742418522,'approved',0,0,NULL,NULL),
(306,'deQchQUxG','',NULL,5566961640,'BUY_SUB',2,0,0,55000,0.00,1742587097,'approved',0,0,NULL,NULL),
(307,'5rhWdqGi6','',NULL,7013822981,'BUY_SUB',42,0,0,59000,0.00,1742714718,'approved',0,0,NULL,NULL),
(308,'NvXjq31eK','',NULL,676807927,'BUY_SUB',42,0,0,59000,0.00,1742714939,'approved',0,0,NULL,NULL),
(309,'SyJGvG4GS','',NULL,5566961640,'BUY_SUB',3,0,0,81000,0.00,1742910625,'approved',0,0,NULL,NULL),
(310,'zLEgAqsGe','',NULL,676807927,'BUY_SUB',2,0,0,55000,0.00,1742931135,'approved',0,0,NULL,NULL),
(312,'GimCVedNa','',NULL,1790691070,'BUY_SUB',43,0,0,94000,0.00,1743082957,'approved',0,0,NULL,NULL),
(313,'KAZdpzEYa','',NULL,676807927,'BUY_SUB',44,0,0,130000,0.00,1743083543,'approved',0,0,NULL,NULL),
(314,'ek7hPX6rE','',NULL,1790691070,'BUY_SUB',44,0,0,130000,0.00,1743084151,'paid_with_wallet',0,0,NULL,NULL),
(315,'WPJWJnE6Y','',NULL,5566961640,'BUY_SUB',2,0,0,55000,0.00,1743701436,'approved',0,0,NULL,NULL),
(316,'nTFePran8','',NULL,6525992237,'BUY_SUB',3,0,0,81000,0.00,1743881604,'approved',0,0,NULL,NULL),
(317,'GCa49UdLx','',NULL,7844436526,'BUY_SUB',47,0,0,229000,0.00,1743888701,'approved',0,0,NULL,NULL),
(318,'QRD86MDIB','',NULL,7844436526,'BUY_SUB',47,0,0,229000,0.00,1743929952,'approved',0,0,NULL,NULL),
(319,'ECvTQps4R','',NULL,6929877096,'BUY_SUB',42,0,0,59000,0.00,1744060522,'approved',0,0,NULL,NULL),
(321,'SoteuoCCX','',NULL,7354586679,'BUY_SUB',4,0,0,105000,0.00,1744130401,'approved',0,0,NULL,NULL),
(323,'nMsOGUVke','',NULL,6034358584,'BUY_SUB',4,0,0,105000,0.00,1744797616,'pending',0,0,NULL,NULL),
(324,'n5TreDriy','',NULL,6812703261,'BUY_SUB',3,0,0,81000,0.00,1744800693,'approved',0,0,NULL,NULL),
(326,'c1QVQBk4T','',NULL,5566961640,'BUY_SUB',3,0,0,81000,0.00,1744925662,'approved',0,0,NULL,NULL),
(327,'iOY5cNigH','',NULL,1790691070,'BUY_SUB',43,0,0,94000,0.00,1745081144,'approved',0,0,NULL,NULL),
(328,'FhjB29xDi','',NULL,8181325239,'BUY_SUB',8,0,0,209000,0.00,1745250919,'approved',0,0,NULL,NULL),
(329,'VW9rVgpma','',NULL,1700532725,'BUY_SUB',2,0,0,55000,0.00,1745390155,'approved',0,0,NULL,NULL),
(330,'ItuDNeLRS','',NULL,8181325239,'BUY_SUB',3,0,0,81000,0.00,1745433243,'approved',0,0,NULL,NULL),
(333,'NxjVkIhd2','',NULL,7704921825,'BUY_SUB',2,0,0,55000,0.00,1745446141,'pending',0,0,NULL,NULL),
(334,'QAZckpd2d','',NULL,6234112517,'BUY_SUB',3,0,0,81000,0.00,1745608593,'approved',0,0,NULL,NULL),
(335,'dSRms3Xns','',NULL,1790691070,'BUY_SUB',43,0,0,94000,0.00,1745857809,'approved',0,0,NULL,NULL),
(336,'KQGE5iuKW','',NULL,7844436526,'BUY_SUB',47,0,0,229000,0.00,1745944796,'approved',0,0,NULL,NULL),
(337,'bF3zYvPck','',NULL,5566961640,'BUY_SUB',2,0,0,55000,0.00,1745948212,'approved',0,0,NULL,NULL),
(338,'5xZjFxf73','',NULL,1700532725,'BUY_SUB',2,0,0,65000,0.00,1746051904,'approved',0,0,NULL,NULL),
(339,'Jey4r1nSU','',NULL,6812703261,'BUY_SUB',47,0,0,239000,0.00,1746198357,'approved',0,0,NULL,NULL),
(340,'BUf6piq6i','',NULL,5566961640,'BUY_SUB',3,0,0,95000,0.00,1746295991,'approved',0,0,NULL,NULL),
(341,'PP6rO5MB6','',NULL,7354586679,'BUY_SUB',5,0,0,169000,0.00,1746374177,'approved',0,0,NULL,NULL),
(342,'5xETfKqii',NULL,NULL,7354586679,'INCREASE_WALLET',0,0,0,169000,0.00,1746378140,'declined',0,0,NULL,NULL),
(343,'VqqLkqB1I','',NULL,6929877096,'BUY_SUB',42,0,0,70000,0.00,1746728323,'approved',0,0,NULL,NULL),
(344,'raOnAhf6X',NULL,NULL,6812703261,'INCREASE_WALLET',0,0,0,320000,0.00,1747077553,'approved',0,0,NULL,NULL),
(345,'DN9CYuF8E','',NULL,6812703261,'BUY_SUB',8,0,0,219000,0.00,1747078329,'paid_with_wallet',0,0,NULL,NULL),
(346,'B8Ibi7Nih','',NULL,6812703261,'BUY_SUB',4,0,0,119000,0.00,1747240939,'paid_with_wallet',0,0,NULL,NULL),
(347,'UaNMPnckP','',NULL,7166742806,'BUY_SUB',2,0,0,65000,0.00,1747733911,'pending',0,0,NULL,NULL),
(349,'gr1byijxS','',NULL,6234112517,'BUY_SUB',4,0,0,119000,0.00,1747853184,'approved',0,0,NULL,NULL),
(350,'nqTYRMi6M','',NULL,7844436526,'BUY_SUB',47,0,0,239000,0.00,1747858533,'approved',0,0,NULL,NULL),
(352,'UkqtMUiDA','',NULL,1790691070,'BUY_SUB',4,0,0,119000,0.00,1748095156,'approved',0,0,NULL,NULL),
(353,'5C5ICSiUd','',NULL,5566961640,'BUY_SUB',3,0,0,95000,0.00,1748121492,'approved',0,0,NULL,NULL),
(354,'DG6nRTCnC','',NULL,5566961640,'BUY_SUB',2,0,0,65000,0.00,1748195008,'approved',0,0,NULL,NULL),
(355,'f6EBSWtc9','',NULL,7474344243,'BUY_SUB',43,0,0,109000,0.00,1748337243,'approved',0,0,NULL,NULL),
(356,'28oA49ojN','',NULL,483386460,'BUY_SUB',8,0,0,219000,0.00,1748460152,'pending',0,0,NULL,NULL),
(358,'mQZnuWQNC','',NULL,263977430,'BUY_SUB',45,0,0,189000,0.00,1748679282,'pending',0,0,NULL,NULL),
(359,'5Kt68tJzv','',NULL,8181325239,'BUY_SUB',3,0,0,95000,0.00,1748971617,'approved',0,0,NULL,NULL),
(360,'E24OShXse','',NULL,7844436526,'BUY_SUB',47,0,0,239000,0.00,1749296673,'approved',0,0,NULL,NULL),
(363,'JxpkViqRI','',NULL,6929877096,'BUY_SUB',42,0,0,65000,0.00,1749331981,'approved',0,0,NULL,NULL),
(364,'bMaW78vN5','',NULL,1790691070,'BUY_SUB',3,0,0,95000,0.00,1749401963,'approved',0,0,NULL,NULL),
(365,'1AIBsHcja','',NULL,8181325239,'BUY_SUB',3,0,0,95000,0.00,1749647183,'approved',0,0,NULL,NULL),
(367,'EK1hVUsRX',NULL,NULL,6812703261,'INCREASE_WALLET',0,0,0,200000,0.00,1749680627,'approved',0,0,NULL,NULL),
(368,'bYr1cC1ny','',NULL,6812703261,'BUY_SUB',47,0,0,239000,0.00,1749680918,'paid_with_wallet',0,0,NULL,NULL),
(369,'wMNYWHcmc','',NULL,8181325239,'BUY_SUB',4,0,0,125000,0.00,1749792836,'approved',0,0,NULL,NULL),
(370,'s6WwmprnF','',NULL,5566961640,'BUY_SUB',2,0,0,55000,0.00,1749826208,'approved',0,0,NULL,NULL),
(371,'fHXFVuw1C','',NULL,5606943482,'BUY_SUB',42,0,0,65000,0.00,1749836488,'pending',0,0,NULL,NULL),
(375,'zvxuw7VdW','',NULL,1790691070,'BUY_SUB',2,0,0,55000,0.00,1749909919,'approved',0,0,NULL,NULL),
(377,'EsYjXpORy','',NULL,6525992237,'BUY_SUB',2,0,0,55000,0.00,1749917094,'pending',0,0,NULL,NULL),
(380,'ITcP9F4b9','',NULL,6968822287,'BUY_SUB',2,0,0,55000,0.00,1749917333,'pending',0,0,NULL,NULL),
(381,'ndeSl9mZy','',NULL,6812703261,'BUY_SUB',3,0,0,95000,0.00,1749935735,'approved',0,0,NULL,NULL),
(383,'6293eBCVF','',NULL,1700532725,'BUY_SUB',2,0,0,55000,0.00,1749979244,'approved',0,0,NULL,NULL),
(385,'NyYEailtl','',NULL,6298606714,'BUY_SUB',43,0,0,109000,0.00,1749980624,'approved',0,0,NULL,NULL),
(386,'CjnZHlfD9','',NULL,456832481,'BUY_SUB',42,0,0,65000,0.00,1749984302,'pending',0,0,NULL,NULL),
(389,'Oy3DFD63u','',NULL,744317523,'BUY_SUB',42,0,0,65000,0.00,1750018765,'approved',0,0,NULL,NULL),
(390,'h8yVqNKCh','',NULL,676807927,'BUY_SUB',2,0,0,55000,0.00,1750113725,'approved',0,0,NULL,NULL),
(391,'H3Mtyx6fi','',NULL,676807927,'BUY_SUB',2,0,0,55000,0.00,1750143324,'approved',0,0,NULL,NULL),
(393,'Lpz2Rlcq2','',NULL,744317523,'BUY_SUB',42,0,0,65000,0.00,1750155947,'approved',0,0,NULL,NULL),
(394,'46yFuBxJT','',NULL,744317523,'BUY_SUB',42,0,0,65000,0.00,1750170006,'approved',0,0,NULL,NULL),
(397,'ZvZDtd5dP','',NULL,744317523,'BUY_SUB',42,0,0,65000,0.00,1750173568,'approved',0,0,NULL,NULL),
(398,'mRyPJqUMh','',NULL,1700532725,'BUY_SUB',2,0,0,55000,0.00,1750179699,'approved',0,0,NULL,NULL),
(399,'8NFjqsDyA','',NULL,5566961640,'BUY_SUB',2,0,0,55000,0.00,1750183729,'approved',0,0,NULL,NULL),
(400,'bZyHyAWzb','',NULL,6298606714,'BUY_SUB',43,0,0,109000,0.00,1750188820,'approved',0,0,NULL,NULL),
(401,'vV87TcjRm','',NULL,6234112517,'BUY_SUB',4,0,0,119000,0.00,1750197673,'approved',0,0,NULL,NULL),
(403,'gi4tvEWne','',NULL,1325890941,'BUY_SUB',42,0,0,65000,0.00,1750239458,'approved',0,0,NULL,NULL),
(406,'wPuriGCdV','',NULL,420412178,'BUY_SUB',42,0,0,65000,0.00,1750627172,'pending',0,0,NULL,NULL),
(415,'XLC7PbvPo','',NULL,1700532725,'BUY_SUB',2,0,0,55000,0.00,1750755686,'pending',0,0,NULL,NULL),
(417,'QSaI6rUww','',NULL,6609855905,'BUY_SUB',4,0,0,119000,0.00,1750844067,'pending',0,0,NULL,NULL),
(423,'1cvCKVe2l','',NULL,153518275,'BUY_SUB',43,0,0,109000,0.00,1750960860,'sent',0,0,NULL,NULL),
(424,'2LNjGM3mh','',NULL,7884674225,'BUY_SUB',2,0,0,65000,0.00,1751015679,'pending',0,0,NULL,NULL),
(425,'19vUPs94x','',NULL,7419389547,'BUY_SUB',2,0,0,65000,0.00,1751015874,'pending',0,0,NULL,NULL),
(427,'PzxoM8cir','',NULL,7754340313,'BUY_SUB',2,0,0,65000,0.00,1751144787,'pending',0,0,NULL,NULL),
(442,'qrkKi8OId','',NULL,6953480127,'BUY_SUB',7,0,0,289000,0.00,1751283996,'sent',0,0,NULL,NULL),
(446,'CmGHO6r9B','',NULL,7844436526,'BUY_SUB',47,0,0,239000,0.00,1751520826,'approved',0,0,NULL,NULL),
(447,'mQxQGuFVs','',NULL,744317523,'BUY_SUB',42,0,0,69000,0.00,1751537065,'approved',0,0,NULL,NULL),
(448,'i9zficKhU','',NULL,1790691070,'BUY_SUB',3,0,0,99000,0.00,1751563284,'approved',0,0,NULL,NULL),
(449,'BXZNXwEpy','',NULL,1790691070,'BUY_SUB',2,0,0,65000,0.00,1751566567,'approved',0,0,NULL,NULL),
(452,'Wdrf4gk5e','',NULL,6099007393,'BUY_SUB',3,0,0,99000,0.00,1751575759,'approved',0,0,NULL,NULL),
(453,'BDGDQdnRV','',NULL,8181325239,'BUY_SUB',3,0,0,99000,0.00,1751611493,'approved',0,0,NULL,NULL),
(454,'OirkbOiNu','',NULL,8181325239,'BUY_SUB',45,0,0,199000,0.00,1751735950,'approved',0,0,NULL,NULL),
(455,'OObWbcq4o','',NULL,7844436526,'BUY_SUB',43,0,0,109000,0.00,1751811367,'approved',0,0,NULL,NULL),
(456,'EjWXVF5gS','',NULL,676807927,'BUY_SUB',2,0,0,65000,0.00,1751886124,'approved',0,0,NULL,NULL),
(457,'1b7QoQYWW','',NULL,7916611868,'BUY_SUB',42,0,0,69000,0.00,1751888877,'approved',0,0,NULL,NULL),
(458,'6UTuQr3bY','',NULL,8002236386,'BUY_SUB',42,0,0,69000,0.00,1751901935,'pending',0,0,NULL,NULL),
(459,'kK97MnvNq','',NULL,744317523,'BUY_SUB',42,0,0,69000,0.00,1752055965,'approved',0,0,NULL,NULL),
(463,'LfTMnSfJj','',NULL,6929877096,'BUY_SUB',42,0,0,69000,0.00,1752062966,'approved',0,0,NULL,NULL),
(464,'jZtHknQt7','',NULL,1810121238,'BUY_SUB',45,0,0,199000,0.00,1752098011,'pending',0,0,NULL,NULL),
(468,'YfPN41evL','',NULL,6551472576,'BUY_SUB',2,0,0,65000,0.00,1752273716,'approved',0,0,NULL,NULL),
(469,'qSQVrhQQI','',NULL,5982018241,'BUY_SUB',2,0,0,65000,0.00,1752275382,'approved',0,0,NULL,NULL),
(488,'i7xvtuldm',NULL,NULL,6812703261,'INCREASE_WALLET',0,0,0,340000,0.00,1752355627,'approved',0,0,NULL,NULL),
(489,'9ODSjsSXr','',NULL,6812703261,'BUY_SUB',8,0,0,219000,0.00,1752355955,'paid_with_wallet',0,0,NULL,NULL),
(490,'libR9cGGC','',NULL,6812703261,'BUY_SUB',8,0,0,219000,0.00,1752356007,'paid_with_wallet',0,0,NULL,NULL),
(491,'4hCwFJpIN','',NULL,676807927,'BUY_SUB',2,0,0,65000,0.00,1752356181,'approved',0,0,NULL,NULL),
(493,'JA7qwJVjP',NULL,NULL,6099007393,'INCREASE_WALLET',0,0,0,100000,0.00,1752398357,'pending',0,0,NULL,NULL),
(494,'gDNFJx1bM','',NULL,676807927,'BUY_SUB',2,0,0,65000,0.00,1752450736,'approved',0,0,NULL,NULL),
(495,'pA5hHDMFv','',NULL,676807927,'BUY_SUB',2,0,0,65000,0.00,1752562675,'approved',0,0,NULL,NULL),
(496,'kd5hJkWvC','',NULL,676807927,'BUY_SUB',47,0,0,239000,0.00,1752562734,'approved',0,0,NULL,NULL),
(497,'FXlmfyQfu',NULL,NULL,6812703261,'INCREASE_WALLET',0,0,0,200000,0.00,1752675680,'approved',0,0,NULL,NULL),
(498,'azdkvwJkT','',NULL,6812703261,'BUY_SUB',4,0,0,129000,0.00,1752676629,'paid_with_wallet',0,0,NULL,NULL),
(500,'bQdPdHW4v','',NULL,1790691070,'BUY_SUB',3,0,0,99000,0.00,1752942719,'approved',0,0,NULL,NULL),
(501,'bpCE3bb4F','',NULL,5566961640,'BUY_SUB',2,0,0,65000,0.00,1753035982,'approved',0,0,NULL,NULL),
(505,'tREjzvTWz',NULL,NULL,6812703261,'INCREASE_WALLET',0,0,0,200000,0.00,1753291742,'approved',0,0,NULL,NULL),
(506,'9VjPaZl2A','',NULL,6812703261,'BUY_SUB',47,0,0,239000,0.00,1753291842,'paid_with_wallet',0,0,NULL,NULL),
(507,'UxuRTEWlG','',NULL,7369066002,'BUY_SUB',3,0,0,99000,0.00,1753383902,'approved',0,0,NULL,NULL),
(509,'7Ep5xdl3C','',NULL,7369066002,'BUY_SUB',3,0,0,99000,0.00,1753548809,'approved',0,0,NULL,NULL),
(510,'ZaBmezotP',NULL,NULL,6812703261,'INCREASE_WALLET',0,0,0,50000,0.00,1753556810,'approved',0,0,NULL,NULL),
(511,'WyoHgqEBY','',NULL,6812703261,'BUY_SUB',42,0,0,69000,0.00,1753557079,'paid_with_wallet',0,0,NULL,NULL),
(513,'beyEB7hMT','',NULL,744317523,'BUY_SUB',43,0,0,109000,0.00,1753694355,'approved',0,0,NULL,NULL),
(514,'qCWk3iS4I','',NULL,975292742,'BUY_SUB',49,0,0,489000,0.00,1753778110,'pending',0,0,NULL,NULL),
(515,'4Bd6Men7A','',NULL,1790691070,'BUY_SUB',4,0,0,129000,0.00,1753779032,'approved',0,0,NULL,NULL),
(516,'VuPXtegWU','',NULL,6234112517,'BUY_SUB',4,0,0,129000,0.00,1753882709,'approved',0,0,NULL,NULL),
(517,'p7jXEYYtt','',NULL,676807927,'BUY_SUB',2,0,0,65000,0.00,1753883072,'approved',0,0,NULL,NULL),
(518,'g9UHZpaTk','',NULL,5566961640,'BUY_SUB',2,0,0,65000,0.00,1754248000,'approved',0,0,NULL,NULL),
(519,'nhaisrfzc','',NULL,744317523,'BUY_SUB',43,0,0,109000,0.00,1754602592,'approved',0,0,NULL,NULL),
(520,'kEqvrUtCz','',NULL,7369066002,'BUY_SUB',3,0,0,99000,0.00,1754721451,'approved',0,0,NULL,NULL),
(521,'GJlTBkUYH','',NULL,5569887321,'BUY_SUB',43,0,0,109000,0.00,1754772661,'pending',0,0,NULL,NULL),
(522,'Y1glvJk2w','',NULL,7844436526,'BUY_SUB',42,0,0,69000,0.00,1754837318,'sent',0,0,NULL,NULL),
(523,'hJAM6DHM6','',NULL,7844436526,'BUY_SUB',44,0,0,139000,0.00,1754906727,'approved',0,0,NULL,NULL),
(524,'Bc8y53hOP','',NULL,61558673,'BUY_SUB',44,0,0,139000,0.00,1755166167,'pending',0,0,NULL,NULL),
(526,'OtAMqwlhB','',NULL,1790691070,'BUY_SUB',4,0,0,129000,0.00,1755277622,'approved',0,0,NULL,NULL),
(527,'9KfZx7F9X','',NULL,1790691070,'BUY_SUB',3,0,0,99000,0.00,1755280898,'approved',0,0,NULL,NULL),
(528,'aGWxkxWTO','',NULL,6812703261,'BUY_SUB',4,0,0,129000,0.00,1755346351,'approved',0,0,NULL,NULL),
(529,'RlDdyScZN','',NULL,7961417575,'BUY_SUB',2,0,0,65000,0.00,1755395675,'pending',0,0,NULL,NULL),
(530,'ycDKfHynu','',NULL,6234112517,'BUY_SUB',4,0,0,129000,0.00,1755638880,'approved',0,0,NULL,NULL),
(531,'EFI9dg8QW','',NULL,8324916439,'BUY_SUB',2,0,0,65000,0.00,1755775162,'approved',0,0,NULL,NULL),
(533,'rT8J2sRch','',NULL,6929877096,'BUY_SUB',42,0,0,69000,0.00,1755867456,'approved',0,0,NULL,NULL),
(534,'8hilLAAeJ',NULL,NULL,6812703261,'INCREASE_WALLET',0,0,0,340000,0.00,1756054369,'approved',0,0,NULL,NULL),
(535,'KdpxtTRUZ','',NULL,6812703261,'BUY_SUB',8,0,0,219000,0.00,1756054855,'paid_with_wallet',0,0,NULL,NULL),
(536,'qmIOBHCBw',NULL,NULL,676807927,'INCREASE_WALLET',0,0,0,100000,0.00,1756114789,'approved',0,0,NULL,NULL),
(537,'8ErDdGJDX','',NULL,676807927,'BUY_SUB',2,0,0,65000,0.00,1756114833,'paid_with_wallet',0,0,NULL,NULL),
(538,'D8ZaxB593',NULL,NULL,6812703261,'INCREASE_WALLET',0,0,0,110000,0.00,1756138057,'approved',0,0,NULL,NULL),
(539,'AHXOo5Kf9','',NULL,6812703261,'BUY_SUB',47,0,0,249000,0.00,1756138137,'paid_with_wallet',0,0,NULL,NULL),
(540,'wRIr2UvBH','',NULL,8324916439,'BUY_SUB',2,0,0,65000,0.00,1756140981,'approved',0,0,NULL,NULL),
(542,'3RZKsSs1X','',NULL,512526737,'BUY_SUB',2,0,0,65000,0.00,1756628947,'approved',0,0,NULL,NULL),
(543,'4SfBpM379','',NULL,1790691070,'BUY_SUB',4,0,0,139000,0.00,1756720775,'approved',0,0,NULL,NULL),
(544,'AH2ixyhYH','',NULL,1790691070,'BUY_SUB',4,0,0,139000,0.00,1756746994,'approved',0,0,NULL,NULL),
(545,'7TVGOth4H','',NULL,676807927,'BUY_SUB',2,0,0,65000,0.00,1757098556,'approved',0,0,NULL,NULL),
(546,'fvdDtCq16','',NULL,676807927,'BUY_SUB',2,0,0,65000,0.00,1757098669,'approved',0,0,NULL,NULL),
(547,'empV1r7Wy','',NULL,5746099034,'BUY_SUB',42,0,0,75000,0.00,1757230239,'pending',0,0,NULL,NULL),
(548,'4uGvfgXDQ','',NULL,7844436526,'BUY_SUB',47,0,0,269000,0.00,1757239742,'approved',0,0,NULL,NULL),
(549,'YxetR3MdC','',NULL,512526737,'BUY_SUB',2,0,0,65000,0.00,1757361852,'approved',0,0,NULL,NULL),
(550,'5QMB6ye6j','',NULL,6234112517,'BUY_SUB',4,0,0,139000,0.00,1757454538,'approved',0,0,NULL,NULL),
(552,'xE2dSF3r7','',NULL,5839789159,'BUY_SUB',2,0,0,65000,0.00,1757525244,'approved',0,0,NULL,NULL),
(554,'YHqjiA1jg',NULL,NULL,6812703261,'INCREASE_WALLET',0,0,0,220000,0.00,1758049831,'approved',0,0,NULL,NULL),
(555,'nhcxyqv69','',NULL,6812703261,'BUY_SUB',4,0,0,139000,0.00,1758050223,'paid_with_wallet',0,0,NULL,NULL),
(556,'2GbvIF4aq','',NULL,512526737,'BUY_SUB',4,0,0,139000,0.00,1758103628,'approved',0,0,NULL,NULL),
(558,'8n5vUPwtF',NULL,NULL,5839789159,'INCREASE_WALLET',0,0,0,65000,0.00,1758140514,'approved',0,0,NULL,NULL),
(560,'hHmEyy69E','',NULL,5839789159,'BUY_SUB',2,0,0,65000,0.00,1758171998,'paid_with_wallet',0,0,NULL,NULL),
(561,'FvKyqc8Tp','',NULL,1790691070,'BUY_SUB',3,0,0,115000,0.00,1758302275,'approved',0,0,NULL,NULL),
(562,'Qd9Sk3VHH','',NULL,6929877096,'BUY_SUB',42,0,0,75000,0.00,1758407148,'approved',0,0,NULL,NULL),
(564,'9vQQHMg3G','',NULL,5983519504,'BUY_SUB',42,0,0,75000,0.00,1758530832,'approved',0,0,NULL,NULL),
(565,'S4GWUJxkN','',NULL,1790691070,'BUY_SUB',4,0,0,139000,0.00,1758635798,'approved',0,0,NULL,NULL),
(566,'2CwbyrVrL','',NULL,5839789159,'BUY_SUB',3,0,0,115000,0.00,1758716312,'approved',0,0,NULL,NULL),
(567,'VAIAZO1jz','',NULL,6234112517,'BUY_SUB',4,0,0,139000,0.00,1758904002,'approved',0,0,NULL,NULL),
(569,'KFOzIKoHe','',NULL,676807927,'BUY_SUB',56,0,0,19900,0.00,1759460245,'approved',0,0,NULL,NULL),
(571,'inaQTjbMf','',NULL,512526737,'BUY_SUB',4,0,0,139000,0.00,1759464069,'approved',0,0,NULL,NULL),
(572,'oUOMGMje6','',NULL,1790691070,'BUY_SUB',4,0,0,139000,0.00,1759830487,'approved',0,0,NULL,NULL),
(573,'4oSxFMCRY',NULL,NULL,6812703261,'INCREASE_WALLET',0,0,0,190000,0.00,1759866309,'approved',0,0,NULL,NULL),
(574,'IEOpygr4s','',NULL,6812703261,'BUY_SUB',47,0,0,269000,0.00,1759875845,'paid_with_wallet',0,0,NULL,NULL),
(575,'iL8TXPg2s','',NULL,512526737,'BUY_SUB',4,0,0,139000,0.00,1759892800,'approved',0,0,NULL,NULL),
(576,'YNgiib2D6','',NULL,5566961640,'BUY_SUB',2,0,0,65000,0.00,1760551701,'approved',0,0,NULL,NULL),
(579,'XWIwNZxLM','',NULL,7901515361,'BUY_SUB',2,0,0,65000,0.00,1760555822,'approved',0,0,NULL,NULL),
(582,'TYTvhekJW','',NULL,5839789159,'BUY_SUB',2,0,0,65000,0.00,1760620855,'approved',0,0,NULL,NULL),
(584,'xvFJko7Ir','',NULL,6812703261,'BUY_SUB',3,0,0,115000,0.00,1760724962,'approved',0,0,NULL,NULL),
(585,'WomiaFFC2','',NULL,5566961640,'BUY_SUB',2,0,0,65000,0.00,1760980093,'approved',0,0,NULL,NULL),
(586,'v6zMZbHKE','',NULL,6929877096,'BUY_SUB',42,0,0,75000,0.00,1760995140,'approved',0,0,NULL,NULL),
(587,'fgV3ALz8w','',NULL,1790691070,'BUY_SUB',5,0,0,189000,0.00,1761065828,'approved',0,0,NULL,NULL),
(588,'2zHaomGIJ','',NULL,512526737,'BUY_SUB',4,0,0,139000,0.00,1761115339,'approved',0,0,NULL,NULL),
(589,'vkBZ36fOW','',NULL,586924831,'BUY_SUB',2,0,0,65000,0.00,1761163112,'approved',0,0,NULL,NULL),
(590,'E4FY9xPbx','',NULL,6234112517,'BUY_SUB',4,0,0,139000,0.00,1761227752,'approved',0,0,NULL,NULL),
(592,'lCsCHzMbw','',NULL,1374725698,'BUY_SUB',56,0,0,19900,0.00,1761818145,'approved',0,0,NULL,NULL),
(593,'z61ID1Axk',NULL,NULL,6812703261,'INCREASE_WALLET',0,0,0,360000,0.00,1761818746,'approved',0,0,NULL,NULL),
(594,'Zu1OhrGOM','',NULL,6812703261,'BUY_SUB',8,0,0,249000,0.00,1761818932,'paid_with_wallet',0,0,NULL,NULL),
(597,'sDZp14N2k','',NULL,121094883,'BUY_SUB',2,0,0,65000,0.00,1761850322,'approved',0,0,NULL,NULL),
(599,'8UBPSnDxK','',NULL,5983519504,'BUY_SUB',3,0,0,115000,0.00,1762165297,'approved',0,0,NULL,NULL),
(601,'AC5YvkJUK','',NULL,1068732821,'BUY_SUB',3,0,0,80500,0.00,1762166366,'approved',0,0,NULL,NULL),
(602,'OowzcEND2','',NULL,5566961640,'BUY_SUB',2,0,0,65000,0.00,1762193918,'approved',0,0,NULL,NULL),
(603,'6c8LNZYPc','',NULL,6234112517,'BUY_SUB',4,0,0,139000,0.00,1762369444,'approved',0,0,NULL,NULL),
(604,'5ZrcATnkn','',NULL,5566961640,'BUY_SUB',2,0,0,65000,0.00,1762378990,'approved',0,0,NULL,NULL),
(605,'jjTGopi6h','',NULL,512526737,'BUY_SUB',4,0,0,139000,0.00,1762420489,'approved',0,0,NULL,NULL),
(608,'uby8MXBIM','',NULL,1068732821,'BUY_SUB',3,0,0,80500,0.00,1762502192,'pending',0,0,NULL,NULL),
(609,'IHF9ZYA17','',NULL,7844436526,'BUY_SUB',45,0,0,229000,0.00,1762546270,'approved',0,0,NULL,NULL),
(610,'gs2NYeT9k','',NULL,1790691070,'BUY_SUB',5,0,0,189000,0.00,1762584785,'pending',0,0,NULL,NULL),
(612,'BlU527QIN','',NULL,7129955051,'BUY_SUB',43,0,0,135000,0.00,1762600811,'approved',0,0,NULL,NULL),
(613,'Eo9aQcupI','',NULL,1374725698,'BUY_SUB',58,0,0,19900,0.00,1762621029,'approved',0,0,NULL,NULL),
(614,'EpIpVMvot','',NULL,5566961640,'BUY_SUB',2,0,0,65000,0.00,1762713525,'approved',0,0,NULL,NULL),
(617,'dH2gKnQ7H','',NULL,742761532,'BUY_SUB',3,0,0,115000,0.00,1762962598,'approved',0,0,NULL,NULL);

--
-- Table structure for table `send_list`
--

CREATE TABLE `send_list` (
  `id` int(11) NOT NULL AUTO_INCREMENT,
  `offset` int(11) NOT NULL DEFAULT 0,
  `type` varchar(20) NOT NULL,
  `text` text CHARACTER SET utf8mb4 COLLATE utf8mb4_bin DEFAULT NULL,
  `chat_id` bigint(20) DEFAULT NULL,
  `message_id` int(11) DEFAULT NULL,
  `file_id` varchar(500) DEFAULT NULL,
  `state` int(11) NOT NULL DEFAULT 0,
  PRIMARY KEY (`id`)
) ENGINE=InnoDB DEFAULT CHARSET=utf8mb4 COLLATE=utf8mb4_0900_ai_ci;

--
-- Dumping data for table `send_list`
--


--
-- Table structure for table `server_categories`
--

CREATE TABLE `server_categories` (
  `id` int(11) NOT NULL AUTO_INCREMENT,
  `server_id` varchar(20) NOT NULL,
  `title` varchar(50) NOT NULL,
  `parent` int(11) NOT NULL DEFAULT 0,
  `step` int(11) NOT NULL,
  `active` int(11) NOT NULL DEFAULT 0,
  PRIMARY KEY (`id`)
) ENGINE=MyISAM AUTO_INCREMENT=8 DEFAULT CHARSET=utf8mb4 COLLATE=utf8mb4_persian_ci;

--
-- Dumping data for table `server_categories`
--

INSERT INTO `server_categories` VALUES
(1,'0','🔷 اشتراک های یک ماهه 🔷',0,4,1),
(2,'0','🔷 اشتراک های دو ماهه 🔷',0,4,1),
(7,'0','ساخت پلن دلخواه ♻️',0,4,1);

--
-- Table structure for table `server_config`
--

CREATE TABLE `server_config` (
  `id` int(11) NOT NULL AUTO_INCREMENT,
  `panel_url` varchar(254) NOT NULL,
  `ip` text NOT NULL,
  `sni` varchar(254) NOT NULL,
  `header_type` enum('none','http') NOT NULL,
  `request_header` text NOT NULL,
  `response_header` text NOT NULL,
  `security` enum('xtls','tls','none') NOT NULL,
  `tlsSettings` text NOT NULL,
  `type` varchar(100) DEFAULT NULL,
  `username` varchar(100) NOT NULL,
  `password` varchar(100) NOT NULL,
  `port_type` varchar(10) DEFAULT 'auto',
  `reality` varchar(10) DEFAULT 'false',
  PRIMARY KEY (`id`)
) ENGINE=MyISAM AUTO_INCREMENT=12 DEFAULT CHARSET=latin1 COLLATE=latin1_swedish_ci;

--
-- Dumping data for table `server_config`
--

INSERT INTO `server_config` VALUES
(1,'https://s2.qazii.shop:2053/ghazi-web','a.qazii.shop','','http','www.telewebion.com','','none','','sanaei','Sajad8080@','Ghazi8080@','auto','false'),
(2,'https://s2.qazii.shop:2053/ghazi-web','A.QAZII.SHOP','','http','www.telewebion.com','','none','','sanaei','Sajad8080@','Ghazi8080@','auto','false');

--
-- Table structure for table `server_info`
--

CREATE TABLE `server_info` (
  `id` int(11) NOT NULL AUTO_INCREMENT,
  `title` varchar(200) CHARACTER SET utf8mb4 COLLATE utf8mb4_bin NOT NULL,
  `ucount` varchar(20) CHARACTER SET latin1 COLLATE latin1_swedish_ci NOT NULL,
  `remark` varchar(100) NOT NULL,
  `flag` varchar(100) NOT NULL,
  `active` int(11) NOT NULL DEFAULT 0,
  `state` int(11) NOT NULL DEFAULT 1,
  PRIMARY KEY (`id`)
) ENGINE=MyISAM AUTO_INCREMENT=12 DEFAULT CHARSET=utf8mb4 COLLATE=utf8mb4_persian_ci;

--
-- Dumping data for table `server_info`
--

INSERT INTO `server_info` VALUES
(1,'سرویس اشتراکی CIP 🔴','355','CIP','🔴',1,1),
(2,'سرویس اختصاصی VIP 🟢','936','VIP','🟢',1,1);

--
-- Table structure for table `server_plans`
--

CREATE TABLE `server_plans` (
  `id` int(11) NOT NULL AUTO_INCREMENT,
  `fileid` varchar(250) NOT NULL,
  `catid` int(11) NOT NULL,
  `server_id` int(11) NOT NULL,
  `inbound_id` int(11) NOT NULL DEFAULT 0,
  `acount` bigint(20) NOT NULL,
  `limitip` int(11) NOT NULL DEFAULT 1,
  `title` varchar(150) NOT NULL,
  `protocol` varchar(100) NOT NULL,
  `days` float NOT NULL,
  `volume` float NOT NULL,
  `type` varchar(50) NOT NULL,
  `price` int(11) NOT NULL,
  `descr` text NOT NULL,
  `pic` varchar(100) NOT NULL,
  `active` int(11) NOT NULL DEFAULT 0,
  `step` int(11) NOT NULL,
  `date` varchar(50) NOT NULL,
  `rahgozar` int(11) DEFAULT 0,
  `dest` varchar(1000) CHARACTER SET utf8mb4 COLLATE utf8mb4_bin DEFAULT NULL,
  `serverNames` text CHARACTER SET utf8mb4 COLLATE utf8mb4_bin DEFAULT NULL,
  `spiderX` varchar(500) DEFAULT NULL,
  `flow` varchar(50) DEFAULT 'None',
  `custom_path` int(11) DEFAULT 1,
  `custom_port` int(11) NOT NULL DEFAULT 0,
  `custom_sni` varchar(500) DEFAULT NULL,
  PRIMARY KEY (`id`)
) ENGINE=MyISAM AUTO_INCREMENT=65 DEFAULT CHARSET=utf8mb4 COLLATE=utf8mb4_persian_ci;

--
-- Dumping data for table `server_plans`
--

INSERT INTO `server_plans` VALUES
(2,'',1,1,18,993,0,'🔶 یک ماهه 10 گیگ','vless',30,10,'tcp',65000,'✅ متصل روی تمامی اوپراتور ها','',1,10,'1725635807',0,NULL,NULL,NULL,'None',1,0,NULL),
(3,'',1,1,18,942,0,'🔶 یک ماهه 20 گیگ','vless',30,20,'tcp',115000,'✅ متصل روی تمامی اوپراتور ها \n1️⃣ ایرانسل\n2️⃣ همراه اول\n3️⃣ مخابرات\n4⃣ شاتل \n\n♻️ تنها با یک سرور ♻️','',1,10,'1725635857',0,NULL,NULL,NULL,'None',1,0,NULL),
(4,'',1,1,18,7974,0,'🔶 یک ماهه 30 گیگ','vless',30,30,'tcp',139000,'✅ متصل روی تمامی اوپراتور ها \n1️⃣ ایرانسل\n2️⃣ همراه اول\n3️⃣ مخابرات\n4⃣ شاتل \n\n♻️ تنها با یک سرور ♻️','',1,10,'1725636122',0,NULL,NULL,NULL,'None',1,0,NULL),
(5,'',1,1,18,996,0,'🔶 یک ماهه 50 گیگ','vless',30,50,'tcp',189000,'✅ متصل روی تمامی اوپراتور ها \n1️⃣ ایرانسل\n2️⃣ همراه اول\n3️⃣ مخابرات\n4⃣ شاتل \n\n♻️ تنها با یک سرور ♻️','',1,10,'1725636174',0,NULL,NULL,NULL,'None',1,0,NULL),
(7,'',1,1,18,999,0,'🔶 یک ماهه 100 گیگ','vless',30,100,'tcp',299000,'✅ متصل روی تمامی اوپراتور ها','',1,10,'1725636240',0,NULL,NULL,NULL,'None',1,0,NULL),
(8,'',2,1,18,991,0,'🔶 دو ماهه 50 گیگ','vless',60,50,'tcp',249000,'✅ متصل روی تمامی اوپراتور ها','',1,10,'1725636281',0,NULL,NULL,NULL,'None',1,0,NULL),
(9,'',2,1,18,1000,0,'🔶 دو ماهه 100 گیگ','vless',60,100,'tcp',369000,'✅ متصل روی تمامی اوپراتور ها','',1,10,'1725636377',0,NULL,NULL,NULL,'None',1,0,NULL),
(10,'',2,1,18,1000,0,'🔶 دو ماهه 150 گیگ','vless',60,150,'tcp',469000,'✅ متصل روی تمامی اوپراتور ها','',1,10,'1725636443',0,NULL,NULL,NULL,'None',1,0,NULL),
(48,'',2,2,18,1000,0,'♦️ دو ماهه 100 گیگ','vless',60,100,'tcp',389000,'متصل روی تمامی اوپراتور ها ❇️','',1,10,'1742241684',0,NULL,NULL,NULL,'None',1,0,NULL),
(49,'',2,2,18,1000,0,'♦️ دو ماهه 150 گیگ','vless',60,150,'tcp',545000,'متصل روی تمامی اوپراتور ها ❇️','',1,10,'1742241743',0,NULL,NULL,NULL,'None',1,0,NULL),
(47,'',2,2,18,987,0,'♦️ دو ماهه 50 گیگ','vless',60,50,'tcp',289000,'متصل روی تمامی اوپراتور ها ❇️','',1,10,'1742241529',0,NULL,NULL,NULL,'None',1,0,NULL),
(37,'',1,4,154,1000,0,'🔹 یک‌ماهه 10 گیگ 🔹','vless',30,10,'tcp',35000,'✅ متصل روی تمامی اوپراتور ها','',1,10,'1728373205',0,NULL,NULL,NULL,'None',1,0,NULL),
(43,'',1,2,18,7990,0,'♦️ یک ماهه 20 گیگ','vless',30,20,'tcp',135000,'متصل روی تمامی اوپراتور ها ❇️','',1,10,'1742241029',0,NULL,NULL,NULL,'None',1,0,NULL),
(42,'',1,2,18,980,0,'♦️ یک ماهه 10 گیگ','vless',30,10,'tcp',75000,'متصل روی تمامی اوپراتور ها ❇️','',1,10,'1742240841',0,NULL,NULL,NULL,'None',1,0,NULL),
(44,'',1,2,18,19997,0,'♦️ یک ماهه 30 گیگ','vless',30,30,'tcp',169000,'متصل روی تمامی اوپراتور ها ❇️','',1,10,'1742241158',0,NULL,NULL,NULL,'None',1,0,NULL),
(45,'',1,2,18,997,0,'♦️ یک ماهه 50 گیگ','vless',30,50,'tcp',229000,'متصل روی تمامی اوپراتور ها ❇️','',1,10,'1742241247',0,NULL,NULL,NULL,'None',1,0,NULL),
(46,'',1,2,18,1000,0,'♦️ یک ماهه 100 گیگ','vless',30,100,'tcp',345000,'متصل روی تمامی اوپراتور ها ❇️','',1,10,'1742241309',0,NULL,NULL,NULL,'None',1,0,NULL),
(53,'',1,8,18,65,0,'hg','vless',666,5,'tcp',600000,'fh','',1,10,'1750143167',0,NULL,NULL,NULL,'None',1,0,NULL),
(63,'',7,11,18,6,0,'رفتن ب پلن دلخواه','vless',3,3,'tcp',0,'x','',1,10,'1762146335',0,NULL,NULL,NULL,'None',1,0,NULL),
(58,'',1,2,18,999,0,'🛜 اکانت هفتگی اقتصادی','vless',7,3,'tcp',19900,'📈 حجم کل 3 گیگابایت','',1,10,'1761818887',0,NULL,NULL,NULL,'None',1,0,NULL),
(57,'',1,1,18,1000,0,'🛜 اکانت هفتگی اقتصادی','vless',7,3,'tcp',19900,'📈 حجم کل 3 گیگابایت','',1,10,'1761818773',0,NULL,NULL,NULL,'None',1,0,NULL),
(62,'',7,11,18,1000,0,'ساخت پلن دلخواه ♻️','vless',1,1,'tcp',0,'ساخت پلن دلخواه ♻️','',1,10,'1762146239',0,NULL,NULL,NULL,'None',1,0,NULL);

--
-- Table structure for table `servers`
--

CREATE TABLE `servers` (
  `id` int(11) NOT NULL AUTO_INCREMENT,
  `ip` varchar(200) NOT NULL,
  `port` int(11) NOT NULL,
  `username` varchar(200) NOT NULL,
  `password` varchar(200) NOT NULL,
  `name` varchar(200) CHARACTER SET utf8mb3 COLLATE utf8mb3_persian_ci NOT NULL,
  `panel` varchar(100) NOT NULL,
  `status` int(11) NOT NULL,
  PRIMARY KEY (`id`)
) ENGINE=MyISAM DEFAULT CHARSET=utf8mb4 COLLATE=utf8mb4_persian_ci;

--
-- Dumping data for table `servers`
--


--
-- Table structure for table `setting`
--

CREATE TABLE `setting` (
  `id` int(11) NOT NULL AUTO_INCREMENT,
  `type` varchar(5000) CHARACTER SET utf8mb4 COLLATE utf8mb4_bin NOT NULL,
  `value` text CHARACTER SET utf8mb4 COLLATE utf8mb4_bin NOT NULL,
  PRIMARY KEY (`id`)
) ENGINE=InnoDB AUTO_INCREMENT=39 DEFAULT CHARSET=latin1 COLLATE=latin1_swedish_ci;

--
-- Dumping data for table `setting`
--

INSERT INTO `setting` VALUES
(1,'TICKETS_CATEGORY','شکایت'),
(2,'INVITE_BANNER_AMOUNT','3000'),
(3,'INVITE_BANNER_TEXT','{\"type\":\"photo\",\"caption\":\"ud83dudd30u0628u0631u062au0631u06ccu0646 u0648 u0628u0647u062au0631u06ccu0646 u0631u0628u0627u062a vpn u0628u0627 u06a9u0627u0646u06a9u0634u0646 u0647u0627u06cc u0631u0627u06ccu06afu0627u0646\nu2705 u062du062au0645u0627 u0639u0636u0648 u0631u0628u0627u062a u0628u0634u06ccu062f u0648 u0627u0632 u062au062eu0641u06ccu0641 u0647u0627u06cc u0648u06ccu0698u0647 u0644u0630u062a u0628u0628u0631u06ccu0646\n\nud83dudd17 LINK\",\"file_id\":\"AgACAgQAAxkBAAJRKWRtX3wObRa3qAR_gkJgyKDdkHZsAAKAuzEbRaBpU3QQ2kLLt7MVAQADAgADeAADLwQ\"}'),
(4,'PAYMENT_KEYS','{\"nowpayment\":\"cccc-cccc-cccc-cccc\",\"zarinpal\":\"aaaa-aaaa-aaaa-aaaa\",\"nextpay\":\"bbbb-bbbb-bbbb-bbbb\",\"bankAccount\":\"6219861995306015\",\"holderName\":\"\\u0633\\u062c\\u0627\\u062f \\u0642\\u0627\\u0636\\u06cc\\n\\n#\\u0633\\u0627\\u0639\\u0627\\u062a_\\u062a\\u0627\\u06cc\\u06cc\\u062f_\\u062a\\u0631\\u0627\\u06a9\\u0646\\u0634 \\ud83d\\udc47\\n10:00 \\u0627\\u0644\\u06cc 14:00\\n17:00 \\u0627\\u0644\\u06cc 23:00\"}'),
(5,'BOT_STATES','{\"requirePhone\":\"off\",\"requireIranPhone\":\"off\",\"sellState\":\"on\",\"botState\":\"on\",\"searchState\":\"on\",\"rewaredTime\":\"3\",\"cartToCartState\":\"on\",\"nextpay\":\"off\",\"zarinpal\":\"off\",\"nowPaymentWallet\":\"off\",\"nowPaymentOther\":\"off\",\"walletState\":\"on\",\"rewardChannel\":\"@wizwizdev\",\"lockChannel\":\"@wizwizch\",\"changeProtocolState\":null,\"renewAccountState\":null,\"switchLocationState\":\"off\",\"increaseTimeState\":\"off\",\"increaseVolumeState\":\"off\",\"gbPrice\":\"2000\",\"dayPrice\":\"1500\",\"subLinkState\":\"off\",\"plandelkhahState\":\"off\",\"weSwapState\":\"off\",\"updateConfigLinkState\":\"off\",\"testAccount\":\"off\",\"updateConnectionState\":\"site\",\"qrConfigState\":\"on\",\"USDRate\":0.34,\"TRXRate\":39703.25,\"rateLimit\":1759989243,\"lastRewardMessage\":1759992841,\"cartToCartAutoAcceptState\":\"off\",\"cartToCartAutoAcceptTime\":\"3\",\"cartToCartAutoAcceptType\":\"2\",\"agencyState\":\"off\"}'),
(37,'MAIN_BUTTONS🔸 اکانت تست قبل از خرید 🔸','✅ دریافت از طریق ربات زیر 👇\n\n @test_config20_bot');

--
-- Table structure for table `users`
--

CREATE TABLE `users` (
  `id` int(11) NOT NULL AUTO_INCREMENT,
  `userid` varchar(40) NOT NULL,
  `name` varchar(100) NOT NULL,
  `username` varchar(100) NOT NULL,
  `refcode` varchar(50) NOT NULL,
  `wallet` int(11) NOT NULL DEFAULT 0,
  `date` varchar(50) NOT NULL,
  `phone` varchar(15) DEFAULT NULL,
  `refered_by` bigint(20) DEFAULT NULL,
  `step` varchar(1000) CHARACTER SET utf8mb4 COLLATE utf8mb4_general_ci NOT NULL DEFAULT 'none',
  `freetrial` varchar(10) DEFAULT NULL,
  `isAdmin` tinyint(1) NOT NULL DEFAULT 0,
  `first_start` varchar(10) DEFAULT NULL,
  `temp` text CHARACTER SET utf8mb4 COLLATE utf8mb4_bin DEFAULT NULL,
  `is_agent` int(11) NOT NULL DEFAULT 0,
  `discount_percent` varchar(1000) CHARACTER SET utf8mb4 COLLATE utf8mb4_bin DEFAULT NULL,
  `agent_date` int(11) NOT NULL DEFAULT 0,
  `spam_info` varchar(500) DEFAULT NULL,
  PRIMARY KEY (`id`)
) ENGINE=MyISAM AUTO_INCREMENT=162 DEFAULT CHARSET=utf8mb4 COLLATE=utf8mb4_persian_ci;

--
-- Dumping data for table `users`
--

INSERT INTO `users` VALUES
(1,'586924831','𝒈𝒉𝒂𝒛𝒊','sajad_ghazi','0',59000,'1725634452',NULL,NULL,'none','used',0,NULL,'',0,NULL,0,'{\"count\":1,\"date\":1761190596}'),
(2,'6642620949','..',' ندارد ','0',0,'1725651981',NULL,NULL,'banned',NULL,0,NULL,'',0,NULL,0,'{\"count\":7,\"date\":1730571181}'),
(3,'676807927','s',' ندارد ','0',105000,'1725652261',NULL,NULL,'none',NULL,0,'sent','',0,NULL,0,'{\"count\":8,\"date\":1760603337}'),
(4,'153518275','Reza','opatan_tire','0',0,'1725664969',NULL,NULL,'banned',NULL,0,NULL,'',0,NULL,0,'{\"count\":1,\"date\":1751986001}'),
(5,'1790691070','M',' ندارد ','0',0,'1725732252',NULL,NULL,'none',NULL,0,NULL,'',0,NULL,0,'{\"count\":2,\"date\":1762890206}'),
(6,'744317523','moeinian🌙','AFATEMEA','0',0,'1725812558',NULL,NULL,'none',NULL,0,'sent','',0,NULL,0,'{\"count\":3,\"date\":1755610915}'),
(9,'1303130406','Mobile','Alphaplus_marand','0',0,'1726086787',NULL,NULL,'none',NULL,0,NULL,'',0,NULL,0,'{\"count\":2,\"date\":1737886050}'),
(7,'6298606714','حسن',' ندارد ','0',0,'1725828360',NULL,NULL,'none',NULL,0,'sent','',0,NULL,0,'{\"count\":1,\"date\":1750189059}'),
(8,'5566961640','Haniyeh',' ندارد ','0',0,'1725967885',NULL,NULL,'none',NULL,0,'sent','',0,NULL,0,'{\"count\":1,\"date\":1762713660}'),
(90,'456832481','Mohammad','MRrajaby','0',0,'1749983434',NULL,NULL,'none',NULL,0,'sent','',0,NULL,0,'{\"count\":2,\"date\":1751199878}'),
(71,'7885248523','SEPI',' ندارد ','0',0,'1742633877',NULL,NULL,'none',NULL,0,'sent','',0,NULL,0,'{\"count\":1,\"date\":1742633944}'),
(66,'5495201244','𐎸𐎿𐎫𐎳𐎠','Gangester_m','0',0,'1740084930',NULL,NULL,'none',NULL,0,'sent','',0,NULL,0,'{\"count\":2,\"date\":1740085108}'),
(21,'5830501440','سامان',' ندارد ','0',0,'1727466232',NULL,NULL,'searchMyConfig',NULL,0,'sent','',0,NULL,0,'{\"count\":1,\"date\":1728472031}'),
(10,'40621361','Hôšêîn..Vmpîřê👹','HoseinVmpire','0',1000,'1726094111',NULL,NULL,'none',NULL,0,'sent','',0,NULL,0,'{\"count\":2,\"date\":1750100914}'),
(11,'5839789159','nadia',' ندارد ','0',0,'1726171783',NULL,NULL,'none',NULL,0,'sent','',0,NULL,0,'{\"count\":6,\"date\":1760620907}'),
(12,'6812703261','M_hosseinn','M_hosseinn','0',115000,'1726227228',NULL,NULL,'none',NULL,0,'sent','{\n    \"id\": 18,\n    \"remark\": \"VIP-6812703261-34358\",\n    \"uuid\": \"b56ab156-c572-4fc6-882b-e2cbfc214150\"\n}',0,NULL,0,'{\"count\":4,\"date\":1762893505}'),
(67,'6183653873','AMIR','jjgvvgg','0',0,'1740506444',NULL,NULL,'none',NULL,0,'sent','',0,NULL,0,'{\"count\":2,\"date\":1740560440}'),
(43,'6350676547','Me_mood_85🖤','Me_abodazl_85','0',0,'1734202018',NULL,NULL,'payWithCartToCartYIi3MTe3Z',NULL,0,'sent','',0,NULL,0,'{\"count\":7,\"date\":1741422946}'),
(15,'5559020043','طاها',' ندارد ','0',0,'1726593115',NULL,NULL,'none',NULL,0,'sent','',0,NULL,0,'{\"count\":2,\"date\":1726593175}'),
(13,'6843030613','.','Ghs_1386','0',0,'1726399222',NULL,NULL,'none',NULL,0,'sent','',0,NULL,0,'{\"count\":1,\"date\":1757410243}'),
(14,'5983519504','Nazi','Nazanin_iiz','0',0,'1726577667',NULL,NULL,'none',NULL,0,'sent','',0,NULL,0,'{\"count\":3,\"date\":1762165433}'),
(16,'6558647516','Mahdi','mahdi_mqsudlo','0',0,'1726596637',NULL,NULL,'none',NULL,0,'sent','',0,NULL,0,'{\"count\":1,\"date\":1726596697}'),
(17,'92630365','єรเ ๓๏ภเгเ','EsmailMoniri','0',0,'1726631361',NULL,NULL,'none',NULL,0,'sent','',0,NULL,0,'{\"count\":1,\"date\":1731874287}'),
(18,'6338761514','hosein','hosein11991','0',0,'1726771926',NULL,NULL,'none',NULL,0,NULL,'',0,NULL,0,'{\"count\":1,\"date\":1727795142}'),
(19,'571051726','🎩JAVADSARVI🎩','Cgv147','0',0,'1726826781',NULL,NULL,'none',NULL,0,'sent','',0,NULL,0,'{\"count\":4,\"date\":1726826841}'),
(20,'6234112517','فاطمه',' ندارد ','0',0,'1727048431',NULL,NULL,'none',NULL,0,'sent','',0,NULL,0,'{\"count\":1,\"date\":1762369580}'),
(82,'811019047','ᴬʳˢʰⁱᵃ','arshiadorj','0',0,'1745711072',NULL,NULL,'none',NULL,0,'sent','',0,NULL,0,NULL),
(28,'6491127620','Mahdy','Mahdy_skd','0',0,'1728132712',NULL,NULL,'none',NULL,0,'sent','',0,NULL,0,'{\"count\":5,\"date\":1753548089}'),
(22,'6130016222','🫠CAT🫠','YALOHA1','0',0,'1727522404',NULL,NULL,'none',NULL,0,'sent','',0,NULL,0,'{\"count\":4,\"date\":1750743757}'),
(103,'7040881334','🄼🄰🄷🄼🄰🄳🅁🄴🅉🄰','mahmadreza_2173','0',0,'1750829600',NULL,NULL,'none',NULL,0,'sent','',0,NULL,0,'{\"count\":1,\"date\":1750829660}'),
(25,'1389818935','👑💞 hamed💞👑','hamed_turk402','0',0,'1728054313',NULL,NULL,'none',NULL,0,'sent','',0,NULL,0,'{\"count\":3,\"date\":1741812778}'),
(23,'5530349125','s','hiiiighhr','0',0,'1727806651',NULL,NULL,'none',NULL,0,'sent','',0,NULL,0,'{\"count\":2,\"date\":1727806833}'),
(24,'197065599','.','SRHOJAT','0',0,'1727995505',NULL,NULL,'none',NULL,0,'sent','',0,NULL,0,'{\"count\":6,\"date\":1727995566}'),
(26,'6929877096','مهدی',' ندارد ','0',0,'1728072600',NULL,NULL,'none',NULL,0,'sent','',0,NULL,0,'{\"count\":1,\"date\":1760995375}'),
(68,'7844436526','DIMO',' ندارد ','0',0,'1740511799',NULL,NULL,'none',NULL,0,'sent','',0,NULL,0,'{\"count\":2,\"date\":1762546384}'),
(27,'1654653518','سهراب','sam20000000000','0',0,'1728074267',NULL,NULL,'showAccount',NULL,0,'sent','',0,NULL,0,'{\"count\":2,\"date\":1728332859}'),
(29,'123265632','AJ','AlienAilord','0',0,'1728141218',NULL,NULL,'none',NULL,0,'sent','',0,NULL,0,'{\"count\":1,\"date\":1758225034}'),
(30,'7094836600','Mohamad',' ندارد ','0',0,'1728238254',NULL,NULL,'none',NULL,0,'sent','',0,NULL,0,'{\"count\":1,\"date\":1728238315}'),
(31,'6236309032','Mohammad',' ندارد ','0',0,'1728807018',NULL,NULL,'payCustomWithCartToCarta5HSvyezk',NULL,0,'sent','',0,NULL,0,'{\"count\":2,\"date\":1728807163}'),
(32,'6614376221','Ahmad',' ندارد ','0',0,'1729177571',NULL,NULL,'none',NULL,0,'sent','',0,NULL,0,'{\"count\":2,\"date\":1729178020}'),
(33,'6833620748','سجاد','Sajadrshakib','0',0,'1729267787',NULL,NULL,'increaseMyWallet',NULL,0,'sent','',0,NULL,0,'{\"count\":2,\"date\":1731774124}'),
(34,'6048775454','shadmehr','shadmehr299','0',0,'1729449780',NULL,NULL,'none',NULL,0,'sent','',0,NULL,0,'{\"count\":4,\"date\":1729450572}'),
(35,'7431325211','shadmehr','Nejatii87','0',0,'1729450495',NULL,NULL,'none',NULL,0,'sent','',0,NULL,0,'{\"count\":2,\"date\":1729450556}'),
(36,'6141732771','♥♥','Fxsghgty','0',0,'1729455306',NULL,NULL,'none',NULL,0,'sent','',0,NULL,0,'{\"count\":2,\"date\":1729455455}'),
(37,'5044460170','akbari اکبری','PrincessArmyha12','0',0,'1730717711',NULL,NULL,'none',NULL,0,'sent','',0,NULL,0,'{\"count\":1,\"date\":1730724456}'),
(38,'1700532725','.',' ندارد ','0',0,'1730809126',NULL,NULL,'none',NULL,0,'sent','',0,NULL,0,'{\"count\":2,\"date\":1750842442}'),
(39,'103923897',';-)','Sharareh1374','0',0,'1732134495',NULL,NULL,'none',NULL,0,'sent','',0,NULL,0,'{\"count\":1,\"date\":1733158266}'),
(40,'708472595','◔͜͡◔ yalda ◔͜͡◔',' ندارد ','0',0,'1732471178',NULL,NULL,'none',NULL,0,'sent','',0,NULL,0,'{\"count\":5,\"date\":1732471239}'),
(41,'7884477941','...','Hollow_oo','0',0,'1733076542',NULL,NULL,'none',NULL,0,'sent','',0,NULL,0,'{\"count\":10,\"date\":1733076602}'),
(42,'428342432','💎Flora 💎','Flora_ghp','0',0,'1733249566',NULL,NULL,'none',NULL,0,NULL,'',0,NULL,0,'{\"count\":3,\"date\":1733249631}'),
(44,'6226414650','پشتیبانی سایت پنلان','Panelan_supp','0',0,'1734229404',NULL,NULL,'none',NULL,0,'sent','',0,NULL,0,'{\"count\":8,\"date\":1734229527}'),
(45,'7434173706','hamed',' ندارد ','0',0,'1734461583',NULL,NULL,'none',NULL,0,'sent','',0,NULL,0,'{\"count\":1,\"date\":1734461643}'),
(46,'6981546377','amir','amirh1385msh','0',0,'1734525152',NULL,NULL,'none',NULL,0,'sent','',0,NULL,0,'{\"count\":1,\"date\":1734531400}'),
(47,'1773927646','street','Game_ps4_ir','0',0,'1734616510',NULL,NULL,'none',NULL,0,'sent','',0,NULL,0,'{\"count\":2,\"date\":1734616570}'),
(48,'363500788','AB','pishgu','0',0,'1735267109',NULL,NULL,'none',NULL,0,'sent','',0,NULL,0,'{\"count\":5,\"date\":1735267173}'),
(49,'5143075927','Kkkk',' ندارد ','0',0,'1735864283',NULL,NULL,'none',NULL,0,NULL,'',0,NULL,0,NULL),
(50,'1610297124','zzzZZzzzz',' ندارد ','0',0,'1736167266',NULL,NULL,'none',NULL,0,NULL,'',0,NULL,0,NULL),
(51,'6911451893','عرفان',' ندارد ','0',0,'1736232013',NULL,NULL,'none',NULL,0,'sent','',0,NULL,0,'{\"count\":2,\"date\":1736360932}'),
(53,'6525992237','•𝓐𝓶𝓲𝓻 𝔃𝓸𝓱𝓻𝓮𝓿𝓪𝓷𝓭 •','amirhsin13877','0',0,'1737021491',NULL,NULL,'none',NULL,0,'sent','',0,NULL,0,'{\"count\":9,\"date\":1749917145}'),
(52,'5805063980','Mahd.i.s','Mahdisamadi15','0',0,'1736797137',NULL,NULL,'payWithCartToCartZyzAeJrL5',NULL,0,NULL,'',0,NULL,0,'{\"count\":6,\"date\":1736797332}'),
(54,'6968822287','amir',' ندارد ','0',0,'1737176516',NULL,NULL,'none',NULL,0,'sent','',0,NULL,0,'{\"count\":1,\"date\":1749917554}'),
(55,'618015121','Ahmadi.masoome',' ندارد ','0',0,'1737559515',NULL,NULL,'none',NULL,0,'sent','',0,NULL,0,'{\"count\":1,\"date\":1737821007}'),
(56,'6067393611','Soheil','Soheil_sh_0378','0',0,'1737810768',NULL,NULL,'none',NULL,0,'sent','',0,NULL,0,'{\"count\":4,\"date\":1737810828}'),
(57,'7065670977','فاطمه','fatemehbarkhordari7920','0',0,'1737995553',NULL,NULL,'none',NULL,0,'sent','',0,NULL,0,'{\"count\":2,\"date\":1737995613}'),
(58,'1521650190','N','nimajafarpour','0',0,'1738069710',NULL,NULL,'none',NULL,0,'sent','',0,NULL,0,'{\"count\":3,\"date\":1738449753}'),
(59,'6355796446','𝓟𝓪𝓻𝓼𝓪','parsaaria1390','0',0,'1738320777',NULL,NULL,'none',NULL,0,'sent','',0,NULL,0,'{\"count\":2,\"date\":1738779384}'),
(60,'6767132612','Ayda 🐾','aydadelaviz','0',0,'1738449457',NULL,NULL,'none',NULL,0,'sent','',0,NULL,0,'{\"count\":2,\"date\":1738449694}'),
(61,'6898883126','ParsVPN ADMIN','ParsVPNSupport','0',0,'1738788606',NULL,NULL,'none',NULL,0,'sent','',0,NULL,0,'{\"count\":2,\"date\":1739274887}'),
(62,'6478671499','ZIRO','ILI_MIZO','0',0,'1738832114',NULL,NULL,'none',NULL,0,'sent','',0,NULL,0,'{\"count\":9,\"date\":1738832179}'),
(63,'7992404590','𝑺𝒉𝒂𝒅𝒐𝒘','','0',0,'1738840444',NULL,NULL,'none',NULL,0,'sent','',0,NULL,0,'{\"count\":4,\"date\":1738946102}'),
(64,'6903584031','Mohamad','mmad_bq','0',0,'1739024750',NULL,NULL,'none',NULL,0,'sent','',0,NULL,0,NULL),
(65,'7166742806','علی',' ندارد ','0',0,'1739051355',NULL,NULL,'payWithCartToCartUaNMPnckP',NULL,0,'sent','',0,NULL,0,'{\"count\":7,\"date\":1747733958}'),
(70,'5604147265','Mohammad.Gh',' ندارد ','0',0,'1741124618',NULL,NULL,'none',NULL,0,'sent','',0,NULL,0,'{\"count\":4,\"date\":1762431001}'),
(69,'6720508226','Mosareza💔',' ندارد ','0',0,'1740853852',NULL,NULL,'increaseMyWallet',NULL,0,'sent','',0,NULL,0,'{\"count\":1,\"date\":1743663154}'),
(72,'7269984760','ℙ𝕒𝕣𝕤𝕒','parsaAmooi2_support','0',0,'1742662699',NULL,NULL,'none',NULL,0,'sent','',0,NULL,0,'{\"count\":1,\"date\":1757623185}'),
(73,'7013822981','𝗦𝗘𝗣𝗜𝗗𝗘🍋','Unicornsepi','0',0,'1742714659',NULL,NULL,'none',NULL,0,'sent','',0,NULL,0,'{\"count\":2,\"date\":1743282018}'),
(81,'8181325239','𝑺𝒉𝒂𝒅𝒐𝒘シ',' ندارد ','0',0,'1745231251',NULL,NULL,'none',NULL,0,'sent','',0,NULL,0,'{\"count\":1,\"date\":1752389940}'),
(74,'7523695427','Xnzayrpcad','dryteuiop','0',0,'1742883429',NULL,NULL,'none',NULL,0,'sent','',0,NULL,0,NULL),
(75,'7264189400','MSK',' ندارد ','0',0,'1743197870',NULL,NULL,'none',NULL,0,'sent','',0,NULL,0,'{\"count\":11,\"date\":1750589054}'),
(77,'7704921825','Ebi',' ندارد ','0',0,'1744145612',NULL,NULL,'none',NULL,0,'sent','',0,NULL,0,'{\"count\":4,\"date\":1745446276}'),
(83,'7655986028','پشتیبانی ربات نمایندگی','irluckss','0',0,'1746958714',NULL,NULL,'none',NULL,0,'sent','',0,NULL,0,'{\"count\":9,\"date\":1748742939}'),
(76,'7354586679','Mohsen',' ندارد ','0',0,'1744129268',NULL,NULL,'none',NULL,0,'sent','',0,NULL,0,'{\"count\":1,\"date\":1746856416}'),
(78,'6034358584','719870',' ندارد ','0',0,'1744708295',NULL,NULL,'payWithCartToCartnMsOGUVke',NULL,0,'sent','',0,NULL,0,'{\"count\":2,\"date\":1744797675}'),
(79,'483386460','🅰🆁🅴🅵','Arefhamid7','0',0,'1744883978',NULL,NULL,'none',NULL,0,NULL,'',0,NULL,0,'{\"count\":8,\"date\":1748460158}'),
(80,'5216667926','Lin',' ندارد ','0',0,'1744895055',NULL,NULL,'none',NULL,0,'sent','',0,NULL,0,NULL),
(84,'6145033450','جواد قاضی','Gavad112288','0',0,'1747320966',NULL,NULL,'none',NULL,0,'sent','',0,NULL,0,NULL),
(85,'5783781991','Sara',' ندارد ','0',0,'1747330317',NULL,NULL,'none',NULL,0,'sent','',0,NULL,0,'{\"count\":1,\"date\":1747330395}'),
(86,'7474344243','ااااااا',' ندارد ','0',0,'1748337137',NULL,NULL,'none',NULL,0,'sent','',0,NULL,0,'{\"count\":2,\"date\":1748337396}'),
(87,'263977430','زینب بی نیاز','biniyazzzzzzz','0',0,'1748679066',NULL,NULL,'payWithCartToCartmQZnuWQNC',NULL,0,'sent','',0,NULL,0,'{\"count\":3,\"date\":1748679341}'),
(92,'7884674225','امیر',' ندارد ','0',0,'1750018459',NULL,NULL,'payWithCartToCart2LNjGM3mh',NULL,0,'sent','',0,NULL,0,'{\"count\":2,\"date\":1751015879}'),
(88,'5454599742','C','wzclrxdh','0',0,'1748933098',NULL,NULL,'none',NULL,0,'sent','',0,NULL,0,NULL),
(91,'5337047753','علوی.دوخت برتر💙','Alavi_ali110','0',0,'1750013125',NULL,NULL,'none',NULL,0,'sent','',0,NULL,0,'{\"count\":4,\"date\":1751868859}'),
(89,'5606943482','M o h a m m a d','CancelEvent','0',0,'1749836453',NULL,NULL,'none',NULL,0,'sent','',0,NULL,0,'{\"count\":1,\"date\":1749836580}'),
(93,'6269995026','hsin',' ندارد ','0',0,'1750063433',NULL,NULL,'none',NULL,0,'sent','',0,NULL,0,'{\"count\":1,\"date\":1750063495}'),
(94,'7419389547','امیر',' ندارد ','0',0,'1750063596',NULL,NULL,'payWithCartToCart19vUPs94x',NULL,0,'sent','',0,NULL,0,'{\"count\":6,\"date\":1751015928}'),
(105,'189690504','هدی','Hoda13800','0',0,'1750939223',NULL,NULL,'none',NULL,0,NULL,NULL,0,NULL,0,'{\"count\":2,\"date\":1750939288}'),
(115,'1810121238','Hosein','hosseinkhosravi56','0',0,'1752097850',NULL,NULL,'none',NULL,0,'sent','',0,NULL,0,'{\"count\":1,\"date\":1752098070}'),
(95,'6804993812','✿⃟✾ٖٜٖٜ♡⃟ٖٜٖٜٖٜ♡ٖٜٖٜ 🇫 🇪 🇷 🇮 🇲 🇴 🇴 🇳 ♡⃟ٖٜٖٜٖٜ♡ٖٜٖٜ✾⃟✿','Ferri2020','0',0,'1750173515',NULL,NULL,'none',NULL,0,'sent','',0,NULL,0,'{\"count\":5,\"date\":1750873186}'),
(97,'201496211','Saeed a','saeed223','0',0,'1750252733',NULL,NULL,'none',NULL,0,'sent','',0,NULL,0,'{\"count\":6,\"date\":1750252793}'),
(96,'1325890941','‌Roya','Royaath','0',0,'1750239164',NULL,NULL,'none',NULL,0,'sent','',0,NULL,0,'{\"count\":2,\"date\":1750239577}'),
(98,'5484815172','M','mn596385','0',0,'1750600553',NULL,NULL,'showAccount',NULL,0,'sent','',0,NULL,0,'{\"count\":1,\"date\":1750600686}'),
(99,'1220675096','KIAN','Kian1387n','0',0,'1750601847',NULL,NULL,'none',NULL,0,'sent','',0,NULL,0,'{\"count\":4,\"date\":1750601907}'),
(100,'1167460740','samsungmobile','zargar9157','0',0,'1750615470',NULL,NULL,'none',NULL,0,'sent','',0,NULL,0,'{\"count\":3,\"date\":1750615530}'),
(101,'151387511','Mina','m67655','0',0,'1750621396',NULL,NULL,'none',NULL,0,'sent','',0,NULL,0,'{\"count\":1,\"date\":1750621456}'),
(102,'420412178','«*۰~Tahere‌~۰*»','Tahere3026','0',0,'1750627109',NULL,NULL,'none',NULL,0,'sent','',0,NULL,0,'{\"count\":6,\"date\":1750627232}'),
(104,'6609855905','امیر','Amir_x18000','0',0,'1750843966',NULL,NULL,'payWithCartToCartQSaI6rUww',NULL,0,'sent','',0,NULL,0,'{\"count\":7,\"date\":1750844094}'),
(106,'131181776','milad',' ندارد ','0',0,'1750956896',NULL,NULL,'none',NULL,0,'sent','',0,NULL,0,'{\"count\":11,\"date\":1752777259}'),
(107,'359603572','Ali.A',' ندارد ','0',0,'1751055641',NULL,NULL,'none',NULL,0,'sent','',0,NULL,0,'{\"count\":4,\"date\":1754636350}'),
(108,'7754340313','مرتضی',' ندارد ','0',0,'1751144408',NULL,NULL,'payWithCartToCartPzxoM8cir',NULL,0,'sent','',0,NULL,0,'{\"count\":9,\"date\":1751144834}'),
(112,'6151372239','ℳᝪℋᎯℳᎯⅅ','moommdm','0',0,'1751570387',NULL,NULL,'none',NULL,0,'sent','',0,NULL,0,'{\"count\":10,\"date\":1758300751}'),
(110,'6099007393','sadra NS',' ندارد ','0',0,'1751403875',NULL,NULL,'increaseWalletWithCartToCartJA7qwJVjP',NULL,0,'sent','',0,NULL,0,'{\"count\":5,\"date\":1752398387}'),
(109,'6953480127','..',' ندارد ','0',0,'1751283960',NULL,NULL,'banned',NULL,0,'sent','',0,NULL,0,'{\"count\":2,\"date\":1751284475}'),
(111,'7437954589','sadddra',' ندارد ','0',0,'1751493756',NULL,NULL,'showAccount',NULL,0,'sent','',0,NULL,0,'{\"count\":3,\"date\":1752398459}'),
(113,'8002236386','SEPIDE','Sepidezmrm','0',0,'1751720211',NULL,NULL,'none',NULL,0,'sent','',0,NULL,0,'{\"count\":1,\"date\":1751901994}'),
(114,'7916611868','Oh',' ندارد ','0',0,'1751885823',NULL,NULL,'none',NULL,0,'sent','',0,NULL,0,'{\"count\":6,\"date\":1753770065}'),
(116,'834602970','عرفان','shma1358','0',0,'1752186077',NULL,NULL,'none',NULL,0,'sent','{\n    \"id\": 18,\n    \"remark\": \"9xot5sah15\",\n    \"uuid\": \"3170c270-ba83-45ef-af8f-54179a2fabe0\"\n}',0,NULL,0,'{\"count\":1,\"date\":1752186337}'),
(117,'6551472576','-PARIYA-','Pariya_s_d','0',0,'1752268031',NULL,NULL,'none',NULL,0,'sent','',0,NULL,0,'{\"count\":3,\"date\":1752920543}'),
(118,'5982018241','𝑠𝑒𝑡𝑖','setimr','0',0,'1752274927',NULL,NULL,'showAccount',NULL,0,'sent','',0,NULL,0,'{\"count\":1,\"date\":1752278033}'),
(121,'7369066002','Shadow',' ندارد ','0',0,'1752926191',NULL,NULL,'none',NULL,0,'sent','',0,NULL,0,'{\"count\":7,\"date\":1755425259}'),
(128,'6335087881','Setayesh.Jelvizadeh','Soheiliii20','0',0,'1753904389',NULL,NULL,'none',NULL,0,'sent','',0,NULL,0,'{\"count\":2,\"date\":1753904449}'),
(120,'728469052','lone wolf',' ندارد ','0',0,'1752673769',NULL,NULL,'none',NULL,0,NULL,'',0,NULL,0,'{\"count\":8,\"date\":1752673947}'),
(119,'6037943349','درحال نوشتن...','sajjadm1387','0',0,'1752606023',NULL,NULL,'none',NULL,0,'sent','',0,NULL,0,'{\"count\":2,\"date\":1752606083}'),
(124,'7227309852','Gole','Gole_lale1','0',0,'1753723562',NULL,NULL,'none',NULL,0,'sent','',0,NULL,0,'{\"count\":2,\"date\":1753723622}'),
(122,'7981973457','baba','Babesanajo','0',0,'1753179785',NULL,NULL,'none',NULL,0,'sent','',0,NULL,0,'{\"count\":2,\"date\":1753179931}'),
(123,'7454536205',',,,,,,,','Sh_111112','0',0,'1753636526',NULL,NULL,'none',NULL,0,'sent','',0,NULL,0,'{\"count\":2,\"date\":1753636586}'),
(125,'975292742','#',' ندارد ','0',0,'1753778088',NULL,NULL,'none',NULL,0,'sent','',0,NULL,0,'{\"count\":7,\"date\":1753778148}'),
(126,'512526737','RaTeN','sha_130','0',0,'1753790705',NULL,NULL,'none',NULL,0,'sent','',0,NULL,0,'{\"count\":1,\"date\":1762420610}'),
(127,'1553277219','naser','naser_324666','0',0,'1753815452',NULL,NULL,'none',NULL,0,'sent','',0,NULL,0,'{\"count\":2,\"date\":1753815513}'),
(135,'6583248745','🦭',' ندارد ','0',0,'1755349532',NULL,NULL,'none',NULL,0,'sent','',0,NULL,0,'{\"count\":5,\"date\":1755349592}'),
(130,'69593502','Ali','ali_naseri8jewelry','0',0,'1754557393',NULL,NULL,'none',NULL,0,'sent','',0,NULL,0,'{\"count\":2,\"date\":1754557453}'),
(129,'5569887321','ＢẸĤᶰⓐ𝐌','behnamnik','0',0,'1754249117',NULL,NULL,'none',NULL,0,'sent','',0,NULL,0,'{\"count\":7,\"date\":1762699859}'),
(133,'639409363','𝓯𝓪𝓽𝓮𝓶𝓮𝓱',' ندارد ','0',0,'1755024253',NULL,NULL,'none',NULL,0,'sent','',0,NULL,0,'{\"count\":5,\"date\":1755024313}'),
(131,'7620478485','f...a','fa_fa_fa138577','0',0,'1754659587',NULL,NULL,'none',NULL,0,'sent','',0,NULL,0,'{\"count\":1,\"date\":1754659647}'),
(132,'8007349092','ftmh','Ftmhksh','0',0,'1754745110',NULL,NULL,'none',NULL,0,'sent','',0,NULL,0,'{\"count\":4,\"date\":1755626592}'),
(134,'61558673','Hamed','hamedakrami11','0',0,'1755166122',NULL,NULL,'none',NULL,0,'sent','',0,NULL,0,'{\"count\":2,\"date\":1755166367}'),
(136,'7961417575','کینگ VPN','King_VPN_Bof','0',0,'1755395668',NULL,NULL,'none',NULL,0,'sent','',0,NULL,0,'{\"count\":10,\"date\":1755395728}'),
(137,'8324916439','Shadow',' ندارد ','0',0,'1755431387',NULL,NULL,'none',NULL,0,'sent','',0,NULL,0,'{\"count\":5,\"date\":1756232515}'),
(138,'5901272234','Zohreh',' ندارد ','0',0,'1755636132',NULL,NULL,'none',NULL,0,'sent','',0,NULL,0,'{\"count\":3,\"date\":1756041174}'),
(139,'7194386096','....','A_ra_s','0',0,'1756823836',NULL,NULL,'none',NULL,0,'sent','',0,NULL,0,'{\"count\":7,\"date\":1756823980}'),
(140,'413263843','Behnam','DAGIGADMIN','0',0,'1757180022',NULL,NULL,'none',NULL,0,'sent','',0,NULL,0,NULL),
(141,'5746099034','Animator','Animator_Tarrah','0',0,'1757230187',NULL,NULL,'none',NULL,0,'sent','',0,NULL,0,'{\"count\":1,\"date\":1757230349}'),
(142,'6195745809','Ha','hamH1402','0',0,'1757270047',NULL,NULL,'none',NULL,0,'sent','',0,NULL,0,'{\"count\":1,\"date\":1757270113}'),
(144,'5910849322','Amir','mirhoseinHeydari','0',0,'1758252227',NULL,NULL,'none',NULL,0,'sent','',0,NULL,0,'{\"count\":2,\"date\":1758252351}'),
(143,'235265317','رضا','MReza5151','0',0,'1757454956',NULL,NULL,'none',NULL,0,'sent','{\n    \"id\": 18,\n    \"remark\": \"CIP-6812703261-81448\",\n    \"uuid\": \"803713d5-899a-4f3b-9c1b-056597a01382\"\n}',0,NULL,0,'{\"count\":2,\"date\":1757455030}'),
(145,'328148158','مهدی','HolyMen_58','0',0,'1758896361',NULL,NULL,'showAccount',NULL,0,'sent','',0,NULL,0,'{\"count\":4,\"date\":1758898123}'),
(150,'8201362231','M &quot; reza',' ندارد ','0',0,'1759758639',NULL,NULL,'none',NULL,0,'sent','',0,NULL,0,'{\"count\":1,\"date\":1759758705}'),
(146,'6836618114','Matin',' ندارد ','0',0,'1758974393',NULL,NULL,'none',NULL,0,'sent','',0,NULL,0,'{\"count\":1,\"date\":1758974463}'),
(147,'8423494622','Heather Holmes','kiranfk','0',0,'1759317688',NULL,NULL,'none',NULL,0,'sent','',0,NULL,0,'{\"count\":1,\"date\":1759435687}'),
(148,'7595511232','.',' ندارد ','0',0,'1759455818',NULL,NULL,'none',NULL,0,'sent','',0,NULL,0,'{\"count\":8,\"date\":1759455888}'),
(149,'7882391813','SIR×ＺＯＲＯ','Iamaboliw','0',0,'1759513568',NULL,NULL,'none',NULL,0,'sent','',0,NULL,0,'{\"count\":1,\"date\":1761923512}'),
(152,'7901515361','MEHRAN AMIRI',' ندارد ','0',19000,'1760555757',NULL,NULL,'none',NULL,0,'sent','',0,NULL,0,'{\"count\":4,\"date\":1760557615}'),
(151,'121094883','Fteme','Fatemekmm','0',0,'1760555604',NULL,NULL,'none',NULL,0,NULL,'',0,NULL,0,'{\"count\":1,\"date\":1761850479}'),
(153,'1881825803','𝑴𝒚𝒕𝒉*_^',' ندارد ','0',0,'1760619714',NULL,NULL,'none',NULL,0,'sent','',0,NULL,0,'{\"count\":3,\"date\":1760619774}'),
(154,'5962742241','akhzhol_a',' ندارد ','0',0,'1761250796',NULL,NULL,'none',NULL,0,'sent','',0,NULL,0,'{\"count\":1,\"date\":1761250856}'),
(160,'7108507021','𝐒𝐞𝐲𝐞𝐝𝐫𝐞𝐳𝐚','Seyedreza_051','0',0,'1762700622',NULL,NULL,'none',NULL,0,'sent','',0,NULL,0,'{\"count\":4,\"date\":1762700682}'),
(159,'7129955051','N',' ندارد ','0',0,'1762600691',NULL,NULL,'none',NULL,0,'sent','',0,NULL,0,'{\"count\":1,\"date\":1762600934}'),
(156,'1374725698','M13bin','M13bin_teach','0',0,'1761593641',NULL,NULL,'none',NULL,0,'sent','',0,NULL,0,'{\"count\":3,\"date\":1762621314}'),
(155,'256220947','🅕ᵃᴛᵉᴍᵉʜ','Ftme_montazeri','0',0,'1761464384',NULL,NULL,'none',NULL,0,'sent','',0,NULL,0,'{\"count\":1,\"date\":1761464444}'),
(157,'7480708577','Mahan','MahanDev','0',0,'1761836669',NULL,NULL,'none',NULL,0,'sent','',0,NULL,0,'{\"count\":1,\"date\":1761836729}'),
(158,'1068732821','God','maede_ghazi','0',0,'1762166311',NULL,NULL,'none',NULL,0,'sent','',0,NULL,0,'{\"count\":7,\"date\":1762502244}'),
(161,'742761532','Malih',' ندارد ','0',0,'1762960037',NULL,NULL,'none',NULL,0,'sent','',0,NULL,0,'{\"count\":2,\"date\":1762962682}');


