--
-- Host: localhost    Database: sajsbs_sajad
-- ------------------------------------------------------


--
-- Table structure for table `black_list`
--

CREATE TABLE `black_list` (
  `id` int(11) NOT NULL AUTO_INCREMENT,
  `info` varchar(20) CHARACTER SET utf8mb4 COLLATE utf8mb4_bin DEFAULT NULL,
  PRIMARY KEY (`id`)
) ENGINE=InnoDB DEFAULT CHARSET=utf8mb4 COLLATE=utf8mb4_0900_ai_ci;

--
-- Dumping data for table `black_list`
--


--
-- Table structure for table `chats`
--

CREATE TABLE `chats` (
  `id` int(11) NOT NULL AUTO_INCREMENT,
  `user_id` bigint(20) NOT NULL,
  `create_date` int(11) NOT NULL,
  `title` varchar(1000) CHARACTER SET utf8mb4 COLLATE utf8mb4_bin NOT NULL,
  `category` varchar(1000) CHARACTER SET utf8mb4 COLLATE utf8mb4_bin NOT NULL,
  `state` int(11) NOT NULL,
  `rate` int(11) NOT NULL,
  PRIMARY KEY (`id`)
) ENGINE=InnoDB AUTO_INCREMENT=5 DEFAULT CHARSET=latin1 COLLATE=latin1_swedish_ci;

--
-- Dumping data for table `chats`
--

INSERT INTO `chats` VALUES
(1,676807927,1726328091,'سلام','شکایت',0,0),
(2,6298606714,1728811032,'سلام پول ارسال کردم ولی تاحالا سرویس ارسال نا کردی','شکایت',2,1),
(3,676807927,1734639178,'سلااام به ربات ویزویز خوش اومدی 🫡🌸\n    \nما اینجاییم تا شما را بدون هیچ محدویتی به شبکه جهانی متصل کنیم ❤️\n\n✅ کیفیت در ساخت انواع کانکشن ها\n📡 برقرای امنیت در ارتباط شما\n☎️ پشتیبانی تا روز آخر \n\n🚪 \\/start','شکایت',0,0),
(4,676807927,1741333103,'سلام','شکایت',0,0);

--
-- Table structure for table `chats_info`
--

CREATE TABLE `chats_info` (
  `id` int(11) NOT NULL AUTO_INCREMENT,
  `chat_id` int(11) NOT NULL,
  `sent_date` int(11) NOT NULL,
  `msg_type` varchar(50) DEFAULT NULL,
  `text` varchar(2000) CHARACTER SET utf8mb4 COLLATE utf8mb4_bin NOT NULL,
  PRIMARY KEY (`id`)
) ENGINE=InnoDB AUTO_INCREMENT=6 DEFAULT CHARSET=latin1 COLLATE=latin1_swedish_ci;

--
-- Dumping data for table `chats_info`
--

INSERT INTO `chats_info` VALUES
(1,1,1726328091,'USER','کانفیگ کن'),
(2,2,1728811032,'USER','{\"file_id\":\"AgACAgQAAxkBAAKjZ2cLgoDVbAYStrEs20Zk8qYkwyoAAyHNMRv3p1hQVChNBJ2fOGUBAAMCAAN4AAM2BA\",\"caption\":null}'),
(3,2,1728811152,'ADMIN','سلام وقت بخیر رسید رو کجا ارسال کردید'),
(4,3,1734639178,'USER','1️⃣ مرحله یک:\n\nلوکیشن مدنظرت رو برا خرید انتخاب کن: 😊'),
(5,4,1741333103,'USER','برام');

--
-- Table structure for table `discounts`
--

CREATE TABLE `discounts` (
  `id` int(11) NOT NULL AUTO_INCREMENT,
  `hash_id` varchar(100) NOT NULL,
  `type` varchar(10) NOT NULL,
  `amount` int(11) NOT NULL,
  `expire_date` int(11) NOT NULL,
  `expire_count` int(11) NOT NULL,
  `used_by` text DEFAULT NULL,
  `can_use` int(11) NOT NULL DEFAULT 1,
  PRIMARY KEY (`id`)
) ENGINE=InnoDB AUTO_INCREMENT=2 DEFAULT CHARSET=latin1 COLLATE=latin1_swedish_ci;

--
-- Dumping data for table `discounts`
--

INSERT INTO `discounts` VALUES
(1,'EU7Q6ZBPH','percent',30,0,-1,'[1068732821,1068732821,1068732821,1068732821]',10);

--
-- Table structure for table `gift_list`
--

CREATE TABLE `gift_list` (
  `id` int(11) NOT NULL AUTO_INCREMENT,
  `server_id` int(11) NOT NULL,
  `volume` int(11) NOT NULL,
  `day` int(11) NOT NULL,
  `offset` int(11) DEFAULT 0,
  `server_offset` int(11) NOT NULL DEFAULT 0,
  PRIMARY KEY (`id`)
) ENGINE=InnoDB DEFAULT CHARSET=latin1 COLLATE=latin1_swedish_ci;

--
-- Dumping data for table `gift_list`
--


--
-- Table structure for table `increase_day`
--

CREATE TABLE `increase_day` (
  `id` int(11) NOT NULL AUTO_INCREMENT,
  `volume` float NOT NULL,
  `price` int(11) NOT NULL,
  PRIMARY KEY (`id`)
) ENGINE=InnoDB DEFAULT CHARSET=latin1 COLLATE=latin1_swedish_ci;

--
-- Dumping data for table `increase_day`
--


--
-- Table structure for table `increase_order`
--

CREATE TABLE `increase_order` (
  `id` int(11) NOT NULL AUTO_INCREMENT,
  `userid` varchar(30) NOT NULL,
  `server_id` int(11) NOT NULL,
  `inbound_id` int(11) NOT NULL,
  `remark` varchar(100) NOT NULL,
  `amount` int(11) NOT NULL,
  `date` varchar(30) NOT NULL,
  PRIMARY KEY (`id`)
) ENGINE=InnoDB DEFAULT CHARSET=latin1 COLLATE=latin1_swedish_ci;

--
-- Dumping data for table `increase_order`
--


--
-- Table structure for table `increase_plan`
--

CREATE TABLE `increase_plan` (
  `id` int(11) NOT NULL AUTO_INCREMENT,
  `volume` float NOT NULL,
  `price` int(11) NOT NULL,
  PRIMARY KEY (`id`)
) ENGINE=InnoDB DEFAULT CHARSET=latin1 COLLATE=latin1_swedish_ci;

--
-- Dumping data for table `increase_plan`
--


--
-- Table structure for table `needed_sofwares`
--

CREATE TABLE `needed_sofwares` (
  `id` int(11) NOT NULL AUTO_INCREMENT,
  `title` varchar(100) CHARACTER SET utf8mb4 COLLATE utf8mb4_bin NOT NULL,
  `link` varchar(250) NOT NULL,
  `status` int(11) NOT NULL DEFAULT 1,
  PRIMARY KEY (`id`)
) ENGINE=InnoDB AUTO_INCREMENT=11 DEFAULT CHARSET=latin1 COLLATE=latin1_swedish_ci;

--
-- Dumping data for table `needed_sofwares`
--

INSERT INTO `needed_sofwares` VALUES
(1,'✅دانلــــود مستقیم v2ray برای انــــدروید✅','https://github.com/2dust/v2rayNG/releases/download/1.8.5/v2rayNG_1.8.5.apk',1),
(2,'✅دانلـــود مستقیم v2ray برای آیــفون✅','https://apps.apple.com/us/app/napsternetv/id1629465476',1),
(3,'✅دانلـــود v2ray از فـــروشگاه پلی✅','https://play.google.com/store/apps/details?id=com.v2ray.ang',1),
(4,'✅دانلود v2ray از طریق تلگرام✅','https://t.me/v2ray_ghazi_canal/148',1),
(5,'✅ســــوالات متــــداول✅','https://t.me/v2ray_ghazi_canal/93',1),
(6,'✅تـعرفه خدمـات✅','https://t.me/v2ray_ghazi_canal/204',1),
(9,'✅راهنـــــما✅','https://t.me/rahnama_ghazi_bot',1);

--
-- Table structure for table `pays`
--

CREATE TABLE `pays` (
  `id` int(11) NOT NULL AUTO_INCREMENT,
  `hash_id` varchar(1000) NOT NULL,
  `description` varchar(5000) CHARACTER SET utf8mb4 COLLATE utf8mb4_bin DEFAULT NULL,
  `payid` varchar(500) DEFAULT NULL,
  `user_id` bigint(20) NOT NULL,
  `type` varchar(100) DEFAULT NULL,
  `plan_id` int(11) DEFAULT NULL,
  `volume` int(11) DEFAULT NULL,
  `day` int(11) DEFAULT NULL,
  `price` int(11) NOT NULL,
  `tron_price` double(255,2) NOT NULL DEFAULT 0.00,
  `request_date` int(11) NOT NULL,
  `state` varchar(255) NOT NULL,
  `agent_bought` int(11) NOT NULL DEFAULT 0,
  `agent_count` int(11) NOT NULL DEFAULT 0,
  `message_id` int(11) DEFAULT NULL,
  `chat_id` varchar(500) DEFAULT NULL,
  PRIMARY KEY (`id`)
) ENGINE=InnoDB AUTO_INCREMENT=618 DEFAULT CHARSET=latin1 COLLATE=latin1_swedish_ci;

--
-- Dumping data for table `pays`
--

INSERT INTO `pays` VALUES
(2,'KXEtc8Jiw','',NULL,6642620949,'BUY_SUB',2,0,0,35000,0.00,1725652017,'approved',0,0,NULL,NULL),
(3,'33NDe3RAN','',NULL,153518275,'BUY_SUB',23,0,0,159000,0.00,1725665095,'approved',0,0,NULL,NULL),
(6,'zQYXNFdb6','',NULL,1790691070,'BUY_SUB',4,0,0,84000,0.00,1725732270,'approved',0,0,NULL,NULL),
(7,'6qgMmoHtD','n555',NULL,586924831,'BUY_SUB',1,3,7,15300,0.00,1725892787,'approved',0,0,NULL,NULL),
(9,'neSuOrhmG','',NULL,1790691070,'BUY_SUB',3,0,0,65000,0.00,1726031752,'approved',0,0,NULL,NULL),
(10,'pDQexlOJj','',NULL,40621361,'BUY_SUB',19,0,0,25000,0.00,1726094126,'approved',0,0,NULL,NULL),
(11,'BPa2siSr3','',NULL,6298606714,'BUY_SUB',21,0,0,79000,0.00,1726139566,'approved',0,0,NULL,NULL),
(13,'I9hI5IcVw','',NULL,5839789159,'BUY_SUB',2,0,0,35000,0.00,1726171876,'approved',0,0,NULL,NULL),
(14,'z4Bj67n5m','',NULL,6812703261,'BUY_SUB',22,0,0,109000,0.00,1726230820,'approved',0,0,NULL,NULL),
(15,'7DaGb6A6J','',NULL,744317523,'BUY_SUB',21,0,0,79000,0.00,1726245927,'approved',0,0,NULL,NULL),
(16,'rZASUVwO1','',NULL,676807927,'BUY_SUB',21,0,0,79000,0.00,1726246549,'approved',0,0,NULL,NULL),
(17,'VeRoNq5u3','',NULL,676807927,'BUY_SUB',19,0,0,25000,0.00,1726247751,'approved',0,0,NULL,NULL),
(18,'LAs1QJDRV','',NULL,676807927,'BUY_SUB',1,0,0,19000,0.00,1726247946,'approved',0,0,NULL,NULL),
(19,'1nt6xNHSy','',NULL,676807927,'BUY_SUB',19,0,0,25000,0.00,1726278704,'approved',0,0,NULL,NULL),
(20,'n57IDXUMY','',NULL,676807927,'BUY_SUB',1,0,0,19000,0.00,1726278973,'approved',0,0,NULL,NULL),
(21,'qoaoFetjJ','',NULL,6812703261,'BUY_SUB',5,0,0,129000,0.00,1726433269,'approved',0,0,NULL,NULL),
(22,'rqk3uyA4l','',NULL,676807927,'BUY_SUB',1,0,0,19000,0.00,1726453058,'approved',0,0,NULL,NULL),
(23,'8yiWVCABc','',NULL,676807927,'BUY_SUB',2,0,0,35000,0.00,1726453618,'approved',0,0,NULL,NULL),
(26,'IQUON626a','',NULL,6812703261,'BUY_SUB',23,0,0,159000,0.00,1726598601,'approved',0,0,NULL,NULL),
(27,'TwpcybM6G','',NULL,676807927,'BUY_SUB',1,0,0,19000,0.00,1726772865,'approved',0,0,NULL,NULL),
(28,'DbMZsewev','',NULL,676807927,'BUY_SUB',19,0,0,25000,0.00,1726772894,'approved',0,0,NULL,NULL),
(30,'VyfUE7jfi','',NULL,6642620949,'BUY_SUB',2,0,0,35000,0.00,1726847792,'approved',0,0,NULL,NULL),
(31,'VCfiStlDU','',NULL,153518275,'BUY_SUB',23,0,0,159000,0.00,1726849346,'approved',0,0,NULL,NULL),
(33,'cIc619StP','',NULL,5566961640,'BUY_SUB',2,0,0,35000,0.00,1726865778,'approved',0,0,NULL,NULL),
(34,'EjGQHaby6','',NULL,6234112517,'BUY_SUB',3,0,0,65000,0.00,1727048549,'approved',0,0,NULL,NULL),
(36,'p8m7lYRpB','',NULL,5566961640,'BUY_SUB',3,0,0,65000,0.00,1727446621,'approved',0,0,NULL,NULL),
(37,'7PEhnx3tI','',NULL,676807927,'BUY_SUB',3,0,0,65000,0.00,1727460164,'approved',0,0,NULL,NULL),
(38,'FdUNTj7Bo','',NULL,6812703261,'BUY_SUB',23,0,0,159000,0.00,1727466400,'approved',0,0,NULL,NULL),
(39,'ksqYx2KvG','',NULL,1790691070,'BUY_SUB',4,0,0,84000,0.00,1727584258,'approved',0,0,NULL,NULL),
(40,'u5u86sH75','',NULL,6298606714,'BUY_SUB',22,0,0,109000,0.00,1727689244,'approved',0,0,NULL,NULL),
(41,'7jUVCEP3z','',NULL,153518275,'BUY_SUB',23,0,0,159000,0.00,1727762209,'approved',0,0,NULL,NULL),
(42,'IeUdTbgpl','',NULL,1790691070,'BUY_SUB',3,0,0,65000,0.00,1727890334,'approved',0,0,NULL,NULL),
(43,'E8bY8KraC','',NULL,5830501440,'BUY_SUB',20,0,0,45000,0.00,1728124714,'approved',0,0,NULL,NULL),
(45,'RELmtGyIH','',NULL,40621361,'BUY_SUB',21,0,0,79000,0.00,1728238154,'approved',0,0,NULL,NULL),
(47,'wVFUt1IyV','',NULL,676807927,'BUY_SUB',31,0,0,169000,0.00,1728276667,'approved',0,0,NULL,NULL),
(48,'MOa8z8aIz','gcg33',NULL,586924831,'BUY_SUB',8,25,5,57500,0.00,1728277004,'approved',0,0,NULL,NULL),
(49,'ekIkHjARm','',NULL,676807927,'BUY_SUB',2,0,0,35000,0.00,1728277070,'approved',0,0,NULL,NULL),
(50,'tgtPiKxsS','',NULL,676807927,'BUY_SUB',8,0,0,169000,0.00,1728277164,'approved',0,0,NULL,NULL),
(51,'r77G9P4Ar','',NULL,676807927,'BUY_SUB',2,0,0,35000,0.00,1728277229,'approved',0,0,NULL,NULL),
(52,'7iUOjSDIX','',NULL,40621361,'BUY_SUB',21,0,0,79000,0.00,1728299927,'paid_with_wallet',0,0,NULL,NULL),
(53,'7UIMaYCco','',NULL,6929877096,'BUY_SUB',20,0,0,45000,0.00,1728332983,'sent',0,0,NULL,NULL),
(54,'4egvDUEMp',NULL,NULL,6929877096,'INCREASE_WALLET',0,0,0,45000,0.00,1728333255,'pending',0,0,NULL,NULL),
(55,'4E3RcknGH','',NULL,676807927,'BUY_SUB',2,0,0,35000,0.00,1728368841,'approved',0,0,NULL,NULL),
(56,'bzuRjdLfv','',NULL,676807927,'BUY_SUB',2,0,0,35000,0.00,1728368959,'paid_with_wallet',0,0,NULL,NULL),
(57,'ilDtMWfVH','',NULL,676807927,'BUY_SUB',37,0,0,35000,0.00,1728373362,'approved',0,0,NULL,NULL),
(58,'uQsGDfbiV','',NULL,676807927,'BUY_SUB',37,0,0,35000,0.00,1728373506,'approved',0,0,NULL,NULL),
(59,'SXktybllX','',NULL,5566961640,'BUY_SUB',20,0,0,45000,0.00,1728417242,'approved',0,0,NULL,NULL),
(60,'1nccnMPPJ','',NULL,6929877096,'BUY_SUB',20,0,0,45000,0.00,1728472562,'paid_with_wallet',0,0,NULL,NULL),
(61,'1LcjEMMk9','',NULL,676807927,'BUY_SUB',2,0,0,35000,0.00,1728474085,'approved',0,0,NULL,NULL),
(63,'CCMHRVMYI',NULL,NULL,6812703261,'INCREASE_WALLET',0,0,0,159000,0.00,1728496155,'approved',0,0,NULL,NULL),
(64,'PCtfRZSE2','',NULL,6812703261,'BUY_SUB',22,0,0,109000,0.00,1728496364,'paid_with_wallet',0,0,NULL,NULL),
(65,'KXIpmmCp6','',NULL,676807927,'BUY_SUB',8,0,0,169000,0.00,1728513292,'paid_with_wallet',0,0,NULL,NULL),
(66,'71tU3s6Zs','',NULL,676807927,'BUY_SUB',12,0,0,319000,0.00,1728513363,'paid_with_wallet',0,0,NULL,NULL),
(67,'sLR2VWsH2','',NULL,676807927,'BUY_SUB',2,0,0,35000,0.00,1728513484,'paid_with_wallet',0,0,NULL,NULL),
(68,'UbOfbc8hv','',NULL,676807927,'BUY_SUB',2,0,0,35000,0.00,1728533680,'approved',0,0,NULL,NULL),
(69,'axbWNkfAQ','',NULL,6812703261,'BUY_SUB',20,0,0,45000,0.00,1728554298,'approved',0,0,NULL,NULL),
(70,'BT15rZRtc','',NULL,1790691070,'BUY_SUB',3,0,0,65000,0.00,1728720357,'approved',0,0,NULL,NULL),
(72,'JyGtcNLd7','',NULL,6234112517,'BUY_SUB',3,0,0,65000,0.00,1728802021,'approved',0,0,NULL,NULL),
(73,'a5HSvyezk','Mohammad3371',NULL,6236309032,'BUY_SUB',2,25000,30,50045000,0.00,1728807103,'pending',0,0,NULL,NULL),
(77,'DhEnR9M1o','',NULL,6298606714,'BUY_SUB',22,0,0,109000,0.00,1728811059,'approved',0,0,NULL,NULL),
(78,'8OaJL3wlp','',NULL,744317523,'BUY_SUB',21,0,0,79000,0.00,1728819575,'approved',0,0,NULL,NULL),
(79,'oDgRLYwvi','',NULL,6491127620,'BUY_SUB',2,0,0,35000,0.00,1728897919,'approved',0,0,NULL,NULL),
(80,'T7h3xIazE','',NULL,6812703261,'BUY_SUB',12,0,0,319000,0.00,1728899252,'approved',0,0,NULL,NULL),
(81,'svqYzrGPr','',NULL,6614376221,'BUY_SUB',22,0,0,109000,0.00,1729177892,'pending',0,0,NULL,NULL),
(82,'U6iOFoLOg','',NULL,5566961640,'BUY_SUB',3,0,0,65000,0.00,1729257847,'approved',0,0,NULL,NULL),
(83,'IZCya4lbb','',NULL,153518275,'BUY_SUB',23,0,0,159000,0.00,1729266932,'approved',0,0,NULL,NULL),
(87,'llSIXqKLL','',NULL,1790691070,'BUY_SUB',4,0,0,84000,0.00,1729269461,'approved',0,0,NULL,NULL),
(88,'U6jmEj12z',NULL,NULL,6812703261,'INCREASE_WALLET',0,0,0,229000,0.00,1729327745,'approved',0,0,NULL,NULL),
(89,'wVyQlJ4Oy','',NULL,6812703261,'BUY_SUB',23,0,0,159000,0.00,1729327933,'paid_with_wallet',0,0,NULL,NULL),
(90,'BbTw5FOZe','',NULL,676807927,'BUY_SUB',2,0,0,35000,0.00,1729348073,'approved',0,0,NULL,NULL),
(91,'KTQXYNuj7','',NULL,676807927,'BUY_SUB',20,0,0,45000,0.00,1729348119,'approved',0,0,NULL,NULL),
(93,'2fKzGYTHm','',NULL,6833620748,'BUY_SUB',21,0,0,79000,0.00,1729356805,'approved',0,0,NULL,NULL),
(94,'uxqSpamDg','',NULL,6048775454,'BUY_SUB',24,0,0,289000,0.00,1729449888,'sent',0,0,NULL,NULL),
(95,'sNpzT1ZeJ','',NULL,676807927,'BUY_SUB',2,0,0,35000,0.00,1729455120,'sent',0,0,NULL,NULL),
(96,'2CPTIxVNI','',NULL,5566961640,'BUY_SUB',3,0,0,65000,0.00,1729599140,'approved',0,0,NULL,NULL),
(97,'EkKqpnvXA','',NULL,40621361,'BUY_SUB',21,0,0,79000,0.00,1729657885,'approved',0,0,NULL,NULL),
(98,'HQuxgpY1Z','',NULL,6642620949,'BUY_SUB',2,0,0,35000,0.00,1729679770,'approved',0,0,NULL,NULL),
(99,'RdneoWE7p','',NULL,6234112517,'BUY_SUB',4,0,0,84000,0.00,1729876029,'approved',0,0,NULL,NULL),
(101,'o7kzHxJZS','',NULL,676807927,'BUY_SUB',2,0,0,35000,0.00,1730184748,'approved',0,0,NULL,NULL),
(102,'Hk5mOBO9x','',NULL,676807927,'BUY_SUB',20,0,0,45000,0.00,1730184787,'approved',0,0,NULL,NULL),
(104,'bTNXaSiZB','',NULL,6298606714,'BUY_SUB',22,0,0,109000,0.00,1730364105,'approved',0,0,NULL,NULL),
(105,'mqCiTzgOh','',NULL,676807927,'BUY_SUB',2,0,0,35000,0.00,1730364258,'approved',0,0,NULL,NULL),
(106,'pn7bxwhXp','',NULL,676807927,'BUY_SUB',21,0,0,79000,0.00,1730364301,'approved',0,0,NULL,NULL),
(107,'qYVPFxmgM','',NULL,153518275,'BUY_SUB',23,0,0,159000,0.00,1730487245,'approved',0,0,NULL,NULL),
(109,'Ke4pHyj3B',NULL,NULL,6812703261,'INCREASE_WALLET',0,0,0,80000,0.00,1730502843,'approved',0,0,NULL,NULL),
(110,'tXY1mGo9A','',NULL,6812703261,'BUY_SUB',26,0,0,199000,0.00,1730547354,'paid_with_wallet',0,0,NULL,NULL),
(115,'jnfHMXaov','',NULL,1790691070,'BUY_SUB',3,0,0,65000,0.00,1730559703,'approved',0,0,NULL,NULL),
(116,'tDL5dKmf9','',NULL,1790691070,'BUY_SUB',3,0,0,65000,0.00,1730563276,'approved',0,0,NULL,NULL),
(117,'D4LrkfFWm','',NULL,6642620949,'BUY_SUB',2,0,0,35000,0.00,1730571134,'approved',0,0,NULL,NULL),
(118,'MZcEeHusW','',NULL,5566961640,'BUY_SUB',2,0,0,35000,0.00,1730582597,'approved',0,0,NULL,NULL),
(119,'17NIdhnwr','',NULL,744317523,'BUY_SUB',21,0,0,79000,0.00,1730625846,'approved',0,0,NULL,NULL),
(120,'QyWcCvTFg','',NULL,6298606714,'BUY_SUB',22,0,0,109000,0.00,1730653326,'approved',0,0,NULL,NULL),
(121,'T3uG59aNs','',NULL,676807927,'BUY_SUB',2,0,0,35000,0.00,1730662693,'sent',0,0,NULL,NULL),
(122,'pQuQkoeub','',NULL,676807927,'BUY_SUB',2,0,0,35000,0.00,1730662779,'sent',0,0,NULL,NULL),
(124,'GlWo6xM2l','',NULL,676807927,'BUY_SUB',3,0,0,65000,0.00,1730737815,'approved',0,0,NULL,NULL),
(125,'jRpjq9o6Q','',NULL,676807927,'BUY_SUB',21,0,0,79000,0.00,1730737868,'approved',0,0,NULL,NULL),
(126,'vzDoVkkL5',NULL,NULL,586924831,'INCREASE_WALLET',0,0,0,15000,0.00,1730758662,'approved',0,0,NULL,NULL),
(127,'MfBacRZgx',NULL,NULL,676807927,'INCREASE_WALLET',0,0,0,5000,0.00,1730758695,'approved',0,0,NULL,NULL),
(128,'ACzoOLdxq',NULL,NULL,676807927,'INCREASE_WALLET',0,0,0,5000,0.00,1730758853,'approved',0,0,NULL,NULL),
(129,'fJ8ig5sR7',NULL,NULL,586924831,'INCREASE_WALLET',0,0,0,5000,0.00,1730758971,'approved',0,0,NULL,NULL),
(130,'IQplBGPO1','',NULL,1700532725,'BUY_SUB',2,0,0,35000,0.00,1730809138,'approved',0,0,NULL,NULL),
(131,'Vb67ZEdyl',NULL,NULL,6812703261,'INCREASE_WALLET',0,0,0,200000,0.00,1730998564,'approved',0,0,NULL,NULL),
(133,'8siRjohaG','',NULL,6812703261,'BUY_SUB',4,0,0,84000,0.00,1730999024,'paid_with_wallet',0,0,NULL,NULL),
(134,'Hkn9gFMwW','',NULL,6929877096,'BUY_SUB',20,0,0,45000,0.00,1731007027,'approved',0,0,NULL,NULL),
(135,'AnBhiZXZn',NULL,NULL,6812703261,'INCREASE_WALLET',0,0,0,200000,0.00,1731069682,'approved',0,0,NULL,NULL),
(136,'2EoA6iFUx','',NULL,6812703261,'BUY_SUB',4,0,0,84000,0.00,1731069859,'paid_with_wallet',0,0,NULL,NULL),
(137,'P3CkSDs5w','',NULL,676807927,'BUY_SUB',2,0,0,35000,0.00,1731092103,'approved',0,0,NULL,NULL),
(138,'9h64PGcrL','',NULL,5566961640,'BUY_SUB',2,0,0,35000,0.00,1731279871,'approved',0,0,NULL,NULL),
(139,'MQLDWvt5t','',NULL,6812703261,'BUY_SUB',4,0,0,84000,0.00,1731348586,'approved',0,0,NULL,NULL),
(140,'TND8FeGd4','',NULL,676807927,'BUY_SUB',2,0,0,35000,0.00,1731401719,'approved',0,0,NULL,NULL),
(141,'zUErwssJ1','',NULL,676807927,'BUY_SUB',2,0,0,35000,0.00,1731474087,'approved',0,0,NULL,NULL),
(143,'DFX9Sx6Ud','',NULL,676807927,'BUY_SUB',20,0,0,45000,0.00,1731474161,'paid_with_wallet',0,0,NULL,NULL),
(144,'ypKCBc5Mm','',NULL,676807927,'BUY_SUB',2,0,0,35000,0.00,1731474379,'approved',0,0,NULL,NULL),
(145,'fR7RjuzKq','',NULL,153518275,'BUY_SUB',23,0,0,159000,0.00,1731569056,'approved',0,0,NULL,NULL),
(146,'FkYKosOOx','',NULL,40621361,'BUY_SUB',22,0,0,109000,0.00,1731662639,'approved',0,0,NULL,NULL),
(147,'hd3HLIRPK','',NULL,6812703261,'BUY_SUB',3,0,0,65000,0.00,1731674605,'paid_with_wallet',0,0,NULL,NULL),
(148,'tv3SY8i3U','',NULL,676807927,'BUY_SUB',2,0,0,35000,0.00,1731769270,'approved',0,0,NULL,NULL),
(149,'KjlqsjoQn','',NULL,6833620748,'BUY_SUB',21,0,0,79000,0.00,1731773110,'approved',0,0,NULL,NULL),
(150,'1Ei9MVZsw','',NULL,676807927,'BUY_SUB',2,0,0,35000,0.00,1732118132,'paid_with_wallet',0,0,NULL,NULL),
(151,'VyqmsiPHe','',NULL,676807927,'BUY_SUB',3,0,0,65000,0.00,1732118155,'approved',0,0,NULL,NULL),
(153,'QJkfCxaow','',NULL,103923897,'BUY_SUB',15,0,0,99000,0.00,1732135055,'approved',0,0,NULL,NULL),
(154,'zfc2CbaXA','',NULL,5566961640,'BUY_SUB',3,0,0,65000,0.00,1732322784,'approved',0,0,NULL,NULL),
(155,'cLcc45yYJ','',NULL,744317523,'BUY_SUB',21,0,0,79000,0.00,1732357261,'approved',0,0,NULL,NULL),
(156,'AKYzRtBdD','',NULL,708472595,'BUY_SUB',21,0,0,79000,0.00,1732471218,'pending',0,0,NULL,NULL),
(157,'53zuPVKwg','',NULL,153518275,'BUY_SUB',23,0,0,159000,0.00,1732648874,'approved',0,0,NULL,NULL),
(160,'AqU23b161','',NULL,676807927,'BUY_SUB',2,0,0,35000,0.00,1732900845,'approved',0,0,NULL,NULL),
(161,'cG1AnN1Jk','',NULL,1700532725,'BUY_SUB',2,0,0,35000,0.00,1732900917,'approved',0,0,NULL,NULL),
(162,'mVfcwEtOq','',NULL,7884477941,'BUY_SUB',30,0,0,430000,0.00,1733076567,'pending',0,0,NULL,NULL),
(165,'L1bdZHFP4','',NULL,103923897,'BUY_SUB',15,0,0,99000,0.00,1733158095,'approved',0,0,NULL,NULL),
(166,'TvMCsRNwN','',NULL,676807927,'BUY_SUB',2,0,0,35000,0.00,1733266694,'sent',0,0,NULL,NULL),
(167,'wuY9ZXSls','',NULL,1790691070,'BUY_SUB',3,0,0,65000,0.00,1733333378,'approved',0,0,NULL,NULL),
(168,'irvcqUt4c','',NULL,6929877096,'BUY_SUB',21,0,0,79000,0.00,1733608920,'approved',0,0,NULL,NULL),
(169,'K2htycf3k','',NULL,1790691070,'BUY_SUB',3,0,0,65000,0.00,1733672941,'approved',0,0,NULL,NULL),
(171,'5qC9gaiY5','',NULL,6812703261,'BUY_SUB',4,0,0,84000,0.00,1733911375,'paid_with_wallet',0,0,NULL,NULL),
(173,'iN6I876lk',NULL,NULL,6812703261,'INCREASE_WALLET',0,0,0,200000,0.00,1733912780,'approved',0,0,NULL,NULL),
(174,'XTyPbKsZk','',NULL,5566961640,'BUY_SUB',3,0,0,65000,0.00,1733921786,'approved',0,0,NULL,NULL),
(177,'w6CFLB1e7',NULL,NULL,6812703261,'INCREASE_WALLET',0,0,0,200000,0.00,1734029743,'approved',0,0,NULL,NULL),
(178,'Awl4uZC6f','',NULL,6812703261,'BUY_SUB',4,0,0,84000,0.00,1734029895,'paid_with_wallet',0,0,NULL,NULL),
(179,'Ab3kcFmV2','',NULL,1790691070,'BUY_SUB',3,0,0,65000,0.00,1734086068,'approved',0,0,NULL,NULL),
(180,'XpKCol9cL','',NULL,153518275,'BUY_SUB',23,0,0,159000,0.00,1734210573,'approved',0,0,NULL,NULL),
(181,'jxkUz8XWt',NULL,NULL,6226414650,'INCREASE_WALLET',0,0,0,5000,0.00,1734229506,'pending',0,0,NULL,NULL),
(182,'bK5Wbg4HH','',NULL,40621361,'BUY_SUB',4,0,0,84000,0.00,1734259241,'approved',0,0,NULL,NULL),
(183,'YmrvGabnV','',NULL,40621361,'BUY_SUB',4,0,0,84000,0.00,1734271612,'paid_with_wallet',0,0,NULL,NULL),
(185,'f71CAxNWX','',NULL,744317523,'BUY_SUB',21,0,0,79000,0.00,1734343833,'approved',0,0,NULL,NULL),
(187,'gW7TdYdOb','hamed77',NULL,1389818935,'BUY_SUB',28,2000,2000,7000000,0.00,1734461371,'pending',0,0,NULL,NULL),
(189,'4UZJJ6i1M',NULL,NULL,6981546377,'INCREASE_WALLET',0,0,0,5000,0.00,1734531301,'declined',0,0,NULL,NULL),
(190,'sApIVAgDo','',NULL,1700532725,'BUY_SUB',2,0,0,35000,0.00,1734543606,'approved',0,0,NULL,NULL),
(197,'Nho2UtMsm','',NULL,5566961640,'BUY_SUB',3,0,0,65000,0.00,1734648346,'approved',0,0,NULL,NULL),
(199,'Dfe74CHfq','',NULL,5566961640,'BUY_SUB',3,0,0,65000,0.00,1734652921,'approved',0,0,NULL,NULL),
(204,'s6qIX5fK3','',NULL,6298606714,'BUY_SUB',22,0,0,109000,0.00,1734862209,'approved',0,0,NULL,NULL),
(205,'7FK5lCxiA','',NULL,676807927,'BUY_SUB',2,0,0,35000,0.00,1735255482,'approved',0,0,NULL,NULL),
(206,'dPikrblVC','',NULL,1790691070,'BUY_SUB',3,0,0,65000,0.00,1735282006,'approved',0,0,NULL,NULL),
(207,'Us1u8yQDB','',NULL,153518275,'BUY_SUB',23,0,0,159000,0.00,1735682565,'approved',0,0,NULL,NULL),
(208,'AAxdnq9ty',NULL,NULL,6812703261,'INCREASE_WALLET',0,0,0,160000,0.00,1735732491,'approved',0,0,NULL,NULL),
(209,'5gZMMF3le','',NULL,6812703261,'BUY_SUB',26,0,0,199000,0.00,1735732696,'paid_with_wallet',0,0,NULL,NULL),
(211,'CceBxPFfI','',NULL,1790691070,'BUY_SUB',3,0,0,65000,0.00,1735978871,'approved',0,0,NULL,NULL),
(212,'ZfIqmqoIC','',NULL,1700532725,'BUY_SUB',2,0,0,35000,0.00,1735980549,'approved',0,0,NULL,NULL),
(213,'V4Sk7uRbz','',NULL,6812703261,'BUY_SUB',2,0,0,35000,0.00,1736117661,'approved',0,0,NULL,NULL),
(215,'jvXU7zGHj','',NULL,6911451893,'BUY_SUB',20,0,0,45000,0.00,1736232070,'approved',0,0,NULL,NULL),
(216,'xDrigo6oB','',NULL,5566961640,'BUY_SUB',3,0,0,65000,0.00,1736264058,'approved',0,0,NULL,NULL),
(218,'la7iLoxUS','',NULL,6929877096,'BUY_SUB',20,0,0,45000,0.00,1736271503,'approved',0,0,NULL,NULL),
(219,'VFztHgqQO','',NULL,676807927,'BUY_SUB',2,0,0,35000,0.00,1736277479,'sent',0,0,NULL,NULL),
(220,'zsa77mabI','',NULL,676807927,'BUY_SUB',8,0,0,169000,0.00,1736277505,'sent',0,0,NULL,NULL),
(222,'4Mh8VcLKg','',NULL,1790691070,'BUY_SUB',3,0,0,65000,0.00,1736685851,'approved',0,0,NULL,NULL),
(224,'Wv9UNRezc',NULL,NULL,6812703261,'INCREASE_WALLET',0,0,0,250000,0.00,1736694738,'approved',0,0,NULL,NULL),
(225,'aShO9sxZm','',NULL,6812703261,'BUY_SUB',8,0,0,169000,0.00,1736694886,'paid_with_wallet',0,0,NULL,NULL),
(227,'ZyzAeJrL5','',NULL,5805063980,'BUY_SUB',17,0,0,269000,0.00,1736797289,'pending',0,0,NULL,NULL),
(228,'tp15gcpZ4','',NULL,6525992237,'BUY_SUB',5,0,0,129000,0.00,1737021517,'approved',0,0,NULL,NULL),
(229,'Jd4WsDbsU','',NULL,5839789159,'BUY_SUB',2,0,0,35000,0.00,1737223787,'approved',0,0,NULL,NULL),
(231,'uaDZS5D1R','',NULL,1790691070,'BUY_SUB',4,0,0,84000,0.00,1737399169,'approved',0,0,NULL,NULL),
(232,'yPe1OEtke','',NULL,153518275,'BUY_SUB',22,0,0,109000,0.00,1737488132,'approved',0,0,NULL,NULL),
(233,'4SjVbtWD5','',NULL,6491127620,'BUY_SUB',2,0,0,35000,0.00,1737624159,'approved',0,0,NULL,NULL),
(235,'hX3rnnA5U','',NULL,618015121,'BUY_SUB',20,0,0,45000,0.00,1737820857,'approved',0,0,NULL,NULL),
(236,'kCbFSWWde','',NULL,6525992237,'BUY_SUB',3,0,0,65000,0.00,1737995745,'approved',0,0,NULL,NULL),
(237,'IuzHpo1IY','',NULL,1700532725,'BUY_SUB',2,0,0,35000,0.00,1738150633,'approved',0,0,NULL,NULL),
(239,'zvgHoegOg','',NULL,676807927,'BUY_SUB',2,0,0,35000,0.00,1738738687,'approved',0,0,NULL,NULL),
(240,'U3Ao1rc2o','',NULL,676807927,'BUY_SUB',2,0,0,35000,0.00,1738738768,'approved',0,0,NULL,NULL),
(241,'5Vu86hLis','',NULL,676807927,'BUY_SUB',20,0,0,45000,0.00,1738738814,'approved',0,0,NULL,NULL),
(244,'qVdqLVEEs','',NULL,6929877096,'BUY_SUB',20,0,0,45000,0.00,1738787344,'approved',0,0,NULL,NULL),
(245,'BXZitVh5f','',NULL,7992404590,'BUY_SUB',2,0,0,35000,0.00,1738840439,'approved',0,0,NULL,NULL),
(246,'T2c5iEKgz','',NULL,676807927,'BUY_SUB',2,0,0,35000,0.00,1738840710,'approved',0,0,NULL,NULL),
(248,'Vp4l4SiaC','',NULL,676807927,'BUY_SUB',26,0,0,199000,0.00,1738840794,'approved',0,0,NULL,NULL),
(249,'wbrgI6sS1','',NULL,676807927,'BUY_SUB',2,0,0,35000,0.00,1738885103,'paid_with_wallet',0,0,NULL,NULL),
(250,'eOKC77gDj','',NULL,676807927,'BUY_SUB',2,0,0,35000,0.00,1738886426,'paid_with_wallet',0,0,NULL,NULL),
(252,'Ji92HZs11','',NULL,7992404590,'BUY_SUB',20,0,0,45000,0.00,1738945411,'approved',0,0,NULL,NULL),
(253,'4XRwcg7IE','',NULL,6812703261,'BUY_SUB',2,0,0,35000,0.00,1739016330,'paid_with_wallet',0,0,NULL,NULL),
(254,'BSr9ea6oL','',NULL,6898883126,'BUY_SUB',13,0,0,379000,0.00,1739056836,'pending',0,0,NULL,NULL),
(255,'nVCLvrbYW','',NULL,153518275,'BUY_SUB',23,0,0,159000,0.00,1739180569,'approved',0,0,NULL,NULL),
(257,'JVI6bcKkL','',NULL,1790691070,'BUY_SUB',21,0,0,79000,0.00,1739370556,'approved',0,0,NULL,NULL),
(258,'CoKRyUHYm','',NULL,5566961640,'BUY_SUB',3,0,0,65000,0.00,1739474358,'approved',0,0,NULL,NULL),
(260,'CZURJ2BAD','',NULL,6525992237,'BUY_SUB',3,0,0,65000,0.00,1739620313,'approved',0,0,NULL,NULL),
(261,'yAELnHZpH','',NULL,1700532725,'BUY_SUB',2,0,0,35000,0.00,1739991630,'approved',0,0,NULL,NULL),
(262,'AmJ7RPrtQ','',NULL,5566961640,'BUY_SUB',3,0,0,65000,0.00,1740073653,'approved',0,0,NULL,NULL),
(263,'yAdCdNiSU','',NULL,5495201244,'BUY_SUB',22,0,0,109000,0.00,1740084947,'pending',0,0,NULL,NULL),
(264,'fsiP6J2WF','',NULL,1790691070,'BUY_SUB',20,0,0,45000,0.00,1740147908,'approved',0,0,NULL,NULL),
(265,'exAGANuKs','',NULL,7844436526,'BUY_SUB',26,0,0,199000,0.00,1740511855,'approved',0,0,NULL,NULL),
(266,'k1zRlpr5B','',NULL,1790691070,'BUY_SUB',21,0,0,79000,0.00,1740568515,'approved',0,0,NULL,NULL),
(267,'tGhnOWiZf','',NULL,40621361,'BUY_SUB',4,0,0,84000,0.00,1740789476,'approved',0,0,NULL,NULL),
(268,'h59jwIx1C','',NULL,6720508226,'BUY_SUB',20,0,0,45000,0.00,1740901096,'pending',0,0,NULL,NULL),
(269,'gEwiBSDAB','',NULL,7844436526,'BUY_SUB',26,0,0,199000,0.00,1740935856,'approved',0,0,NULL,NULL),
(270,'mmrQnhL3t','',NULL,6812703261,'BUY_SUB',26,0,0,199000,0.00,1741012066,'approved',0,0,NULL,NULL),
(271,'eR84F9TsV','',NULL,5604147265,'BUY_SUB',4,0,0,84000,0.00,1741124703,'approved',0,0,NULL,NULL),
(272,'PqrPfzcrl','',NULL,676807927,'BUY_SUB',4,0,0,84000,0.00,1741125470,'approved',0,0,NULL,NULL),
(273,'xpSoxj9SW','',NULL,5566961640,'BUY_SUB',21,0,0,79000,0.00,1741203508,'approved',0,0,NULL,NULL),
(274,'3clqIm91S','',NULL,6491127620,'BUY_SUB',2,0,0,35000,0.00,1741266284,'approved',0,0,NULL,NULL),
(275,'r1fkRUk2X','',NULL,676807927,'BUY_SUB',2,0,0,35000,0.00,1741268100,'approved',0,0,NULL,NULL),
(276,'v2mqKJAbh','',NULL,676807927,'BUY_SUB',2,0,0,35000,0.00,1741268767,'approved',0,0,NULL,NULL),
(277,'lwqqbyu2Q','',NULL,676807927,'BUY_SUB',20,0,0,45000,0.00,1741268798,'approved',0,0,NULL,NULL),
(278,'SiXEq8FcI','',NULL,676807927,'BUY_SUB',2,0,0,35000,0.00,1741269339,'approved',0,0,NULL,NULL),
(279,'8O9sCxf31','',NULL,676807927,'BUY_SUB',20,0,0,45000,0.00,1741332869,'approved',0,0,NULL,NULL),
(280,'geoMCJmDg','',NULL,676807927,'BUY_SUB',2,0,0,35000,0.00,1741332920,'approved',0,0,NULL,NULL),
(281,'Gwbxjcgwi','',NULL,676807927,'BUY_SUB',2,0,0,35000,0.00,1741343806,'paid_with_wallet',0,0,NULL,NULL),
(282,'W4K6YBiTO','',NULL,676807927,'BUY_SUB',2,0,0,35000,0.00,1741343885,'approved',0,0,NULL,NULL),
(283,'ZLBbtMiYG','',NULL,676807927,'BUY_SUB',20,0,0,45000,0.00,1741343920,'approved',0,0,NULL,NULL),
(284,'YIi3MTe3Z','',NULL,6350676547,'BUY_SUB',20,0,0,45000,0.00,1741422908,'pending',0,0,NULL,NULL),
(285,'Z8PJ8UJMy','',NULL,7844436526,'BUY_SUB',21,0,0,79000,0.00,1741459139,'approved',0,0,NULL,NULL),
(286,'X2LPSte7e','',NULL,676807927,'BUY_SUB',21,0,0,79000,0.00,1741462448,'approved',0,0,NULL,NULL),
(287,'GsANzmF55','',NULL,6929877096,'BUY_SUB',20,0,0,45000,0.00,1741463806,'approved',0,0,NULL,NULL),
(288,'oYCq9glWd','',NULL,1700532725,'BUY_SUB',2,0,0,35000,0.00,1741467577,'approved',0,0,NULL,NULL),
(289,'aCeS34AF7','',NULL,676807927,'BUY_SUB',20,0,0,45000,0.00,1741488777,'approved',0,0,NULL,NULL),
(291,'VXDDp1PN9','',NULL,676807927,'BUY_SUB',2,0,0,35000,0.00,1741488821,'approved',0,0,NULL,NULL),
(294,'SrhkS1aiW','',NULL,1790691070,'BUY_SUB',21,0,0,79000,0.00,1741634623,'approved',0,0,NULL,NULL),
(295,'OCVPixqK7','',NULL,676807927,'BUY_SUB',21,0,0,79000,0.00,1741635109,'approved',0,0,NULL,NULL),
(296,'8A2VX5fCd','',NULL,676807927,'BUY_SUB',3,0,0,65000,0.00,1741635147,'approved',0,0,NULL,NULL),
(297,'UyhRqcgod','',NULL,1790691070,'BUY_SUB',21,0,0,79000,0.00,1741635712,'approved',0,0,NULL,NULL),
(298,'GK7LpA9xZ','',NULL,1790691070,'BUY_SUB',21,0,0,79000,0.00,1741636179,'approved',0,0,NULL,NULL),
(299,'3GezacdeP',NULL,NULL,6812703261,'INCREASE_WALLET',0,0,0,85000,0.00,1741645100,'approved',0,0,NULL,NULL),
(300,'C21vYBdzR','',NULL,6812703261,'BUY_SUB',3,0,0,65000,0.00,1741645250,'paid_with_wallet',0,0,NULL,NULL),
(301,'ZfobtNW3o','',NULL,6812703261,'BUY_SUB',3,0,0,65000,0.00,1741645317,'paid_with_wallet',0,0,NULL,NULL),
(302,'kTvqa2FbN',NULL,NULL,6812703261,'INCREASE_WALLET',0,0,0,240000,0.00,1741882987,'approved',0,0,NULL,NULL),
(303,'hvhibv5do','',NULL,6812703261,'BUY_SUB',8,0,0,169000,0.00,1741883124,'paid_with_wallet',0,0,NULL,NULL),
(304,'8BO4H7GEC','',NULL,676807927,'BUY_SUB',42,0,0,59000,0.00,1742418497,'paid_with_wallet',0,0,NULL,NULL),
(305,'rFSNlKVIP','',NULL,676807927,'BUY_SUB',44,0,0,130000,0.00,1742418522,'approved',0,0,NULL,NULL),
(306,'deQchQUxG','',NULL,5566961640,'BUY_SUB',2,0,0,55000,0.00,1742587097,'approved',0,0,NULL,NULL),
(307,'5rhWdqGi6','',NULL,7013822981,'BUY_SUB',42,0,0,59000,0.00,1742714718,'approved',0,0,NULL,NULL),
(308,'NvXjq31eK','',NULL,676807927,'BUY_SUB',42,0,0,59000,0.00,1742714939,'approved',0,0,NULL,NULL),
(309,'SyJGvG4GS','',NULL,5566961640,'BUY_SUB',3,0,0,81000,0.00,1742910625,'approved',0,0,NULL,NULL),
(310,'zLEgAqsGe','',NULL,676807927,'BUY_SUB',2,0,0,55000,0.00,1742931135,'approved',0,0,NULL,NULL),
(312,'GimCVedNa','',NULL,1790691070,'BUY_SUB',43,0,0,94000,0.00,1743082957,'approved',0,0,NULL,NULL),
(313,'KAZdpzEYa','',NULL,676807927,'BUY_SUB',44,0,0,130000,0.00,1743083543,'approved',0,0,NULL,NULL),
(314,'ek7hPX6rE','',NULL,1790691070,'BUY_SUB',44,0,0,130000,0.00,1743084151,'paid_with_wallet',0,0,NULL,NULL),
(315,'WPJWJnE6Y','',NULL,5566961640,'BUY_SUB',2,0,0,55000,0.00,1743701436,'approved',0,0,NULL,NULL),
(316,'nTFePran8','',NULL,6525992237,'BUY_SUB',3,0,0,81000,0.00,1743881604,'approved',0,0,NULL,NULL),
(317,'GCa49UdLx','',NULL,7844436526,'BUY_SUB',47,0,0,229000,0.00,1743888701,'approved',0,0,NULL,NULL),
(318,'QRD86MDIB','',NULL,7844436526,'BUY_SUB',47,0,0,229000,0.00,1743929952,'approved',0,0,NULL,NULL),
(319,'ECvTQps4R','',NULL,6929877096,'BUY_SUB',42,0,0,59000,0.00,1744060522,'approved',0,0,NULL,NULL),
(321,'SoteuoCCX','',NULL,7354586679,'BUY_SUB',4,0,0,105000,0.00,1744130401,'approved',0,0,NULL,NULL),
(323,'nMsOGUVke','',NULL,6034358584,'BUY_SUB',4,0,0,105000,0.00,1744797616,'pending',0,0,NULL,NULL),
(324,'n5TreDriy','',NULL,6812703261,'BUY_SUB',3,0,0,81000,0.00,1744800693,'approved',0,0,NULL,NULL),
(326,'c1QVQBk4T','',NULL,5566961640,'BUY_SUB',3,0,0,81000,0.00,1744925662,'approved',0,0,NULL,NULL),
(327,'iOY5cNigH','',NULL,1790691070,'BUY_SUB',43,0,0,94000,0.00,1745081144,'approved',0,0,NULL,NULL),
(328,'FhjB29xDi','',NULL,8181325239,'BUY_SUB',8,0,0,209000,0.00,1745250919,'approved',0,0,NULL,NULL),
(329,'VW9rVgpma','',NULL,1700532725,'BUY_SUB',2,0,0,55000,0.00,1745390155,'approved',0,0,NULL,NULL),
(330,'ItuDNeLRS','',NULL,8181325239,'BUY_SUB',3,0,0,81000,0.00,1745433243,'approved',0,0,NULL,NULL),
(333,'NxjVkIhd2','',NULL,7704921825,'BUY_SUB',2,0,0,55000,0.00,1745446141,'pending',0,0,NULL,NULL),
(334,'QAZckpd2d','',NULL,6234112517,'BUY_SUB',3,0,0,81000,0.00,1745608593,'approved',0,0,NULL,NULL),
(335,'dSRms3Xns','',NULL,1790691070,'BUY_SUB',43,0,0,94000,0.00,1745857809,'approved',0,0,NULL,NULL),
(336,'KQGE5iuKW','',NULL,7844436526,'BUY_SUB',47,0,0,229000,0.00,1745944796,'approved',0,0,NULL,NULL),
(337,'bF3zYvPck','',NULL,5566961640,'BUY_SUB',2,0,0,55000,0.00,1745948212,'approved',0,0,NULL,NULL),
(338,'5xZjFxf73','',NULL,1700532725,'BUY_SUB',2,0,0,65000,0.00,1746051904,'approved',0,0,NULL,NULL),
(339,'Jey4r1nSU','',NULL,6812703261,'BUY_SUB',47,0,0,239000,0.00,1746198357,'approved',0,0,NULL,NULL),
(340,'BUf6piq6i','',NULL,5566961640,'BUY_SUB',3,0,0,95000,0.00,1746295991,'approved',0,0,NULL,NULL),
(341,'PP6rO5MB6','',NULL,7354586679,'BUY_SUB',5,0,0,169000,0.00,1746374177,'approved',0,0,NULL,NULL),
(342,'5xETfKqii',NULL,NULL,7354586679,'INCREASE_WALLET',0,0,0,169000,0.00,1746378140,'declined',0,0,NULL,NULL),
(343,'VqqLkqB1I','',NULL,6929877096,'BUY_SUB',42,0,0,70000,0.00,1746728323,'approved',0,0,NULL,NULL),
(344,'raOnAhf6X',NULL,NULL,6812703261,'INCREASE_WALLET',0,0,0,320000,0.00,1747077553,'approved',0,0,NULL,NULL),
(345,'DN9CYuF8E','',NULL,6812703261,'BUY_SUB',8,0,0,219000,0.00,1747078329,'paid_with_wallet',0,0,NULL,NULL),
(346,'B8Ibi7Nih','',NULL,6812703261,'BUY_SUB',4,0,0,119000,0.00,1747240939,'paid_with_wallet',0,0,NULL,NULL),
(347,'UaNMPnckP','',NULL,7166742806,'BUY_SUB',2,0,0,65000,0.00,1747733911,'pending',0,0,NULL,NULL),
(349,'gr1byijxS','',NULL,6234112517,'BUY_SUB',4,0,0,119000,0.00,1747853184,'approved',0,0,NULL,NULL),
(350,'nqTYRMi6M','',NULL,7844436526,'BUY_SUB',47,0,0,239000,0.00,1747858533,'approved',0,0,NULL,NULL),
(352,'UkqtMUiDA','',NULL,1790691070,'BUY_SUB',4,0,0,119000,0.00,1748095156,'approved',0,0,NULL,NULL),
(353,'5C5ICSiUd','',NULL,5566961640,'BUY_SUB',3,0,0,95000,0.00,1748121492,'approved',0,0,NULL,NULL),
(354,'DG6nRTCnC','',NULL,5566961640,'BUY_SUB',2,0,0,65000,0.00,1748195008,'approved',0,0,NULL,NULL),
(355,'f6EBSWtc9','',NULL,7474344243,'BUY_SUB',43,0,0,109000,0.00,1748337243,'approved',0,0,NULL,NULL),
(356,'28oA49ojN','',NULL,483386460,'BUY_SUB',8,0,0,219000,0.00,1748460152,'pending',0,0,NULL,NULL),
(358,'mQZnuWQNC','',NULL,263977430,'BUY_SUB',45,0,0,189000,0.00,1748679282,'pending',0,0,NULL,NULL),
(359,'5Kt68tJzv','',NULL,8181325239,'BUY_SUB',3,0,0,95000,0.00,1748971617,'approved',0,0,NULL,NULL),
(360,'E24OShXse','',NULL,7844436526,'BUY_SUB',47,0,0,239000,0.00,1749296673,'approved',0,0,NULL,NULL),
(363,'JxpkViqRI','',NULL,6929877096,'BUY_SUB',42,0,0,65000,0.00,1749331981,'approved',0,0,NULL,NULL),
(364,'bMaW78vN5','',NULL,1790691070,'BUY_SUB',3,0,0,95000,0.00,1749401963,'approved',0,0,NULL,NULL),
(365,'1AIBsHcja','',NULL,8181325239,'BUY_SUB',3,0,0,95000,0.00,1749647183,'approved',0,0,NULL,NULL),
(367,'EK1hVUsRX',NULL,NULL,6812703261,'INCREASE_WALLET',0,0,0,200000,0.00,1749680627,'approved',0,0,NULL,NULL),
(368,'bYr1cC1ny','',NULL,6812703261,'BUY_SUB',47,0,0,239000,0.00,1749680918,'paid_with_wallet',0,0,NULL,NULL),
(369,'wMNYWHcmc','',NULL,8181325239,'BUY_SUB',4,0,0,125000,0.00,1749792836,'approved',0,0,NULL,NULL),
(370,'s6WwmprnF','',NULL,5566961640,'BUY_SUB',2,0,0,55000,0.00,1749826208,'approved',0,0,NULL,NULL),
(371,'fHXFVuw1C','',NULL,5606943482,'BUY_SUB',42,0,0,65000,0.00,1749836488,'pending',0,0,NULL,NULL),
(375,'zvxuw7VdW','',NULL,1790691070,'BUY_SUB',2,0,0,55000,0.00,1749909919,'approved',0,0,NULL,NULL),
(377,'EsYjXpORy','',NULL,6525992237,'BUY_SUB',2,0,0,55000,0.00,1749917094,'pending',0,0,NULL,NULL),
(380,'ITcP9F4b9','',NULL,6968822287,'BUY_SUB',2,0,0,55000,0.00,1749917333,'pending',0,0,NULL,NULL),
(381,'ndeSl9mZy','',NULL,6812703261,'BUY_SUB',3,0,0,95000,0.00,1749935735,'approved',0,0,NULL,NULL),
(383,'6293eBCVF','',NULL,1700532725,'BUY_SUB',2,0,0,55000,0.00,1749979244,'approved',0,0,NULL,NULL),
(385,'NyYEailtl','',NULL,6298606714,'BUY_SUB',43,0,0,109000,0.00,1749980624,'approved',0,0,NULL,NULL),
(386,'CjnZHlfD9','',NULL,456832481,'BUY_SUB',42,0,0,65000,0.00,1749984302,'pending',0,0,NULL,NULL),
(389,'Oy3DFD63u','',NULL,744317523,'BUY_SUB',42,0,0,65000,0.00,1750018765,'approved',0,0,NULL,NULL),
(390,'h8yVqNKCh','',NULL,676807927,'BUY_SUB',2,0,0,55000,0.00,1750113725,'approved',0,0,NULL,NULL),
(391,'H3Mtyx6fi','',NULL,676807927,'BUY_SUB',2,0,0,55000,0.00,1750143324,'approved',0,0,NULL,NULL),
(393,'Lpz2Rlcq2','',NULL,744317523,'BUY_SUB',42,0,0,65000,0.00,1750155947,'approved',0,0,NULL,NULL),
(394,'46yFuBxJT','',NULL,744317523,'BUY_SUB',42,0,0,65000,0.00,1750170006,'approved',0,0,NULL,NULL),
(397,'ZvZDtd5dP','',NULL,744317523,'BUY_SUB',42,0,0,65000,0.00,1750173568,'approved',0,0,NULL,NULL),
(398,'mRyPJqUMh','',NULL,1700532725,'BUY_SUB',2,0,0,55000,0.00,1750179699,'approved',0,0,NULL,NULL),
(399,'8NFjqsDyA','',NULL,5566961640,'BUY_SUB',2,0,0,55000,0.00,1750183729,'approved',0,0,NULL,NULL),
(400,'bZyHyAWzb','',NULL,6298606714,'BUY_SUB',43,0,0,109000,0.00,1750188820,'approved',0,0,NULL,NULL),
(401,'vV87TcjRm','',NULL,6234112517,'BUY_SUB',4,0,0,119000,0.00,1750197673,'approved',0,0,NULL,NULL),
(403,'gi4tvEWne','',NULL,1325890941,'BUY_SUB',42,0,0,65000,0.00,1750239458,'approved',0,0,NULL,NULL),
(406,'wPuriGCdV','',NULL,420412178,'BUY_SUB',42,0,0,65000,0.00,1750627172,'pending',0,0,NULL,NULL),
(415,'XLC7PbvPo','',NULL,1700532725,'BUY_SUB',2,0,0,55000,0.00,1750755686,'pending',0,0,NULL,NULL),
(417,'QSaI6rUww','',NULL,6609855905,'BUY_SUB',4,0,0,119000,0.00,1750844067,'pending',0,0,NULL,NULL),
(423,'1cvCKVe2l','',NULL,153518275,'BUY_SUB',43,0,0,109000,0.00,1750960860,'sent',0,0,NULL,NULL),
(424,'2LNjGM3mh','',NULL,7884674225,'BUY_SUB',2,0,0,65000,0.00,1751015679,'pending',0,0,NULL,NULL),
(425,'19vUPs94x','',NULL,7419389547,'BUY_SUB',2,0,0,65000,0.00,1751015874,'pending',0,0,NULL,NULL),
(427,'PzxoM8cir','',NULL,7754340313,'BUY_SUB',2,0,0,65000,0.00,1751144787,'pending',0,0,NULL,NULL),
(442,'qrkKi8OId','',NULL,6953480127,'BUY_SUB',7,0,0,289000,0.00,1751283996,'sent',0,0,NULL,NULL),
(446,'CmGHO6r9B','',NULL,7844436526,'BUY_SUB',47,0,0,239000,0.00,1751520826,'approved',0,0,NULL,NULL),
(447,'mQxQGuFVs','',NULL,744317523,'BUY_SUB',42,0,0,69000,0.00,1751537065,'approved',0,0,NULL,NULL),
(448,'i9zficKhU','',NULL,1790691070,'BUY_SUB',3,0,0,99000,0.00,1751563284,'approved',0,0,NULL,NULL),
(449,'BXZNXwEpy','',NULL,1790691070,'BUY_SUB',2,0,0,65000,0.00,1751566567,'approved',0,0,NULL,NULL),
(452,'Wdrf4gk5e','',NULL,6099007393,'BUY_SUB',3,0,0,99000,0.00,1751575759,'approved',0,0,NULL,NULL),
(453,'BDGDQdnRV','',NULL,8181325239,'BUY_SUB',3,0,0,99000,0.00,1751611493,'approved',0,0,NULL,NULL),
(454,'OirkbOiNu','',NULL,8181325239,'BUY_SUB',45,0,0,199000,0.00,1751735950,'approved',0,0,NULL,NULL),
(455,'OObWbcq4o','',NULL,7844436526,'BUY_SUB',43,0,0,109000,0.00,1751811367,'approved',0,0,NULL,NULL),
(456,'EjWXVF5gS','',NULL,676807927,'BUY_SUB',2,0,0,65000,0.00,1751886124,'approved',0,0,NULL,NULL),
(457,'1b7QoQYWW','',NULL,7916611868,'BUY_SUB',42,0,0,69000,0.00,1751888877,'approved',0,0,NULL,NULL),
(458,'6UTuQr3bY','',NULL,8002236386,'BUY_SUB',42,0,0,69000,0.00,1751901935,'pending',0,0,NULL,NULL),
(459,'kK97MnvNq','',NULL,744317523,'BUY_SUB',42,0,0,69000,0.00,1752055965,'approved',0,0,NULL,NULL),
(463,'LfTMnSfJj','',NULL,6929877096,'BUY_SUB',42,0,0,69000,0.00,1752062966,'approved',0,0,NULL,NULL),
(464,'jZtHknQt7','',NULL,1810121238,'BUY_SUB',45,0,0,199000,0.00,1752098011,'pending',0,0,NULL,NULL),
(468,'YfPN41evL','',NULL,6551472576,'BUY_SUB',2,0,0,65000,0.00,1752273716,'approved',0,0,NULL,NULL),
(469,'qSQVrhQQI','',NULL,5982018241,'BUY_SUB',2,0,0,65000,0.00,1752275382,'approved',0,0,NULL,NULL),
(488,'i7xvtuldm',NULL,NULL,6812703261,'INCREASE_WALLET',0,0,0,340000,0.00,1752355627,'approved',0,0,NULL,NULL),
(489,'9ODSjsSXr','',NULL,6812703261,'BUY_SUB',8,0,0,219000,0.00,1752355955,'paid_with_wallet',0,0,NULL,NULL),
(490,'libR9cGGC','',NULL,6812703261,'BUY_SUB',8,0,0,219000,0.00,1752356007,'paid_with_wallet',0,0,NULL,NULL),
(491,'4hCwFJpIN','',NULL,676807927,'BUY_SUB',2,0,0,65000,0.00,1752356181,'approved',0,0,NULL,NULL),
(493,'JA7qwJVjP',NULL,NULL,6099007393,'INCREASE_WALLET',0,0,0,100000,0.00,1752398357,'pending',0,0,NULL,NULL),
(494,'gDNFJx1bM','',NULL,676807927,'BUY_SUB',2,0,0,65000,0.00,1752450736,'approved',0,0,NULL,NULL),
(495,'pA5hHDMFv','',NULL,676807927,'BUY_SUB',2,0,0,65000,0.00,1752562675,'approved',0,0,NULL,NULL),
(496,'kd5hJkWvC','',NULL,676807927,'BUY_SUB',47,0,0,239000,0.00,1752562734,'approved',0,0,NULL,NULL),
(497,'FXlmfyQfu',NULL,NULL,6812703261,'INCREASE_WALLET',0,0,0,200000,0.00,1752675680,'approved',0,0,NULL,NULL),
(498,'azdkvwJkT','',NULL,6812703261,'BUY_SUB',4,0,0,129000,0.00,1752676629,'paid_with_wallet',0,0,NULL,NULL),
(500,'bQdPdHW4v','',NULL,1790691070,'BUY_SUB',3,0,0,99000,0.00,1752942719,'approved',0,0,NULL,NULL),
(501,'bpCE3bb4F','',NULL,5566961640,'BUY_SUB',2,0,0,65000,0.00,1753035982,'approved',0,0,NULL,NULL),
(505,'tREjzvTWz',NULL,NULL,6812703261,'INCREASE_WALLET',0,0,0,200000,0.00,1753291742,'approved',0,0,NULL,NULL),
(506,'9VjPaZl2A','',NULL,6812703261,'BUY_SUB',47,0,0,239000,0.00,1753291842,'paid_with_wallet',0,0,NULL,NULL),
(507,'UxuRTEWlG','',NULL,7369066002,'BUY_SUB',3,0,0,99000,0.00,1753383902,'approved',0,0,NULL,NULL),
(509,'7Ep5xdl3C','',NULL,7369066002,'BUY_SUB',3,0,0,99000,0.00,1753548809,'approved',0,0,NULL,NULL),
(510,'ZaBmezotP',NULL,NULL,6812703261,'INCREASE_WALLET',0,0,0,50000,0.00,1753556810,'approved',0,0,NULL,NULL),
(511,'WyoHgqEBY','',NULL,6812703261,'BUY_SUB',42,0,0,69000,0.00,1753557079,'paid_with_wallet',0,0,NULL,NULL),
(513,'beyEB7hMT','',NULL,744317523,'BUY_SUB',43,0,0,109000,0.00,1753694355,'approved',0,0,NULL,NULL),
(514,'qCWk3iS4I','',NULL,975292742,'BUY_SUB',49,0,0,489000,0.00,1753778110,'pending',0,0,NULL,NULL),
(515,'4Bd6Men7A','',NULL,1790691070,'BUY_SUB',4,0,0,129000,0.00,1753779032,'approved',0,0,NULL,NULL),
(516,'VuPXtegWU','',NULL,6234112517,'BUY_SUB',4,0,0,129000,0.00,1753882709,'approved',0,0,NULL,NULL),
(517,'p7jXEYYtt','',NULL,676807927,'BUY_SUB',2,0,0,65000,0.00,1753883072,'approved',0,0,NULL,NULL),
(518,'g9UHZpaTk','',NULL,5566961640,'BUY_SUB',2,0,0,65000,0.00,1754248000,'approved',0,0,NULL,NULL),
(519,'nhaisrfzc','',NULL,744317523,'BUY_SUB',43,0,0,109000,0.00,1754602592,'approved',0,0,NULL,NULL),
(520,'kEqvrUtCz','',NULL,7369066002,'BUY_SUB',3,0,0,99000,0.00,1754721451,'approved',0,0,NULL,NULL),
(521,'GJlTBkUYH','',NULL,5569887321,'BUY_SUB',43,0,0,109000,0.00,1754772661,'pending',0,0,NULL,NULL),
(522,'Y1glvJk2w','',NULL,7844436526,'BUY_SUB',42,0,0,69000,0.00,1754837318,'sent',0,0,NULL,NULL),
(523,'hJAM6DHM6','',NULL,7844436526,'BUY_SUB',44,0,0,139000,0.00,1754906727,'approved',0,0,NULL,NULL),
(524,'Bc8y53hOP','',NULL,61558673,'BUY_SUB',44,0,0,139000,0.00,1755166167,'pending',0,0,NULL,NULL),
(526,'OtAMqwlhB','',NULL,1790691070,'BUY_SUB',4,0,0,129000,0.00,1755277622,'approved',0,0,NULL,NULL),
(527,'9KfZx7F9X','',NULL,1790691070,'BUY_SUB',3,0,0,99000,0.00,1755280898,'approved',0,0,NULL,NULL),
(528,'aGWxkxWTO','',NULL,6812703261,'BUY_SUB',4,0,0,129000,0.00,1755346351,'approved',0,0,NULL,NULL),
(529,'RlDdyScZN','',NULL,7961417575,'BUY_SUB',2,0,0,65000,0.00,1755395675,'pending',0,0,NULL,NULL),
(530,'ycDKfHynu','',NULL,6234112517,'BUY_SUB',4,0,0,129000,0.00,1755638880,'approved',0,0,NULL,NULL),
(531,'EFI9dg8QW','',NULL,8324916439,'BUY_SUB',2,0,0,65000,0.00,1755775162,'approved',0,0,NULL,NULL),
(533,'rT8J2sRch','',NULL,6929877096,'BUY_SUB',42,0,0,69000,0.00,1755867456,'approved',0,0,NULL,NULL),
(534,'8hilLAAeJ',NULL,NULL,6812703261,'INCREASE_WALLET',0,0,0,340000,0.00,1756054369,'approved',0,0,NULL,NULL),
(535,'KdpxtTRUZ','',NULL,6812703261,'BUY_SUB',8,0,0,219000,0.00,1756054855,'paid_with_wallet',0,0,NULL,NULL),
(536,'qmIOBHCBw',NULL,NULL,676807927,'INCREASE_WALLET',0,0,0,100000,0.00,1756114789,'approved',0,0,NULL,NULL),
(537,'8ErDdGJDX','',NULL,676807927,'BUY_SUB',2,0,0,65000,0.00,1756114833,'paid_with_wallet',0,0,NULL,NULL),
(538,'D8ZaxB593',NULL,NULL,6812703261,'INCREASE_WALLET',0,0,0,110000,0.00,1756138057,'approved',0,0,NULL,NULL),
(539,'AHXOo5Kf9','',NULL,6812703261,'BUY_SUB',47,0,0,249000,0.00,1756138137,'paid_with_wallet',0,0,NULL,NULL),
(540,'wRIr2UvBH','',NULL,8324916439,'BUY_SUB',2,0,0,65000,0.00,1756140981,'approved',0,0,NULL,NULL),
(542,'3RZKsSs1X','',NULL,512526737,'BUY_SUB',2,0,0,65000,0.00,1756628947,'approved',0,0,NULL,NULL),
(543,'4SfBpM379','',NULL,1790691070,'BUY_SUB',4,0,0,139000,0.00,1756720775,'approved',0,0,NULL,NULL),
(544,'AH2ixyhYH','',NULL,1790691070,'BUY_SUB',4,0,0,139000,0.00,1756746994,'approved',0,0,NULL,NULL),
(545,'7TVGOth4H','',NULL,676807927,'BUY_SUB',2,0,0,65000,0.00,1757098556,'approved',0,0,NULL,NULL),
(546,'fvdDtCq16','',NULL,676807927,'BUY_SUB',2,0,0,65000,0.00,1757098669,'approved',0,0,NULL,NULL),
(547,'empV1r7Wy','',NULL,5746099034,'BUY_SUB',42,0,0,75000,0.00,1757230239,'pending',0,0,NULL,NULL),
(548,'4uGvfgXDQ','',NULL,7844436526,'BUY_SUB',47,0,0,269000,0.00,1757239742,'approved',0,0,NULL,NULL),
(549,'YxetR3MdC','',NULL,512526737,'BUY_SUB',2,0,0,65000,0.00,1757361852,'approved',0,0,NULL,NULL),
(550,'5QMB6ye6j','',NULL,6234112517,'BUY_SUB',4,0,0,139000,0.00,1757454538,'approved',0,0,NULL,NULL),
(552,'xE2dSF3r7','',NULL,5839789159,'BUY_SUB',2,0,0,65000,0.00,1757525244,'approved',0,0,NULL,NULL),
(554,'YHqjiA1jg',NULL,NULL,6812703261,'INCREASE_WALLET',0,0,0,220000,0.00,1758049831,'approved',0,0,NULL,NULL),
(555,'nhcxyqv69','',NULL,6812703261,'BUY_SUB',4,0,0,139000,0.00,1758050223,'paid_with_wallet',0,0,NULL,NULL),
(556,'2GbvIF4aq','',NULL,512526737,'BUY_SUB',4,0,0,139000,0.00,1758103628,'approved',0,0,NULL,NULL),
(558,'8n5vUPwtF',NULL,NULL,5839789159,'INCREASE_WALLET',0,0,0,65000,0.00,1758140514,'approved',0,0,NULL,NULL),
(560,'hHmEyy69E','',NULL,5839789159,'BUY_SUB',2,0,0,65000,0.00,1758171998,'paid_with_wallet',0,0,NULL,NULL),
(561,'FvKyqc8Tp','',NULL,1790691070,'BUY_SUB',3,0,0,115000,0.00,1758302275,'approved',0,0,NULL,NULL),
(562,'Qd9Sk3VHH','',NULL,6929877096,'BUY_SUB',42,0,0,75000,0.00,1758407148,'approved',0,0,NULL,NULL),
(564,'9vQQHMg3G','',NULL,5983519504,'BUY_SUB',42,0,0,75000,0.00,1758530832,'approved',0,0,NULL,NULL),
(565,'S4GWUJxkN','',NULL,1790691070,'BUY_SUB',4,0,0,139000,0.00,1758635798,'approved',0,0,NULL,NULL),
(566,'2CwbyrVrL','',NULL,5839789159,'BUY_SUB',3,0,0,115000,0.00,1758716312,'approved',0,0,NULL,NULL),
(567,'VAIAZO1jz','',NULL,6234112517,'BUY_SUB',4,0,0,139000,0.00,1758904002,'approved',0,0,NULL,NULL),
(569,'KFOzIKoHe','',NULL,676807927,'BUY_SUB',56,0,0,19900,0.00,1759460245,'approved',0,0,NULL,NULL),
(571,'inaQTjbMf','',NULL,512526737,'BUY_SUB',4,0,0,139000,0.00,1759464069,'approved',0,0,NULL,NULL),
(572,'oUOMGMje6','',NULL,1790691070,'BUY_SUB',4,0,0,139000,0.00,1759830487,'approved',0,0,NULL,NULL),
(573,'4oSxFMCRY',NULL,NULL,6812703261,'INCREASE_WALLET',0,0,0,190000,0.00,1759866309,'approved',0,0,NULL,NULL),
(574,'IEOpygr4s','',NULL,6812703261,'BUY_SUB',47,0,0,269000,0.00,1759875845,'paid_with_wallet',0,0,NULL,NULL),
(575,'iL8TXPg2s','',NULL,512526737,'BUY_SUB',4,0,0,139000,0.00,1759892800,'approved',0,0,NULL,NULL),
(576,'YNgiib2D6','',NULL,5566961640,'BUY_SUB',2,0,0,65000,0.00,1760551701,'approved',0,0,NULL,NULL),
(579,'XWIwNZxLM','',NULL,7901515361,'BUY_SUB',2,0,0,65000,0.00,1760555822,'approved',0,0,NULL,NULL),
(582,'TYTvhekJW','',NULL,5839789159,'BUY_SUB',2,0,0,65000,0.00,1760620855,'approved',0,0,NULL,NULL),
(584,'xvFJko7Ir','',NULL,6812703261,'BUY_SUB',3,0,0,115000,0.00,1760724962,'approved',0,0,NULL,NULL),
(585,'WomiaFFC2','',NULL,5566961640,'BUY_SUB',2,0,0,65000,0.00,1760980093,'approved',0,0,NULL,NULL),
(586,'v6zMZbHKE','',NULL,6929877096,'BUY_SUB',42,0,0,75000,0.00,1760995140,'approved',0,0,NULL,NULL),
(587,'fgV3ALz8w','',NULL,1790691070,'BUY_SUB',5,0,0,189000,0.00,1761065828,'approved',0,0,NULL,NULL),
(588,'2zHaomGIJ','',NULL,512526737,'BUY_SUB',4,0,0,139000,0.00,1761115339,'approved',0,0,NULL,NULL),
(589,'vkBZ36fOW','',NULL,586924831,'BUY_SUB',2,0,0,65000,0.00,1761163112,'approved',0,0,NULL,NULL),
(590,'E4FY9xPbx','',NULL,6234112517,'BUY_SUB',4,0,0,139000,0.00,1761227752,'approved',0,0,NULL,NULL),
(592,'lCsCHzMbw','',NULL,1374725698,'BUY_SUB',56,0,0,19900,0.00,1761818145,'approved',0,0,NULL,NULL),
(593,'z61ID1Axk',NULL,NULL,6812703261,'INCREASE_WALLET',0,0,0,360000,0.00,1761818746,'approved',0,0,NULL,NULL),
(594,'Zu1OhrGOM','',NULL,6812703261,'BUY_SUB',8,0,0,249000,0.00,1761818932,'paid_with_wallet',0,0,NULL,NULL),
(597,'sDZp14N2k','',NULL,121094883,'BUY_SUB',2,0,0,65000,0.00,1761850322,'approved',0,0,NULL,NULL),
(599,'8UBPSnDxK','',NULL,5983519504,'BUY_SUB',3,0,0,115000,0.00,1762165297,'approved',0,0,NULL,NULL),
(601,'AC5YvkJUK','',NULL,1068732821,'BUY_SUB',3,0,0,80500,0.00,1762166366,'approved',0,0,NULL,NULL),
(602,'OowzcEND2','',NULL,5566961640,'BUY_SUB',2,0,0,65000,0.00,1762193918,'approved',0,0,NULL,NULL),
(603,'6c8LNZYPc','',NULL,6234112517,'BUY_SUB',4,0,0,139000,0.00,1762369444,'approved',0,0,NULL,NULL),
(604,'5ZrcATnkn','',NULL,5566961640,'BUY_SUB',2,0,0,65000,0.00,1762378990,'approved',0,0,NULL,NULL),
(605,'jjTGopi6h','',NULL,512526737,'BUY_SUB',4,0,0,139000,0.00,1762420489,'approved',0,0,NULL,NULL),
(608,'uby8MXBIM','',NULL,1068732821,'BUY_SUB',3,0,0,80500,0.00,1762502192,'pending',0,0,NULL,NULL),
(609,'IHF9ZYA17','',NULL,7844436526,'BUY_SUB',45,0,0,229000,0.00,1762546270,'approved',0,0,NULL,NULL),
(610,'gs2NYeT9k','',NULL,1790691070,'BUY_SUB',5,0,0,189000,0.00,1762584785,'pending',0,0,NULL,NULL),
(612,'BlU527QIN','',NULL,7129955051,'BUY_SUB',43,0,0,135000,0.00,1762600811,'approved',0,0,NULL,NULL),
(613,'Eo9aQcupI','',NULL,1374725698,'BUY_SUB',58,0,0,19900,0.00,1762621029,'approved',0,0,NULL,NULL),
(614,'EpIpVMvot','',NULL,5566961640,'BUY_SUB',2,0,0,65000,0.00,1762713525,'approved',0,0,NULL,NULL),
(617,'dH2gKnQ7H','',NULL,742761532,'BUY_SUB',3,0,0,115000,0.00,1762962598,'approved',0,0,NULL,NULL);

--
-- Table structure for table `send_list`
--

CREATE TABLE `send_list` (
  `id` int(11) NOT NULL AUTO_INCREMENT,
  `offset` int(11) NOT NULL DEFAULT 0,
  `type` varchar(20) NOT NULL,
  `text` text CHARACTER SET utf8mb4 COLLATE utf8mb4_bin DEFAULT NULL,
  `chat_id` bigint(20) DEFAULT NULL,
  `message_id` int(11) DEFAULT NULL,
  `file_id` varchar(500) DEFAULT NULL,
  `state` int(11) NOT NULL DEFAULT 0,
  PRIMARY KEY (`id`)
) ENGINE=InnoDB DEFAULT CHARSET=utf8mb4 COLLATE=utf8mb4_0900_ai_ci;

--
-- Dumping data for table `send_list`
--


--
-- Table structure for table `server_categories`
--

CREATE TABLE `server_categories` (
  `id` int(11) NOT NULL AUTO_INCREMENT,
  `server_id` varchar(20) NOT NULL,
  `title` varchar(50) NOT NULL,
  `parent` int(11) NOT NULL DEFAULT 0,
  `step` int(11) NOT NULL,
  `active` int(11) NOT NULL DEFAULT 0,
  PRIMARY KEY (`id`)
) ENGINE=MyISAM AUTO_INCREMENT=8 DEFAULT CHARSET=utf8mb4 COLLATE=utf8mb4_persian_ci;

--
-- Dumping data for table `server_categories`
--

INSERT INTO `server_categories` VALUES
(1,'0','🔷 اشتراک های یک ماهه 🔷',0,4,1),
(2,'0','🔷 اشتراک های دو ماهه 🔷',0,4,1),
(7,'0','ساخت پلن دلخواه ♻️',0,4,1);

--
-- Table structure for table `server_info`
--

CREATE TABLE `server_info` (
  `id` int(11) NOT NULL AUTO_INCREMENT,
  `title` varchar(200) CHARACTER SET utf8mb4 COLLATE utf8mb4_bin NOT NULL,
  `ucount` varchar(20) CHARACTER SET latin1 COLLATE latin1_swedish_ci NOT NULL,
  `remark` varchar(100) NOT NULL,
  `flag` varchar(100) NOT NULL,
  `active` int(11) NOT NULL DEFAULT 0,
  `state` int(11) NOT NULL DEFAULT 1,
  PRIMARY KEY (`id`)
) ENGINE=MyISAM AUTO_INCREMENT=12 DEFAULT CHARSET=utf8mb4 COLLATE=utf8mb4_persian_ci;

--
-- Dumping data for table `server_info`
--

INSERT INTO `server_info` VALUES
(1,'سرویس اشتراکی CIP 🔴','355','CIP','🔴',1,1),
(2,'سرویس اختصاصی VIP 🟢','936','VIP','🟢',1,1);

--
-- Table structure for table `server_plans`
--

CREATE TABLE `server_plans` (
  `id` int(11) NOT NULL AUTO_INCREMENT,
  `fileid` varchar(250) NOT NULL,
  `catid` int(11) NOT NULL,
  `server_id` int(11) NOT NULL,
  `inbound_id` int(11) NOT NULL DEFAULT 0,
  `acount` bigint(20) NOT NULL,
  `limitip` int(11) NOT NULL DEFAULT 1,
  `title` varchar(150) NOT NULL,
  `protocol` varchar(100) NOT NULL,
  `days` float NOT NULL,
  `volume` float NOT NULL,
  `type` varchar(50) NOT NULL,
  `price` int(11) NOT NULL,
  `descr` text NOT NULL,
  `pic` varchar(100) NOT NULL,
  `active` int(11) NOT NULL DEFAULT 0,
  `step` int(11) NOT NULL,
  `date` varchar(50) NOT NULL,
  `rahgozar` int(11) DEFAULT 0,
  `dest` varchar(1000) CHARACTER SET utf8mb4 COLLATE utf8mb4_bin DEFAULT NULL,
  `serverNames` text CHARACTER SET utf8mb4 COLLATE utf8mb4_bin DEFAULT NULL,
  `spiderX` varchar(500) DEFAULT NULL,
  `flow` varchar(50) DEFAULT 'None',
  `custom_path` int(11) DEFAULT 1,
  `custom_port` int(11) NOT NULL DEFAULT 0,
  `custom_sni` varchar(500) DEFAULT NULL,
  PRIMARY KEY (`id`)
) ENGINE=MyISAM AUTO_INCREMENT=65 DEFAULT CHARSET=utf8mb4 COLLATE=utf8mb4_persian_ci;

--
-- Dumping data for table `server_plans`
--

INSERT INTO `server_plans` VALUES
(2,'',1,1,18,993,0,'🔶 یک ماهه 10 گیگ','vless',30,10,'tcp',65000,'✅ متصل روی تمامی اوپراتور ها','',1,10,'1725635807',0,NULL,NULL,NULL,'None',1,0,NULL),
(3,'',1,1,18,942,0,'🔶 یک ماهه 20 گیگ','vless',30,20,'tcp',115000,'✅ متصل روی تمامی اوپراتور ها \n1️⃣ ایرانسل\n2️⃣ همراه اول\n3️⃣ مخابرات\n4⃣ شاتل \n\n♻️ تنها با یک سرور ♻️','',1,10,'1725635857',0,NULL,NULL,NULL,'None',1,0,NULL),
(4,'',1,1,18,7974,0,'🔶 یک ماهه 30 گیگ','vless',30,30,'tcp',139000,'✅ متصل روی تمامی اوپراتور ها \n1️⃣ ایرانسل\n2️⃣ همراه اول\n3️⃣ مخابرات\n4⃣ شاتل \n\n♻️ تنها با یک سرور ♻️','',1,10,'1725636122',0,NULL,NULL,NULL,'None',1,0,NULL),
(5,'',1,1,18,996,0,'🔶 یک ماهه 50 گیگ','vless',30,50,'tcp',189000,'✅ متصل روی تمامی اوپراتور ها \n1️⃣ ایرانسل\n2️⃣ همراه اول\n3️⃣ مخابرات\n4⃣ شاتل \n\n♻️ تنها با یک سرور ♻️','',1,10,'1725636174',0,NULL,NULL,NULL,'None',1,0,NULL),
(7,'',1,1,18,999,0,'🔶 یک ماهه 100 گیگ','vless',30,100,'tcp',299000,'✅ متصل روی تمامی اوپراتور ها','',1,10,'1725636240',0,NULL,NULL,NULL,'None',1,0,NULL),
(8,'',2,1,18,991,0,'🔶 دو ماهه 50 گیگ','vless',60,50,'tcp',249000,'✅ متصل روی تمامی اوپراتور ها','',1,10,'1725636281',0,NULL,NULL,NULL,'None',1,0,NULL),
(9,'',2,1,18,1000,0,'🔶 دو ماهه 100 گیگ','vless',60,100,'tcp',369000,'✅ متصل روی تمامی اوپراتور ها','',1,10,'1725636377',0,NULL,NULL,NULL,'None',1,0,NULL),
(10,'',2,1,18,1000,0,'🔶 دو ماهه 150 گیگ','vless',60,150,'tcp',469000,'✅ متصل روی تمامی اوپراتور ها','',1,10,'1725636443',0,NULL,NULL,NULL,'None',1,0,NULL),
(48,'',2,2,18,1000,0,'♦️ دو ماهه 100 گیگ','vless',60,100,'tcp',389000,'متصل روی تمامی اوپراتور ها ❇️','',1,10,'1742241684',0,NULL,NULL,NULL,'None',1,0,NULL),
(49,'',2,2,18,1000,0,'♦️ دو ماهه 150 گیگ','vless',60,150,'tcp',545000,'متصل روی تمامی اوپراتور ها ❇️','',1,10,'1742241743',0,NULL,NULL,NULL,'None',1,0,NULL),
(47,'',2,2,18,987,0,'♦️ دو ماهه 50 گیگ','vless',60,50,'tcp',289000,'متصل روی تمامی اوپراتور ها ❇️','',1,10,'1742241529',0,NULL,NULL,NULL,'None',1,0,NULL),
(37,'',1,4,154,1000,0,'🔹 یک‌ماهه 10 گیگ 🔹','vless',30,10,'tcp',35000,'✅ متصل روی تمامی اوپراتور ها','',1,10,'1728373205',0,NULL,NULL,NULL,'None',1,0,NULL),
(43,'',1,2,18,7990,0,'♦️ یک ماهه 20 گیگ','vless',30,20,'tcp',135000,'متصل روی تمامی اوپراتور ها ❇️','',1,10,'1742241029',0,NULL,NULL,NULL,'None',1,0,NULL),
(42,'',1,2,18,980,0,'♦️ یک ماهه 10 گیگ','vless',30,10,'tcp',75000,'متصل روی تمامی اوپراتور ها ❇️','',1,10,'1742240841',0,NULL,NULL,NULL,'None',1,0,NULL),
(44,'',1,2,18,19997,0,'♦️ یک ماهه 30 گیگ','vless',30,30,'tcp',169000,'متصل روی تمامی اوپراتور ها ❇️','',1,10,'1742241158',0,NULL,NULL,NULL,'None',1,0,NULL),
(45,'',1,2,18,997,0,'♦️ یک ماهه 50 گیگ','vless',30,50,'tcp',229000,'متصل روی تمامی اوپراتور ها ❇️','',1,10,'1742241247',0,NULL,NULL,NULL,'None',1,0,NULL),
(46,'',1,2,18,1000,0,'♦️ یک ماهه 100 گیگ','vless',30,100,'tcp',345000,'متصل روی تمامی اوپراتور ها ❇️','',1,10,'1742241309',0,NULL,NULL,NULL,'None',1,0,NULL),
(53,'',1,8,18,65,0,'hg','vless',666,5,'tcp',600000,'fh','',1,10,'1750143167',0,NULL,NULL,NULL,'None',1,0,NULL),
(63,'',7,11,18,6,0,'رفتن ب پلن دلخواه','vless',3,3,'tcp',0,'x','',1,10,'1762146335',0,NULL,NULL,NULL,'None',1,0,NULL),
(58,'',1,2,18,999,0,'🛜 اکانت هفتگی اقتصادی','vless',7,3,'tcp',19900,'📈 حجم کل 3 گیگابایت','',1,10,'1761818887',0,NULL,NULL,NULL,'None',1,0,NULL),
(57,'',1,1,18,1000,0,'🛜 اکانت هفتگی اقتصادی','vless',7,3,'tcp',19900,'📈 حجم کل 3 گیگابایت','',1,10,'1761818773',0,NULL,NULL,NULL,'None',1,0,NULL),
(62,'',7,11,18,1000,0,'ساخت پلن دلخواه ♻️','vless',1,1,'tcp',0,'ساخت پلن دلخواه ♻️','',1,10,'1762146239',0,NULL,NULL,NULL,'None',1,0,NULL);

--
-- Table structure for table `setting`
--

CREATE TABLE `setting` (
  `id` int(11) NOT NULL AUTO_INCREMENT,
  `type` varchar(5000) CHARACTER SET utf8mb4 COLLATE utf8mb4_bin NOT NULL,
  `value` text CHARACTER SET utf8mb4 COLLATE utf8mb4_bin NOT NULL,
  PRIMARY KEY (`id`)
) ENGINE=InnoDB AUTO_INCREMENT=39 DEFAULT CHARSET=latin1 COLLATE=latin1_swedish_ci;

--
-- Dumping data for table `setting`
--

INSERT INTO `setting` VALUES
(1,'TICKETS_CATEGORY','شکایت'),
(2,'INVITE_BANNER_AMOUNT','3000'),
(3,'INVITE_BANNER_TEXT','{\"type\":\"photo\",\"caption\":\"ud83dudd30u0628u0631u062au0631u06ccu0646 u0648 u0628u0647u062au0631u06ccu0646 u0631u0628u0627u062a vpn u0628u0627 u06a9u0627u0646u06a9u0634u0646 u0647u0627u06cc u0631u0627u06ccu06afu0627u0646\nu2705 u062du062au0645u0627 u0639u0636u0648 u0631u0628u0627u062a u0628u0634u06ccu062f u0648 u0627u0632 u062au062eu0641u06ccu0641 u0647u0627u06cc u0648u06ccu0698u0647 u0644u0630u062a u0628u0628u0631u06ccu0646\n\nud83dudd17 LINK\",\"file_id\":\"AgACAgQAAxkBAAJRKWRtX3wObRa3qAR_gkJgyKDdkHZsAAKAuzEbRaBpU3QQ2kLLt7MVAQADAgADeAADLwQ\"}'),
(4,'PAYMENT_KEYS','{\"nowpayment\":\"cccc-cccc-cccc-cccc\",\"zarinpal\":\"aaaa-aaaa-aaaa-aaaa\",\"nextpay\":\"bbbb-bbbb-bbbb-bbbb\",\"bankAccount\":\"6219861995306015\",\"holderName\":\"\\u0633\\u062c\\u0627\\u062f \\u0642\\u0627\\u0636\\u06cc\\n\\n#\\u0633\\u0627\\u0639\\u0627\\u062a_\\u062a\\u0627\\u06cc\\u06cc\\u062f_\\u062a\\u0631\\u0627\\u06a9\\u0646\\u0634 \\ud83d\\udc47\\n10:00 \\u0627\\u0644\\u06cc 14:00\\n17:00 \\u0627\\u0644\\u06cc 23:00\"}'),
(5,'BOT_STATES','{\"requirePhone\":\"off\",\"requireIranPhone\":\"off\",\"sellState\":\"on\",\"botState\":\"on\",\"searchState\":\"on\",\"rewaredTime\":\"3\",\"cartToCartState\":\"on\",\"nextpay\":\"off\",\"zarinpal\":\"off\",\"nowPaymentWallet\":\"off\",\"nowPaymentOther\":\"off\",\"walletState\":\"on\",\"rewardChannel\":\"@wizwizdev\",\"lockChannel\":\"@wizwizch\",\"changeProtocolState\":null,\"renewAccountState\":null,\"switchLocationState\":\"off\",\"increaseTimeState\":\"off\",\"increaseVolumeState\":\"off\",\"gbPrice\":\"2000\",\"dayPrice\":\"1500\",\"subLinkState\":\"off\",\"plandelkhahState\":\"off\",\"weSwapState\":\"off\",\"updateConfigLinkState\":\"off\",\"testAccount\":\"off\",\"updateConnectionState\":\"site\",\"qrConfigState\":\"on\",\"USDRate\":0.34,\"TRXRate\":39703.25,\"rateLimit\":1759989243,\"lastRewardMessage\":1759992841,\"cartToCartAutoAcceptState\":\"off\",\"cartToCartAutoAcceptTime\":\"3\",\"cartToCartAutoAcceptType\":\"2\",\"agencyState\":\"off\"}'),
(37,'MAIN_BUTTONS🔸 اکانت تست قبل از خرید 🔸','✅ دریافت از طریق ربات زیر 👇\n\n @test_config20_bot');

--
-- Table structure for table `users`
--

CREATE TABLE `users` (
  `id` int(11) NOT NULL AUTO_INCREMENT,
  `userid` varchar(40) NOT NULL,
  `name` varchar(100) NOT NULL,
  `username` varchar(100) NOT NULL,
  `refcode` varchar(50) NOT NULL,
  `wallet` int(11) NOT NULL DEFAULT 0,
  `date` varchar(50) NOT NULL,
  `phone` varchar(15) DEFAULT NULL,
  `refered_by` bigint(20) DEFAULT NULL,
  `step` varchar(1000) CHARACTER SET utf8mb4 COLLATE utf8mb4_general_ci NOT NULL DEFAULT 'none',
  `freetrial` varchar(10) DEFAULT NULL,
  `isAdmin` tinyint(1) NOT NULL DEFAULT 0,
  `first_start` varchar(10) DEFAULT NULL,
  `temp` text CHARACTER SET utf8mb4 COLLATE utf8mb4_bin DEFAULT NULL,
  `is_agent` int(11) NOT NULL DEFAULT 0,
  `discount_percent` varchar(1000) CHARACTER SET utf8mb4 COLLATE utf8mb4_bin DEFAULT NULL,
  `agent_date` int(11) NOT NULL DEFAULT 0,
  `spam_info` varchar(500) DEFAULT NULL,
  PRIMARY KEY (`id`)
) ENGINE=MyISAM AUTO_INCREMENT=162 DEFAULT CHARSET=utf8mb4 COLLATE=utf8mb4_persian_ci;

--
-- Dumping data for table `users`
--

INSERT INTO `users` VALUES
(1,'586924831','𝒈𝒉𝒂𝒛𝒊','sajad_ghazi','0',59000,'1725634452',NULL,NULL,'none','used',0,NULL,'',0,NULL,0,'{\"count\":1,\"date\":1761190596}'),
(2,'6642620949','..',' ندارد ','0',0,'1725651981',NULL,NULL,'banned',NULL,0,NULL,'',0,NULL,0,'{\"count\":7,\"date\":1730571181}'),
(3,'676807927','s',' ندارد ','0',105000,'1725652261',NULL,NULL,'none',NULL,0,'sent','',0,NULL,0,'{\"count\":8,\"date\":1760603337}'),
(4,'153518275','Reza','opatan_tire','0',0,'1725664969',NULL,NULL,'banned',NULL,0,NULL,'',0,NULL,0,'{\"count\":1,\"date\":1751986001}'),
(5,'1790691070','M',' ندارد ','0',0,'1725732252',NULL,NULL,'none',NULL,0,NULL,'',0,NULL,0,'{\"count\":2,\"date\":1762890206}'),
(6,'744317523','moeinian🌙','AFATEMEA','0',0,'1725812558',NULL,NULL,'none',NULL,0,'sent','',0,NULL,0,'{\"count\":3,\"date\":1755610915}'),
(9,'1303130406','Mobile','Alphaplus_marand','0',0,'1726086787',NULL,NULL,'none',NULL,0,NULL,'',0,NULL,0,'{\"count\":2,\"date\":1737886050}'),
(7,'6298606714','حسن',' ندارد ','0',0,'1725828360',NULL,NULL,'none',NULL,0,'sent','',0,NULL,0,'{\"count\":1,\"date\":1750189059}'),
(8,'5566961640','Haniyeh',' ندارد ','0',0,'1725967885',NULL,NULL,'none',NULL,0,'sent','',0,NULL,0,'{\"count\":1,\"date\":1762713660}'),
(90,'456832481','Mohammad','MRrajaby','0',0,'1749983434',NULL,NULL,'none',NULL,0,'sent','',0,NULL,0,'{\"count\":2,\"date\":1751199878}'),
(71,'7885248523','SEPI',' ندارد ','0',0,'1742633877',NULL,NULL,'none',NULL,0,'sent','',0,NULL,0,'{\"count\":1,\"date\":1742633944}'),
(66,'5495201244','𐎸𐎿𐎫𐎳𐎠','Gangester_m','0',0,'1740084930',NULL,NULL,'none',NULL,0,'sent','',0,NULL,0,'{\"count\":2,\"date\":1740085108}'),
(21,'5830501440','سامان',' ندارد ','0',0,'1727466232',NULL,NULL,'searchMyConfig',NULL,0,'sent','',0,NULL,0,'{\"count\":1,\"date\":1728472031}'),
(10,'40621361','Hôšêîn..Vmpîřê👹','HoseinVmpire','0',1000,'1726094111',NULL,NULL,'none',NULL,0,'sent','',0,NULL,0,'{\"count\":2,\"date\":1750100914}'),
(11,'5839789159','nadia',' ندارد ','0',0,'1726171783',NULL,NULL,'none',NULL,0,'sent','',0,NULL,0,'{\"count\":6,\"date\":1760620907}'),
(12,'6812703261','M_hosseinn','M_hosseinn','0',115000,'1726227228',NULL,NULL,'none',NULL,0,'sent','{\n    \"id\": 18,\n    \"remark\": \"VIP-6812703261-34358\",\n    \"uuid\": \"b56ab156-c572-4fc6-882b-e2cbfc214150\"\n}',0,NULL,0,'{\"count\":4,\"date\":1762893505}'),
(67,'6183653873','AMIR','jjgvvgg','0',0,'1740506444',NULL,NULL,'none',NULL,0,'sent','',0,NULL,0,'{\"count\":2,\"date\":1740560440}'),
(43,'6350676547','Me_mood_85🖤','Me_abodazl_85','0',0,'1734202018',NULL,NULL,'payWithCartToCartYIi3MTe3Z',NULL,0,'sent','',0,NULL,0,'{\"count\":7,\"date\":1741422946}'),
(15,'5559020043','طاها',' ندارد ','0',0,'1726593115',NULL,NULL,'none',NULL,0,'sent','',0,NULL,0,'{\"count\":2,\"date\":1726593175}'),
(13,'6843030613','.','Ghs_1386','0',0,'1726399222',NULL,NULL,'none',NULL,0,'sent','',0,NULL,0,'{\"count\":1,\"date\":1757410243}'),
(14,'5983519504','Nazi','Nazanin_iiz','0',0,'1726577667',NULL,NULL,'none',NULL,0,'sent','',0,NULL,0,'{\"count\":3,\"date\":1762165433}'),
(16,'6558647516','Mahdi','mahdi_mqsudlo','0',0,'1726596637',NULL,NULL,'none',NULL,0,'sent','',0,NULL,0,'{\"count\":1,\"date\":1726596697}'),
(17,'92630365','єรเ ๓๏ภเгเ','EsmailMoniri','0',0,'1726631361',NULL,NULL,'none',NULL,0,'sent','',0,NULL,0,'{\"count\":1,\"date\":1731874287}'),
(18,'6338761514','hosein','hosein11991','0',0,'1726771926',NULL,NULL,'none',NULL,0,NULL,'',0,NULL,0,'{\"count\":1,\"date\":1727795142}'),
(19,'571051726','🎩JAVADSARVI🎩','Cgv147','0',0,'1726826781',NULL,NULL,'none',NULL,0,'sent','',0,NULL,0,'{\"count\":4,\"date\":1726826841}'),
(20,'6234112517','فاطمه',' ندارد ','0',0,'1727048431',NULL,NULL,'none',NULL,0,'sent','',0,NULL,0,'{\"count\":1,\"date\":1762369580}'),
(82,'811019047','ᴬʳˢʰⁱᵃ','arshiadorj','0',0,'1745711072',NULL,NULL,'none',NULL,0,'sent','',0,NULL,0,NULL),
(28,'6491127620','Mahdy','Mahdy_skd','0',0,'1728132712',NULL,NULL,'none',NULL,0,'sent','',0,NULL,0,'{\"count\":5,\"date\":1753548089}'),
(22,'6130016222','🫠CAT🫠','YALOHA1','0',0,'1727522404',NULL,NULL,'none',NULL,0,'sent','',0,NULL,0,'{\"count\":4,\"date\":1750743757}'),
(103,'7040881334','🄼🄰🄷🄼🄰🄳🅁🄴🅉🄰','mahmadreza_2173','0',0,'1750829600',NULL,NULL,'none',NULL,0,'sent','',0,NULL,0,'{\"count\":1,\"date\":1750829660}'),
(25,'1389818935','👑💞 hamed💞👑','hamed_turk402','0',0,'1728054313',NULL,NULL,'none',NULL,0,'sent','',0,NULL,0,'{\"count\":3,\"date\":1741812778}'),
(23,'5530349125','s','hiiiighhr','0',0,'1727806651',NULL,NULL,'none',NULL,0,'sent','',0,NULL,0,'{\"count\":2,\"date\":1727806833}'),
(24,'197065599','.','SRHOJAT','0',0,'1727995505',NULL,NULL,'none',NULL,0,'sent','',0,NULL,0,'{\"count\":6,\"date\":1727995566}'),
(26,'6929877096','مهدی',' ندارد ','0',0,'1728072600',NULL,NULL,'none',NULL,0,'sent','',0,NULL,0,'{\"count\":1,\"date\":1760995375}'),
(68,'7844436526','DIMO',' ندارد ','0',0,'1740511799',NULL,NULL,'none',NULL,0,'sent','',0,NULL,0,'{\"count\":2,\"date\":1762546384}'),
(27,'1654653518','سهراب','sam20000000000','0',0,'1728074267',NULL,NULL,'showAccount',NULL,0,'sent','',0,NULL,0,'{\"count\":2,\"date\":1728332859}'),
(29,'123265632','AJ','AlienAilord','0',0,'1728141218',NULL,NULL,'none',NULL,0,'sent','',0,NULL,0,'{\"count\":1,\"date\":1758225034}'),
(30,'7094836600','Mohamad',' ندارد ','0',0,'1728238254',NULL,NULL,'none',NULL,0,'sent','',0,NULL,0,'{\"count\":1,\"date\":1728238315}'),
(31,'6236309032','Mohammad',' ندارد ','0',0,'1728807018',NULL,NULL,'payCustomWithCartToCarta5HSvyezk',NULL,0,'sent','',0,NULL,0,'{\"count\":2,\"date\":1728807163}'),
(32,'6614376221','Ahmad',' ندارد ','0',0,'1729177571',NULL,NULL,'none',NULL,0,'sent','',0,NULL,0,'{\"count\":2,\"date\":1729178020}'),
(33,'6833620748','سجاد','Sajadrshakib','0',0,'1729267787',NULL,NULL,'increaseMyWallet',NULL,0,'sent','',0,NULL,0,'{\"count\":2,\"date\":1731774124}'),
(34,'6048775454','shadmehr','shadmehr299','0',0,'1729449780',NULL,NULL,'none',NULL,0,'sent','',0,NULL,0,'{\"count\":4,\"date\":1729450572}'),
(35,'7431325211','shadmehr','Nejatii87','0',0,'1729450495',NULL,NULL,'none',NULL,0,'sent','',0,NULL,0,'{\"count\":2,\"date\":1729450556}'),
(36,'6141732771','♥♥','Fxsghgty','0',0,'1729455306',NULL,NULL,'none',NULL,0,'sent','',0,NULL,0,'{\"count\":2,\"date\":1729455455}'),
(37,'5044460170','akbari اکبری','PrincessArmyha12','0',0,'1730717711',NULL,NULL,'none',NULL,0,'sent','',0,NULL,0,'{\"count\":1,\"date\":1730724456}'),
(38,'1700532725','.',' ندارد ','0',0,'1730809126',NULL,NULL,'none',NULL,0,'sent','',0,NULL,0,'{\"count\":2,\"date\":1750842442}'),
(39,'103923897',';-)','Sharareh1374','0',0,'1732134495',NULL,NULL,'none',NULL,0,'sent','',0,NULL,0,'{\"count\":1,\"date\":1733158266}'),
(40,'708472595','◔͜͡◔ yalda ◔͜͡◔',' ندارد ','0',0,'1732471178',NULL,NULL,'none',NULL,0,'sent','',0,NULL,0,'{\"count\":5,\"date\":1732471239}'),
(41,'7884477941','...','Hollow_oo','0',0,'1733076542',NULL,NULL,'none',NULL,0,'sent','',0,NULL,0,'{\"count\":10,\"date\":1733076602}'),
(42,'428342432','💎Flora 💎','Flora_ghp','0',0,'1733249566',NULL,NULL,'none',NULL,0,NULL,'',0,NULL,0,'{\"count\":3,\"date\":1733249631}'),
(44,'6226414650','پشتیبانی سایت پنلان','Panelan_supp','0',0,'1734229404',NULL,NULL,'none',NULL,0,'sent','',0,NULL,0,'{\"count\":8,\"date\":1734229527}'),
(45,'7434173706','hamed',' ندارد ','0',0,'1734461583',NULL,NULL,'none',NULL,0,'sent','',0,NULL,0,'{\"count\":1,\"date\":1734461643}'),
(46,'6981546377','amir','amirh1385msh','0',0,'1734525152',NULL,NULL,'none',NULL,0,'sent','',0,NULL,0,'{\"count\":1,\"date\":1734531400}'),
(47,'1773927646','street','Game_ps4_ir','0',0,'1734616510',NULL,NULL,'none',NULL,0,'sent','',0,NULL,0,'{\"count\":2,\"date\":1734616570}'),
(48,'363500788','AB','pishgu','0',0,'1735267109',NULL,NULL,'none',NULL,0,'sent','',0,NULL,0,'{\"count\":5,\"date\":1735267173}'),
(49,'5143075927','Kkkk',' ندارد ','0',0,'1735864283',NULL,NULL,'none',NULL,0,NULL,'',0,NULL,0,NULL),
(50,'1610297124','zzzZZzzzz',' ندارد ','0',0,'1736167266',NULL,NULL,'none',NULL,0,NULL,'',0,NULL,0,NULL),
(51,'6911451893','عرفان',' ندارد ','0',0,'1736232013',NULL,NULL,'none',NULL,0,'sent','',0,NULL,0,'{\"count\":2,\"date\":1736360932}'),
(53,'6525992237','•𝓐𝓶𝓲𝓻 𝔃𝓸𝓱𝓻𝓮𝓿𝓪𝓷𝓭 •','amirhsin13877','0',0,'1737021491',NULL,NULL,'none',NULL,0,'sent','',0,NULL,0,'{\"count\":9,\"date\":1749917145}'),
(52,'5805063980','Mahd.i.s','Mahdisamadi15','0',0,'1736797137',NULL,NULL,'payWithCartToCartZyzAeJrL5',NULL,0,NULL,'',0,NULL,0,'{\"count\":6,\"date\":1736797332}'),
(54,'6968822287','amir',' ندارد ','0',0,'1737176516',NULL,NULL,'none',NULL,0,'sent','',0,NULL,0,'{\"count\":1,\"date\":1749917554}'),
(55,'618015121','Ahmadi.masoome',' ندارد ','0',0,'1737559515',NULL,NULL,'none',NULL,0,'sent','',0,NULL,0,'{\"count\":1,\"date\":1737821007}'),
(56,'6067393611','Soheil','Soheil_sh_0378','0',0,'1737810768',NULL,NULL,'none',NULL,0,'sent','',0,NULL,0,'{\"count\":4,\"date\":1737810828}'),
(57,'7065670977','فاطمه','fatemehbarkhordari7920','0',0,'1737995553',NULL,NULL,'none',NULL,0,'sent','',0,NULL,0,'{\"count\":2,\"date\":1737995613}'),
(58,'1521650190','N','nimajafarpour','0',0,'1738069710',NULL,NULL,'none',NULL,0,'sent','',0,NULL,0,'{\"count\":3,\"date\":1738449753}'),
(59,'6355796446','𝓟𝓪𝓻𝓼𝓪','parsaaria1390','0',0,'1738320777',NULL,NULL,'none',NULL,0,'sent','',0,NULL,0,'{\"count\":2,\"date\":1738779384}'),
(60,'6767132612','Ayda 🐾','aydadelaviz','0',0,'1738449457',NULL,NULL,'none',NULL,0,'sent','',0,NULL,0,'{\"count\":2,\"date\":1738449694}'),
(61,'6898883126','ParsVPN ADMIN','ParsVPNSupport','0',0,'1738788606',NULL,NULL,'none',NULL,0,'sent','',0,NULL,0,'{\"count\":2,\"date\":1739274887}'),
(62,'6478671499','ZIRO','ILI_MIZO','0',0,'1738832114',NULL,NULL,'none',NULL,0,'sent','',0,NULL,0,'{\"count\":9,\"date\":1738832179}'),
(63,'7992404590','𝑺𝒉𝒂𝒅𝒐𝒘','','0',0,'1738840444',NULL,NULL,'none',NULL,0,'sent','',0,NULL,0,'{\"count\":4,\"date\":1738946102}'),
(64,'6903584031','Mohamad','mmad_bq','0',0,'1739024750',NULL,NULL,'none',NULL,0,'sent','',0,NULL,0,NULL),
(65,'7166742806','علی',' ندارد ','0',0,'1739051355',NULL,NULL,'payWithCartToCartUaNMPnckP',NULL,0,'sent','',0,NULL,0,'{\"count\":7,\"date\":1747733958}'),
(70,'5604147265','Mohammad.Gh',' ندارد ','0',0,'1741124618',NULL,NULL,'none',NULL,0,'sent','',0,NULL,0,'{\"count\":4,\"date\":1762431001}'),
(69,'6720508226','Mosareza💔',' ندارد ','0',0,'1740853852',NULL,NULL,'increaseMyWallet',NULL,0,'sent','',0,NULL,0,'{\"count\":1,\"date\":1743663154}'),
(72,'7269984760','ℙ𝕒𝕣𝕤𝕒','parsaAmooi2_support','0',0,'1742662699',NULL,NULL,'none',NULL,0,'sent','',0,NULL,0,'{\"count\":1,\"date\":1757623185}'),
(73,'7013822981','𝗦𝗘𝗣𝗜𝗗𝗘🍋','Unicornsepi','0',0,'1742714659',NULL,NULL,'none',NULL,0,'sent','',0,NULL,0,'{\"count\":2,\"date\":1743282018}'),
(81,'8181325239','𝑺𝒉𝒂𝒅𝒐𝒘シ',' ندارد ','0',0,'1745231251',NULL,NULL,'none',NULL,0,'sent','',0,NULL,0,'{\"count\":1,\"date\":1752389940}'),
(74,'7523695427','Xnzayrpcad','dryteuiop','0',0,'1742883429',NULL,NULL,'none',NULL,0,'sent','',0,NULL,0,NULL),
(75,'7264189400','MSK',' ندارد ','0',0,'1743197870',NULL,NULL,'none',NULL,0,'sent','',0,NULL,0,'{\"count\":11,\"date\":1750589054}'),
(77,'7704921825','Ebi',' ندارد ','0',0,'1744145612',NULL,NULL,'none',NULL,0,'sent','',0,NULL,0,'{\"count\":4,\"date\":1745446276}'),
(83,'7655986028','پشتیبانی ربات نمایندگی','irluckss','0',0,'1746958714',NULL,NULL,'none',NULL,0,'sent','',0,NULL,0,'{\"count\":9,\"date\":1748742939}'),
(76,'7354586679','Mohsen',' ندارد ','0',0,'1744129268',NULL,NULL,'none',NULL,0,'sent','',0,NULL,0,'{\"count\":1,\"date\":1746856416}'),
(78,'6034358584','719870',' ندارد ','0',0,'1744708295',NULL,NULL,'payWithCartToCartnMsOGUVke',NULL,0,'sent','',0,NULL,0,'{\"count\":2,\"date\":1744797675}'),
(79,'483386460','🅰🆁🅴🅵','Arefhamid7','0',0,'1744883978',NULL,NULL,'none',NULL,0,NULL,'',0,NULL,0,'{\"count\":8,\"date\":1748460158}'),
(80,'5216667926','Lin',' ندارد ','0',0,'1744895055',NULL,NULL,'none',NULL,0,'sent','',0,NULL,0,NULL),
(84,'6145033450','جواد قاضی','Gavad112288','0',0,'1747320966',NULL,NULL,'none',NULL,0,'sent','',0,NULL,0,NULL),
(85,'5783781991','Sara',' ندارد ','0',0,'1747330317',NULL,NULL,'none',NULL,0,'sent','',0,NULL,0,'{\"count\":1,\"date\":1747330395}'),
(86,'7474344243','ااااااا',' ندارد ','0',0,'1748337137',NULL,NULL,'none',NULL,0,'sent','',0,NULL,0,'{\"count\":2,\"date\":1748337396}'),
(87,'263977430','زینب بی نیاز','biniyazzzzzzz','0',0,'1748679066',NULL,NULL,'payWithCartToCartmQZnuWQNC',NULL,0,'sent','',0,NULL,0,'{\"count\":3,\"date\":1748679341}'),
(92,'7884674225','امیر',' ندارد ','0',0,'1750018459',NULL,NULL,'payWithCartToCart2LNjGM3mh',NULL,0,'sent','',0,NULL,0,'{\"count\":2,\"date\":1751015879}'),
(88,'5454599742','C','wzclrxdh','0',0,'1748933098',NULL,NULL,'none',NULL,0,'sent','',0,NULL,0,NULL),
(91,'5337047753','علوی.دوخت برتر💙','Alavi_ali110','0',0,'1750013125',NULL,NULL,'none',NULL,0,'sent','',0,NULL,0,'{\"count\":4,\"date\":1751868859}'),
(89,'5606943482','M o h a m m a d','CancelEvent','0',0,'1749836453',NULL,NULL,'none',NULL,0,'sent','',0,NULL,0,'{\"count\":1,\"date\":1749836580}'),
(93,'6269995026','hsin',' ندارد ','0',0,'1750063433',NULL,NULL,'none',NULL,0,'sent','',0,NULL,0,'{\"count\":1,\"date\":1750063495}'),
(94,'7419389547','امیر',' ندارد ','0',0,'1750063596',NULL,NULL,'payWithCartToCart19vUPs94x',NULL,0,'sent','',0,NULL,0,'{\"count\":6,\"date\":1751015928}'),
(105,'189690504','هدی','Hoda13800','0',0,'1750939223',NULL,NULL,'none',NULL,0,NULL,NULL,0,NULL,0,'{\"count\":2,\"date\":1750939288}'),
(115,'1810121238','Hosein','hosseinkhosravi56','0',0,'1752097850',NULL,NULL,'none',NULL,0,'sent','',0,NULL,0,'{\"count\":1,\"date\":1752098070}'),
(95,'6804993812','✿⃟✾ٖٜٖٜ♡⃟ٖٜٖٜٖٜ♡ٖٜٖٜ 🇫 🇪 🇷 🇮 🇲 🇴 🇴 🇳 ♡⃟ٖٜٖٜٖٜ♡ٖٜٖٜ✾⃟✿','Ferri2020','0',0,'1750173515',NULL,NULL,'none',NULL,0,'sent','',0,NULL,0,'{\"count\":5,\"date\":1750873186}'),
(97,'201496211','Saeed a','saeed223','0',0,'1750252733',NULL,NULL,'none',NULL,0,'sent','',0,NULL,0,'{\"count\":6,\"date\":1750252793}'),
(96,'1325890941','‌Roya','Royaath','0',0,'1750239164',NULL,NULL,'none',NULL,0,'sent','',0,NULL,0,'{\"count\":2,\"date\":1750239577}'),
(98,'5484815172','M','mn596385','0',0,'1750600553',NULL,NULL,'showAccount',NULL,0,'sent','',0,NULL,0,'{\"count\":1,\"date\":1750600686}'),
(99,'1220675096','KIAN','Kian1387n','0',0,'1750601847',NULL,NULL,'none',NULL,0,'sent','',0,NULL,0,'{\"count\":4,\"date\":1750601907}'),
(100,'1167460740','samsungmobile','zargar9157','0',0,'1750615470',NULL,NULL,'none',NULL,0,'sent','',0,NULL,0,'{\"count\":3,\"date\":1750615530}'),
(101,'151387511','Mina','m67655','0',0,'1750621396',NULL,NULL,'none',NULL,0,'sent','',0,NULL,0,'{\"count\":1,\"date\":1750621456}'),
(102,'420412178','«*۰~Tahere‌~۰*»','Tahere3026','0',0,'1750627109',NULL,NULL,'none',NULL,0,'sent','',0,NULL,0,'{\"count\":6,\"date\":1750627232}'),
(104,'6609855905','امیر','Amir_x18000','0',0,'1750843966',NULL,NULL,'payWithCartToCartQSaI6rUww',NULL,0,'sent','',0,NULL,0,'{\"count\":7,\"date\":1750844094}'),
(106,'131181776','milad',' ندارد ','0',0,'1750956896',NULL,NULL,'none',NULL,0,'sent','',0,NULL,0,'{\"count\":11,\"date\":1752777259}'),
(107,'359603572','Ali.A',' ندارد ','0',0,'1751055641',NULL,NULL,'none',NULL,0,'sent','',0,NULL,0,'{\"count\":4,\"date\":1754636350}'),
(108,'7754340313','مرتضی',' ندارد ','0',0,'1751144408',NULL,NULL,'payWithCartToCartPzxoM8cir',NULL,0,'sent','',0,NULL,0,'{\"count\":9,\"date\":1751144834}'),
(112,'6151372239','ℳᝪℋᎯℳᎯⅅ','moommdm','0',0,'1751570387',NULL,NULL,'none',NULL,0,'sent','',0,NULL,0,'{\"count\":10,\"date\":1758300751}'),
(110,'6099007393','sadra NS',' ندارد ','0',0,'1751403875',NULL,NULL,'increaseWalletWithCartToCartJA7qwJVjP',NULL,0,'sent','',0,NULL,0,'{\"count\":5,\"date\":1752398387}'),
(109,'6953480127','..',' ندارد ','0',0,'1751283960',NULL,NULL,'banned',NULL,0,'sent','',0,NULL,0,'{\"count\":2,\"date\":1751284475}'),
(111,'7437954589','sadddra',' ندارد ','0',0,'1751493756',NULL,NULL,'showAccount',NULL,0,'sent','',0,NULL,0,'{\"count\":3,\"date\":1752398459}'),
(113,'8002236386','SEPIDE','Sepidezmrm','0',0,'1751720211',NULL,NULL,'none',NULL,0,'sent','',0,NULL,0,'{\"count\":1,\"date\":1751901994}'),
(114,'7916611868','Oh',' ندارد ','0',0,'1751885823',NULL,NULL,'none',NULL,0,'sent','',0,NULL,0,'{\"count\":6,\"date\":1753770065}'),
(116,'834602970','عرفان','shma1358','0',0,'1752186077',NULL,NULL,'none',NULL,0,'sent','{\n    \"id\": 18,\n    \"remark\": \"9xot5sah15\",\n    \"uuid\": \"3170c270-ba83-45ef-af8f-54179a2fabe0\"\n}',0,NULL,0,'{\"count\":1,\"date\":1752186337}'),
(117,'6551472576','-PARIYA-','Pariya_s_d','0',0,'1752268031',NULL,NULL,'none',NULL,0,'sent','',0,NULL,0,'{\"count\":3,\"date\":1752920543}'),
(118,'5982018241','𝑠𝑒𝑡𝑖','setimr','0',0,'1752274927',NULL,NULL,'showAccount',NULL,0,'sent','',0,NULL,0,'{\"count\":1,\"date\":1752278033}'),
(121,'7369066002','Shadow',' ندارد ','0',0,'1752926191',NULL,NULL,'none',NULL,0,'sent','',0,NULL,0,'{\"count\":7,\"date\":1755425259}'),
(128,'6335087881','Setayesh.Jelvizadeh','Soheiliii20','0',0,'1753904389',NULL,NULL,'none',NULL,0,'sent','',0,NULL,0,'{\"count\":2,\"date\":1753904449}'),
(120,'728469052','lone wolf',' ندارد ','0',0,'1752673769',NULL,NULL,'none',NULL,0,NULL,'',0,NULL,0,'{\"count\":8,\"date\":1752673947}'),
(119,'6037943349','درحال نوشتن...','sajjadm1387','0',0,'1752606023',NULL,NULL,'none',NULL,0,'sent','',0,NULL,0,'{\"count\":2,\"date\":1752606083}'),
(124,'7227309852','Gole','Gole_lale1','0',0,'1753723562',NULL,NULL,'none',NULL,0,'sent','',0,NULL,0,'{\"count\":2,\"date\":1753723622}'),
(122,'7981973457','baba','Babesanajo','0',0,'1753179785',NULL,NULL,'none',NULL,0,'sent','',0,NULL,0,'{\"count\":2,\"date\":1753179931}'),
(123,'7454536205',',,,,,,,','Sh_111112','0',0,'1753636526',NULL,NULL,'none',NULL,0,'sent','',0,NULL,0,'{\"count\":2,\"date\":1753636586}'),
(125,'975292742','#',' ندارد ','0',0,'1753778088',NULL,NULL,'none',NULL,0,'sent','',0,NULL,0,'{\"count\":7,\"date\":1753778148}'),
(126,'512526737','RaTeN','sha_130','0',0,'1753790705',NULL,NULL,'none',NULL,0,'sent','',0,NULL,0,'{\"count\":1,\"date\":1762420610}'),
(127,'1553277219','naser','naser_324666','0',0,'1753815452',NULL,NULL,'none',NULL,0,'sent','',0,NULL,0,'{\"count\":2,\"date\":1753815513}'),
(135,'6583248745','🦭',' ندارد ','0',0,'1755349532',NULL,NULL,'none',NULL,0,'sent','',0,NULL,0,'{\"count\":5,\"date\":1755349592}'),
(130,'69593502','Ali','ali_naseri8jewelry','0',0,'1754557393',NULL,NULL,'none',NULL,0,'sent','',0,NULL,0,'{\"count\":2,\"date\":1754557453}'),
(129,'5569887321','ＢẸĤᶰⓐ𝐌','behnamnik','0',0,'1754249117',NULL,NULL,'none',NULL,0,'sent','',0,NULL,0,'{\"count\":7,\"date\":1762699859}'),
(133,'639409363','𝓯𝓪𝓽𝓮𝓶𝓮𝓱',' ندارد ','0',0,'1755024253',NULL,NULL,'none',NULL,0,'sent','',0,NULL,0,'{\"count\":5,\"date\":1755024313}'),
(131,'7620478485','f...a','fa_fa_fa138577','0',0,'1754659587',NULL,NULL,'none',NULL,0,'sent','',0,NULL,0,'{\"count\":1,\"date\":1754659647}'),
(132,'8007349092','ftmh','Ftmhksh','0',0,'1754745110',NULL,NULL,'none',NULL,0,'sent','',0,NULL,0,'{\"count\":4,\"date\":1755626592}'),
(134,'61558673','Hamed','hamedakrami11','0',0,'1755166122',NULL,NULL,'none',NULL,0,'sent','',0,NULL,0,'{\"count\":2,\"date\":1755166367}'),
(136,'7961417575','کینگ VPN','King_VPN_Bof','0',0,'1755395668',NULL,NULL,'none',NULL,0,'sent','',0,NULL,0,'{\"count\":10,\"date\":1755395728}'),
(137,'8324916439','Shadow',' ندارد ','0',0,'1755431387',NULL,NULL,'none',NULL,0,'sent','',0,NULL,0,'{\"count\":5,\"date\":1756232515}'),
(138,'5901272234','Zohreh',' ندارد ','0',0,'1755636132',NULL,NULL,'none',NULL,0,'sent','',0,NULL,0,'{\"count\":3,\"date\":1756041174}'),
(139,'7194386096','....','A_ra_s','0',0,'1756823836',NULL,NULL,'none',NULL,0,'sent','',0,NULL,0,'{\"count\":7,\"date\":1756823980}'),
(140,'413263843','Behnam','DAGIGADMIN','0',0,'1757180022',NULL,NULL,'none',NULL,0,'sent','',0,NULL,0,NULL),
(141,'5746099034','Animator','Animator_Tarrah','0',0,'1757230187',NULL,NULL,'none',NULL,0,'sent','',0,NULL,0,'{\"count\":1,\"date\":1757230349}'),
(142,'6195745809','Ha','hamH1402','0',0,'1757270047',NULL,NULL,'none',NULL,0,'sent','',0,NULL,0,'{\"count\":1,\"date\":1757270113}'),
(144,'5910849322','Amir','mirhoseinHeydari','0',0,'1758252227',NULL,NULL,'none',NULL,0,'sent','',0,NULL,0,'{\"count\":2,\"date\":1758252351}'),
(143,'235265317','رضا','MReza5151','0',0,'1757454956',NULL,NULL,'none',NULL,0,'sent','{\n    \"id\": 18,\n    \"remark\": \"CIP-6812703261-81448\",\n    \"uuid\": \"803713d5-899a-4f3b-9c1b-056597a01382\"\n}',0,NULL,0,'{\"count\":2,\"date\":1757455030}'),
(145,'328148158','مهدی','HolyMen_58','0',0,'1758896361',NULL,NULL,'showAccount',NULL,0,'sent','',0,NULL,0,'{\"count\":4,\"date\":1758898123}'),
(150,'8201362231','M &quot; reza',' ندارد ','0',0,'1759758639',NULL,NULL,'none',NULL,0,'sent','',0,NULL,0,'{\"count\":1,\"date\":1759758705}'),
(146,'6836618114','Matin',' ندارد ','0',0,'1758974393',NULL,NULL,'none',NULL,0,'sent','',0,NULL,0,'{\"count\":1,\"date\":1758974463}'),
(147,'8423494622','Heather Holmes','kiranfk','0',0,'1759317688',NULL,NULL,'none',NULL,0,'sent','',0,NULL,0,'{\"count\":1,\"date\":1759435687}'),
(148,'7595511232','.',' ندارد ','0',0,'1759455818',NULL,NULL,'none',NULL,0,'sent','',0,NULL,0,'{\"count\":8,\"date\":1759455888}'),
(149,'7882391813','SIR×ＺＯＲＯ','Iamaboliw','0',0,'1759513568',NULL,NULL,'none',NULL,0,'sent','',0,NULL,0,'{\"count\":1,\"date\":1761923512}'),
(152,'7901515361','MEHRAN AMIRI',' ندارد ','0',19000,'1760555757',NULL,NULL,'none',NULL,0,'sent','',0,NULL,0,'{\"count\":4,\"date\":1760557615}'),
(151,'121094883','Fteme','Fatemekmm','0',0,'1760555604',NULL,NULL,'none',NULL,0,NULL,'',0,NULL,0,'{\"count\":1,\"date\":1761850479}'),
(153,'1881825803','𝑴𝒚𝒕𝒉*_^',' ندارد ','0',0,'1760619714',NULL,NULL,'none',NULL,0,'sent','',0,NULL,0,'{\"count\":3,\"date\":1760619774}'),
(154,'5962742241','akhzhol_a',' ندارد ','0',0,'1761250796',NULL,NULL,'none',NULL,0,'sent','',0,NULL,0,'{\"count\":1,\"date\":1761250856}'),
(160,'7108507021','𝐒𝐞𝐲𝐞𝐝𝐫𝐞𝐳𝐚','Seyedreza_051','0',0,'1762700622',NULL,NULL,'none',NULL,0,'sent','',0,NULL,0,'{\"count\":4,\"date\":1762700682}'),
(159,'7129955051','N',' ندارد ','0',0,'1762600691',NULL,NULL,'none',NULL,0,'sent','',0,NULL,0,'{\"count\":1,\"date\":1762600934}'),
(156,'1374725698','M13bin','M13bin_teach','0',0,'1761593641',NULL,NULL,'none',NULL,0,'sent','',0,NULL,0,'{\"count\":3,\"date\":1762621314}'),
(155,'256220947','🅕ᵃᴛᵉᴍᵉʜ','Ftme_montazeri','0',0,'1761464384',NULL,NULL,'none',NULL,0,'sent','',0,NULL,0,'{\"count\":1,\"date\":1761464444}'),
(157,'7480708577','Mahan','MahanDev','0',0,'1761836669',NULL,NULL,'none',NULL,0,'sent','',0,NULL,0,'{\"count\":1,\"date\":1761836729}'),
(158,'1068732821','God','maede_ghazi','0',0,'1762166311',NULL,NULL,'none',NULL,0,'sent','',0,NULL,0,'{\"count\":7,\"date\":1762502244}'),
(161,'742761532','Malih',' ندارد ','0',0,'1762960037',NULL,NULL,'none',NULL,0,'sent','',0,NULL,0,'{\"count\":2,\"date\":1762962682}');


